-- https://www.phpmyadmin.net/
--

START TRANSACTION;



--
-- Database: `students-database-collection`
--

-- --------------------------------------------------------

--
-- Table structure for table `address_word_no`
--

CREATE TABLE `address_word_no` (
  `id` int(11) NOT NULL,
  `word_no` varchar(100) NOT NULL
) ENGINE=InnoDB DEFAULT CHARSET=utf8mb4 COLLATE=utf8mb4_general_ci;

--
-- Dumping data for table `address_word_no`
--

INSERT INTO `address_word_no` (`id`, `word_no`) VALUES
(1, '1'),
(2, '2'),
(3, '3'),
(4, '4'),
(5, '5'),
(6, '6'),
(7, '7'),
(8, '8'),
(9, '9');

-- --------------------------------------------------------

--
-- Table structure for table `class_list`
--

CREATE TABLE `class_list` (
  `id` int(11) NOT NULL,
  `Class_Name` varchar(255) NOT NULL
) ENGINE=InnoDB DEFAULT CHARSET=utf8mb4 COLLATE=utf8mb4_general_ci;

--
-- Dumping data for table `class_list`
--

INSERT INTO `class_list` (`id`, `Class_Name`) VALUES
(1, 'একাদশ-দ্বাদশ'),
(2, 'স্নাতক (পাস)'),
(3, 'স্নাতক (সম্মান)');

-- --------------------------------------------------------

--
-- Table structure for table `department_list`
--

CREATE TABLE `department_list` (
  `id` int(11) NOT NULL,
  `Department_Name` varchar(255) NOT NULL,
  `class_id` int(11) NOT NULL
) ENGINE=InnoDB DEFAULT CHARSET=utf8mb4 COLLATE=utf8mb4_general_ci;

--
-- Dumping data for table `department_list`
--

INSERT INTO `department_list` (`id`, `Department_Name`, `class_id`) VALUES
(1, 'বিজ্ঞান', 1),
(2, 'ব্যবসায় শিক্ষা', 1),
(3, 'মানবিক', 1),
(4, 'বিএ', 2),
(5, 'বিএসএস', 2),
(6, 'বাংলা', 3),
(7, 'অর্থনীতি', 3),
(8, 'ইসলামের ইতিহাস ও সংস্কৃতি', 3),
(9, 'সমাজবিজ্ঞান', 3),
(10, 'রাষ্ট্রবিজ্ঞান', 3),
(11, 'হিসাববিজ্ঞান', 3);

-- --------------------------------------------------------

--
-- Table structure for table `session_list`
--

CREATE TABLE `session_list` (
  `id` int(11) NOT NULL,
  `Session_Name` varchar(255) NOT NULL
) ENGINE=InnoDB DEFAULT CHARSET=utf8mb4 COLLATE=utf8mb4_general_ci;

--
-- Dumping data for table `session_list`
--

INSERT INTO `session_list` (`id`, `Session_Name`) VALUES
(1, '2020-21'),
(2, '2021-22'),
(3, '2022-23'),
(4, '2023-24'),
(5, '2024-25'),
(6, '2025-26');

-- --------------------------------------------------------

--
-- Table structure for table `students_information_list`
--

CREATE TABLE `students_information_list` (
  `id` int(11) NOT NULL,
  `class_id` int(11) DEFAULT NULL,
  `department_id` int(11) DEFAULT NULL,
  `session_id` int(11) DEFAULT NULL,
  `class_roll` int(11) DEFAULT NULL,
  `Mandatory_Subject_code` varchar(500) DEFAULT NULL,
  `Group_wise_Subject_codes` varchar(500) DEFAULT NULL,
  `optional_subject_code` int(200) DEFAULT NULL,
  `student_name_bangla` varchar(255) DEFAULT NULL,
  `student_name_english` varchar(255) DEFAULT NULL,
  `father_name_bangla` varchar(255) DEFAULT NULL,
  `mother_name_bangla` varchar(255) DEFAULT NULL,
  `gender` varchar(50) DEFAULT NULL,
  `blood_group` varchar(10) DEFAULT NULL,
  `nid_or_birth_no` int(17) DEFAULT NULL,
  `date_of_birth` date DEFAULT NULL,
  `religion` varchar(200) DEFAULT NULL COMMENT 'ধর্ম',
  `student_email` varchar(255) DEFAULT NULL,
  `guardian_type` varchar(50) DEFAULT NULL,
  `guardian_name` varchar(255) DEFAULT NULL,
  `guardian_mobile` varchar(15) DEFAULT NULL,
  `student_photo` varchar(255) DEFAULT NULL,
  `student_signature` varchar(255) NOT NULL,
  `zilla_id` int(11) DEFAULT NULL,
  `thana_id` int(11) DEFAULT NULL,
  `union_id` int(11) DEFAULT NULL,
  `ward_no` varchar(50) DEFAULT NULL,
  `village_name` varchar(255) DEFAULT NULL,
  `Recording_status` varchar(50) DEFAULT NULL,
  `Currection_status` varchar(100) DEFAULT NULL
) ENGINE=InnoDB DEFAULT CHARSET=utf8mb4 COLLATE=utf8mb4_general_ci;

--
-- Dumping data for table `students_information_list`
--

INSERT INTO `students_information_list` (`id`, `class_id`, `department_id`, `session_id`, `class_roll`, `Mandatory_Subject_code`, `Group_wise_Subject_codes`, `optional_subject_code`, `student_name_bangla`, `student_name_english`, `father_name_bangla`, `mother_name_bangla`, `gender`, `blood_group`, `nid_or_birth_no`, `date_of_birth`, `religion`, `student_email`, `guardian_type`, `guardian_name`, `guardian_mobile`, `student_photo`, `student_signature`, `zilla_id`, `thana_id`, `union_id`, `ward_no`, `village_name`, `Recording_status`, `Currection_status`) VALUES
(1, 1, 1, 6, 1, '101,102,107,108,275', NULL, NULL, NULL, NULL, NULL, NULL, NULL, NULL, NULL, NULL, NULL, NULL, NULL, NULL, NULL, 'uploads/Stu-img/1(1).jpg', '', NULL, NULL, NULL, NULL, NULL, NULL, ''),
(2, 1, 1, 6, 2, '101,102,107,108,275', NULL, NULL, NULL, NULL, NULL, NULL, NULL, NULL, NULL, NULL, NULL, NULL, NULL, NULL, NULL, 'uploads/Stu-img/2(1).jpg', '', NULL, NULL, NULL, NULL, NULL, NULL, ''),
(3, 1, 1, 6, 3, '101,102,107,108,275', NULL, NULL, NULL, NULL, NULL, NULL, NULL, NULL, NULL, NULL, NULL, NULL, NULL, NULL, NULL, 'uploads/Stu-img/3(1).jpg', '', NULL, NULL, NULL, NULL, NULL, NULL, ''),
(4, 1, 1, 6, 4, '101,102,107,108,275', NULL, NULL, NULL, NULL, NULL, NULL, NULL, NULL, NULL, NULL, NULL, NULL, NULL, NULL, NULL, 'uploads/Stu-img/4(1).jpg', '', NULL, NULL, NULL, NULL, NULL, NULL, ''),
(5, 1, 1, 6, 5, '101,102,107,108,275', NULL, NULL, NULL, NULL, NULL, NULL, NULL, NULL, NULL, NULL, NULL, NULL, NULL, NULL, NULL, 'uploads/Stu-img/5(1).jpg', '', NULL, NULL, NULL, NULL, NULL, NULL, ''),
(6, 1, 1, 6, 6, '101,102,107,108,275', NULL, NULL, NULL, NULL, NULL, NULL, NULL, NULL, NULL, NULL, NULL, NULL, NULL, NULL, NULL, 'uploads/Stu-img/6(1).jpg', '', NULL, NULL, NULL, NULL, NULL, NULL, ''),
(7, 1, 1, 6, 7, '101,102,107,108,275', NULL, NULL, NULL, NULL, NULL, NULL, NULL, NULL, NULL, NULL, NULL, NULL, NULL, NULL, NULL, 'uploads/Stu-img/7(1).jpg', '', NULL, NULL, NULL, NULL, NULL, NULL, ''),
(8, 1, 1, 6, 8, '101,102,107,108,275', NULL, NULL, NULL, NULL, NULL, NULL, NULL, NULL, NULL, NULL, NULL, NULL, NULL, NULL, NULL, 'uploads/Stu-img/8(1).jpg', '', NULL, NULL, NULL, NULL, NULL, NULL, ''),
(9, 1, 1, 6, 9, '101,102,107,108,275', NULL, NULL, NULL, NULL, NULL, NULL, NULL, NULL, NULL, NULL, NULL, NULL, NULL, NULL, NULL, 'uploads/Stu-img/9(1).jpg', '', NULL, NULL, NULL, NULL, NULL, NULL, ''),
(10, 1, 1, 6, 10, '101,102,107,108,275', NULL, NULL, NULL, NULL, NULL, NULL, NULL, NULL, NULL, NULL, NULL, NULL, NULL, NULL, NULL, 'uploads/Stu-img/10(1).jpg', '', NULL, NULL, NULL, NULL, NULL, NULL, ''),
(11, 1, 1, 6, 11, '101,102,107,108,275', NULL, NULL, NULL, NULL, NULL, NULL, NULL, NULL, NULL, NULL, NULL, NULL, NULL, NULL, NULL, 'uploads/Stu-img/11(1).jpg', '', NULL, NULL, NULL, NULL, NULL, NULL, ''),
(12, 1, 1, 6, 12, '101,102,107,108,275', NULL, NULL, NULL, NULL, NULL, NULL, NULL, NULL, NULL, NULL, NULL, NULL, NULL, NULL, NULL, 'uploads/Stu-img/12(1).jpg', '', NULL, NULL, NULL, NULL, NULL, NULL, ''),
(13, 1, 1, 6, 13, '101,102,107,108,275', NULL, NULL, NULL, NULL, NULL, NULL, NULL, NULL, NULL, NULL, NULL, NULL, NULL, NULL, NULL, 'uploads/Stu-img/13(1).jpg', '', NULL, NULL, NULL, NULL, NULL, NULL, ''),
(14, 1, 1, 6, 14, '101,102,107,108,275', NULL, NULL, NULL, NULL, NULL, NULL, NULL, NULL, NULL, NULL, NULL, NULL, NULL, NULL, NULL, 'uploads/Stu-img/14(1).jpg', '', NULL, NULL, NULL, NULL, NULL, NULL, ''),
(15, 1, 1, 6, 15, '101,102,107,108,275', NULL, NULL, NULL, NULL, NULL, NULL, NULL, NULL, NULL, NULL, NULL, NULL, NULL, NULL, NULL, 'uploads/Stu-img/15(1).jpg', '', NULL, NULL, NULL, NULL, NULL, NULL, ''),
(16, 1, 1, 6, 16, '101,102,107,108,275', NULL, NULL, NULL, NULL, NULL, NULL, NULL, NULL, NULL, NULL, NULL, NULL, NULL, NULL, NULL, 'uploads/Stu-img/16(1).jpg', '', NULL, NULL, NULL, NULL, NULL, NULL, ''),
(17, 1, 1, 6, 17, '101,102,107,108,275', NULL, NULL, NULL, NULL, NULL, NULL, NULL, NULL, NULL, NULL, NULL, NULL, NULL, NULL, NULL, 'uploads/Stu-img/17(1).jpg', '', NULL, NULL, NULL, NULL, NULL, NULL, ''),
(18, 1, 1, 6, 18, '101,102,107,108,275', NULL, NULL, NULL, NULL, NULL, NULL, NULL, NULL, NULL, NULL, NULL, NULL, NULL, NULL, NULL, 'uploads/Stu-img/18(1).jpg', '', NULL, NULL, NULL, NULL, NULL, NULL, ''),
(19, 1, 1, 6, 19, '101,102,107,108,275', NULL, NULL, NULL, NULL, NULL, NULL, NULL, NULL, NULL, NULL, NULL, NULL, NULL, NULL, NULL, 'uploads/Stu-img/19(1).jpg', '', NULL, NULL, NULL, NULL, NULL, NULL, ''),
(20, 1, 1, 6, 20, '101,102,107,108,275', NULL, NULL, NULL, NULL, NULL, NULL, NULL, NULL, NULL, NULL, NULL, NULL, NULL, NULL, NULL, 'uploads/Stu-img/20(1).jpg', '', NULL, NULL, NULL, NULL, NULL, NULL, ''),
(21, 1, 1, 6, 21, '101,102,107,108,275', NULL, NULL, NULL, NULL, NULL, NULL, NULL, NULL, NULL, NULL, NULL, NULL, NULL, NULL, NULL, 'uploads/Stu-img/21(1).jpg', '', NULL, NULL, NULL, NULL, NULL, NULL, ''),
(22, 1, 1, 6, 22, '101,102,107,108,275', NULL, NULL, NULL, NULL, NULL, NULL, NULL, NULL, NULL, NULL, NULL, NULL, NULL, NULL, NULL, 'uploads/Stu-img/22(1).jpg', '', NULL, NULL, NULL, NULL, NULL, NULL, ''),
(23, 1, 1, 6, 23, '101,102,107,108,275', NULL, NULL, NULL, NULL, NULL, NULL, NULL, NULL, NULL, NULL, NULL, NULL, NULL, NULL, NULL, 'uploads/Stu-img/23(1).jpg', '', NULL, NULL, NULL, NULL, NULL, NULL, ''),
(24, 1, 1, 6, 24, '101,102,107,108,275', NULL, NULL, NULL, NULL, NULL, NULL, NULL, NULL, NULL, NULL, NULL, NULL, NULL, NULL, NULL, 'uploads/Stu-img/24(1).jpg', '', NULL, NULL, NULL, NULL, NULL, NULL, ''),
(25, 1, 1, 6, 25, '101,102,107,108,275', NULL, NULL, NULL, NULL, NULL, NULL, NULL, NULL, NULL, NULL, NULL, NULL, NULL, NULL, NULL, 'uploads/Stu-img/25(1).jpg', '', NULL, NULL, NULL, NULL, NULL, NULL, ''),
(26, 1, 1, 6, 26, '101,102,107,108,275', NULL, NULL, NULL, NULL, NULL, NULL, NULL, NULL, NULL, NULL, NULL, NULL, NULL, NULL, NULL, 'uploads/Stu-img/26(1).jpg', '', NULL, NULL, NULL, NULL, NULL, NULL, ''),
(27, 1, 1, 6, 27, '101,102,107,108,275', NULL, NULL, NULL, NULL, NULL, NULL, NULL, NULL, NULL, NULL, NULL, NULL, NULL, NULL, NULL, 'uploads/Stu-img/27(1).jpg', '', NULL, NULL, NULL, NULL, NULL, NULL, ''),
(28, 1, 1, 6, 28, '101,102,107,108,275', NULL, NULL, NULL, NULL, NULL, NULL, NULL, NULL, NULL, NULL, NULL, NULL, NULL, NULL, NULL, 'uploads/Stu-img/28(1).jpg', '', NULL, NULL, NULL, NULL, NULL, NULL, ''),
(29, 1, 1, 6, 29, '101,102,107,108,275', NULL, NULL, NULL, NULL, NULL, NULL, NULL, NULL, NULL, NULL, NULL, NULL, NULL, NULL, NULL, 'uploads/Stu-img/29(1).jpg', '', NULL, NULL, NULL, NULL, NULL, NULL, ''),
(30, 1, 1, 6, 30, '101,102,107,108,275', NULL, NULL, NULL, NULL, NULL, NULL, NULL, NULL, NULL, NULL, NULL, NULL, NULL, NULL, NULL, 'uploads/Stu-img/30(1).jpg', '', NULL, NULL, NULL, NULL, NULL, NULL, ''),
(31, 1, 1, 6, 31, '101,102,107,108,275', NULL, NULL, NULL, NULL, NULL, NULL, NULL, NULL, NULL, NULL, NULL, NULL, NULL, NULL, NULL, 'uploads/Stu-img/31(1).jpg', '', NULL, NULL, NULL, NULL, NULL, NULL, ''),
(32, 1, 1, 6, 32, '101,102,107,108,275', NULL, NULL, NULL, NULL, NULL, NULL, NULL, NULL, NULL, NULL, NULL, NULL, NULL, NULL, NULL, 'uploads/Stu-img/32(1).jpg', '', NULL, NULL, NULL, NULL, NULL, NULL, ''),
(33, 1, 1, 6, 33, '101,102,107,108,275', NULL, NULL, NULL, NULL, NULL, NULL, NULL, NULL, NULL, NULL, NULL, NULL, NULL, NULL, NULL, 'uploads/Stu-img/33(1).jpg', '', NULL, NULL, NULL, NULL, NULL, NULL, ''),
(34, 1, 1, 6, 34, '101,102,107,108,275', NULL, NULL, NULL, NULL, NULL, NULL, NULL, NULL, NULL, NULL, NULL, NULL, NULL, NULL, NULL, 'uploads/Stu-img/34(1).jpg', '', NULL, NULL, NULL, NULL, NULL, NULL, ''),
(35, 1, 1, 6, 35, '101,102,107,108,275', NULL, NULL, NULL, NULL, NULL, NULL, NULL, NULL, NULL, NULL, NULL, NULL, NULL, NULL, NULL, 'uploads/Stu-img/35(1).jpg', '', NULL, NULL, NULL, NULL, NULL, NULL, ''),
(36, 1, 1, 6, 36, '101,102,107,108,275', NULL, NULL, NULL, NULL, NULL, NULL, NULL, NULL, NULL, NULL, NULL, NULL, NULL, NULL, NULL, 'uploads/Stu-img/36(1).jpg', '', NULL, NULL, NULL, NULL, NULL, NULL, ''),
(37, 1, 1, 6, 37, '101,102,107,108,275', NULL, NULL, NULL, NULL, NULL, NULL, NULL, NULL, NULL, NULL, NULL, NULL, NULL, NULL, NULL, 'uploads/Stu-img/37(1).jpg', '', NULL, NULL, NULL, NULL, NULL, NULL, ''),
(38, 1, 1, 6, 38, '101,102,107,108,275', NULL, NULL, NULL, NULL, NULL, NULL, NULL, NULL, NULL, NULL, NULL, NULL, NULL, NULL, NULL, 'uploads/Stu-img/38(1).jpg', '', NULL, NULL, NULL, NULL, NULL, NULL, ''),
(39, 1, 1, 6, 39, '101,102,107,108,275', NULL, NULL, NULL, NULL, NULL, NULL, NULL, NULL, NULL, NULL, NULL, NULL, NULL, NULL, NULL, 'uploads/Stu-img/39(1).jpg', '', NULL, NULL, NULL, NULL, NULL, NULL, ''),
(40, 1, 1, 6, 40, '101,102,107,108,275', NULL, NULL, NULL, NULL, NULL, NULL, NULL, NULL, NULL, NULL, NULL, NULL, NULL, NULL, NULL, 'uploads/Stu-img/40(1).jpg', '', NULL, NULL, NULL, NULL, NULL, NULL, ''),
(41, 1, 1, 6, 41, '101,102,107,108,275', NULL, NULL, NULL, NULL, NULL, NULL, NULL, NULL, NULL, NULL, NULL, NULL, NULL, NULL, NULL, 'uploads/Stu-img/41(1).jpg', '', NULL, NULL, NULL, NULL, NULL, NULL, ''),
(42, 1, 1, 6, 42, '101,102,107,108,275', NULL, NULL, NULL, NULL, NULL, NULL, NULL, NULL, NULL, NULL, NULL, NULL, NULL, NULL, NULL, 'uploads/Stu-img/42(1).jpg', '', NULL, NULL, NULL, NULL, NULL, NULL, ''),
(43, 1, 1, 6, 43, '101,102,107,108,275', NULL, NULL, NULL, NULL, NULL, NULL, NULL, NULL, NULL, NULL, NULL, NULL, NULL, NULL, NULL, 'uploads/Stu-img/43(1).jpg', '', NULL, NULL, NULL, NULL, NULL, NULL, ''),
(44, 1, 1, 6, 44, '101,102,107,108,275', NULL, NULL, NULL, NULL, NULL, NULL, NULL, NULL, NULL, NULL, NULL, NULL, NULL, NULL, NULL, 'uploads/Stu-img/44(1).jpg', '', NULL, NULL, NULL, NULL, NULL, NULL, ''),
(45, 1, 1, 6, 45, '101,102,107,108,275', NULL, NULL, NULL, NULL, NULL, NULL, NULL, NULL, NULL, NULL, NULL, NULL, NULL, NULL, NULL, 'uploads/Stu-img/45(1).jpg', '', NULL, NULL, NULL, NULL, NULL, NULL, ''),
(46, 1, 1, 6, 46, '101,102,107,108,275', NULL, NULL, NULL, NULL, NULL, NULL, NULL, NULL, NULL, NULL, NULL, NULL, NULL, NULL, NULL, 'uploads/Stu-img/46(1).jpg', '', NULL, NULL, NULL, NULL, NULL, NULL, ''),
(47, 1, 1, 6, 47, '101,102,107,108,275', NULL, NULL, NULL, NULL, NULL, NULL, NULL, NULL, NULL, NULL, NULL, NULL, NULL, NULL, NULL, 'uploads/Stu-img/47(1).jpg', '', NULL, NULL, NULL, NULL, NULL, NULL, ''),
(48, 1, 1, 6, 48, '101,102,107,108,275', NULL, NULL, NULL, NULL, NULL, NULL, NULL, NULL, NULL, NULL, NULL, NULL, NULL, NULL, NULL, 'uploads/Stu-img/48(1).jpg', '', NULL, NULL, NULL, NULL, NULL, NULL, ''),
(49, 1, 1, 6, 49, '101,102,107,108,275', NULL, NULL, NULL, NULL, NULL, NULL, NULL, NULL, NULL, NULL, NULL, NULL, NULL, NULL, NULL, 'uploads/Stu-img/49(1).jpg', '', NULL, NULL, NULL, NULL, NULL, NULL, ''),
(50, 1, 1, 6, 50, '101,102,107,108,275', NULL, NULL, NULL, NULL, NULL, NULL, NULL, NULL, NULL, NULL, NULL, NULL, NULL, NULL, NULL, 'uploads/Stu-img/50(1).jpg', '', NULL, NULL, NULL, NULL, NULL, NULL, ''),
(51, 1, 2, 6, 1, '', NULL, NULL, NULL, NULL, NULL, NULL, NULL, NULL, NULL, NULL, NULL, NULL, NULL, NULL, NULL, 'uploads/Stu-img/1(2).jpg', '', NULL, NULL, NULL, NULL, NULL, NULL, ''),
(52, 1, 2, 6, 2, '', NULL, NULL, NULL, NULL, NULL, NULL, NULL, NULL, NULL, NULL, NULL, NULL, NULL, NULL, NULL, 'uploads/Stu-img/2(2).jpg', '', NULL, NULL, NULL, NULL, NULL, NULL, ''),
(53, 1, 2, 6, 3, '', NULL, NULL, NULL, NULL, NULL, NULL, NULL, NULL, NULL, NULL, NULL, NULL, NULL, NULL, NULL, 'uploads/Stu-img/3(2).jpg', '', NULL, NULL, NULL, NULL, NULL, NULL, ''),
(54, 1, 2, 6, 4, '', NULL, NULL, NULL, NULL, NULL, NULL, NULL, NULL, NULL, NULL, NULL, NULL, NULL, NULL, NULL, 'uploads/Stu-img/4(2).jpg', '', NULL, NULL, NULL, NULL, NULL, NULL, ''),
(55, 1, 2, 6, 5, '', NULL, NULL, NULL, NULL, NULL, NULL, NULL, NULL, NULL, NULL, NULL, NULL, NULL, NULL, NULL, 'uploads/Stu-img/5(2).jpg', '', NULL, NULL, NULL, NULL, NULL, NULL, ''),
(56, 1, 2, 6, 6, '', NULL, NULL, NULL, NULL, NULL, NULL, NULL, NULL, NULL, NULL, NULL, NULL, NULL, NULL, NULL, 'uploads/Stu-img/6(2).jpg', '', NULL, NULL, NULL, NULL, NULL, NULL, ''),
(57, 1, 2, 6, 7, '', NULL, NULL, NULL, NULL, NULL, NULL, NULL, NULL, NULL, NULL, NULL, NULL, NULL, NULL, NULL, 'uploads/Stu-img/7(2).jpg', '', NULL, NULL, NULL, NULL, NULL, NULL, ''),
(58, 1, 2, 6, 8, '', NULL, NULL, NULL, NULL, NULL, NULL, NULL, NULL, NULL, NULL, NULL, NULL, NULL, NULL, NULL, 'uploads/Stu-img/8(2).jpg', '', NULL, NULL, NULL, NULL, NULL, NULL, ''),
(59, 1, 2, 6, 9, '', NULL, NULL, NULL, NULL, NULL, NULL, NULL, NULL, NULL, NULL, NULL, NULL, NULL, NULL, NULL, 'uploads/Stu-img/9(2).jpg', '', NULL, NULL, NULL, NULL, NULL, NULL, ''),
(60, 1, 2, 6, 10, '', NULL, NULL, NULL, NULL, NULL, NULL, NULL, NULL, NULL, NULL, NULL, NULL, NULL, NULL, NULL, 'uploads/Stu-img/10(2).jpg', '', NULL, NULL, NULL, NULL, NULL, NULL, ''),
(61, 1, 2, 6, 11, '', NULL, NULL, NULL, NULL, NULL, NULL, NULL, NULL, NULL, NULL, NULL, NULL, NULL, NULL, NULL, 'uploads/Stu-img/11(2).jpg', '', NULL, NULL, NULL, NULL, NULL, NULL, ''),
(62, 1, 2, 6, 12, '', NULL, NULL, NULL, NULL, NULL, NULL, NULL, NULL, NULL, NULL, NULL, NULL, NULL, NULL, NULL, 'uploads/Stu-img/12(2).jpg', '', NULL, NULL, NULL, NULL, NULL, NULL, ''),
(63, 1, 2, 6, 13, '', NULL, NULL, NULL, NULL, NULL, NULL, NULL, NULL, NULL, NULL, NULL, NULL, NULL, NULL, NULL, 'uploads/Stu-img/13(2).jpg', '', NULL, NULL, NULL, NULL, NULL, NULL, ''),
(64, 1, 2, 6, 14, '', NULL, NULL, NULL, NULL, NULL, NULL, NULL, NULL, NULL, NULL, NULL, NULL, NULL, NULL, NULL, 'uploads/Stu-img/14(2).jpg', '', NULL, NULL, NULL, NULL, NULL, NULL, ''),
(65, 1, 2, 6, 15, '', NULL, NULL, NULL, NULL, NULL, NULL, NULL, NULL, NULL, NULL, NULL, NULL, NULL, NULL, NULL, 'uploads/Stu-img/15(2).jpg', '', NULL, NULL, NULL, NULL, NULL, NULL, ''),
(66, 1, 2, 6, 16, '', NULL, NULL, NULL, NULL, NULL, NULL, NULL, NULL, NULL, NULL, NULL, NULL, NULL, NULL, NULL, 'uploads/Stu-img/16(2).jpg', '', NULL, NULL, NULL, NULL, NULL, NULL, ''),
(67, 1, 2, 6, 17, '', NULL, NULL, NULL, NULL, NULL, NULL, NULL, NULL, NULL, NULL, NULL, NULL, NULL, NULL, NULL, 'uploads/Stu-img/17(2).jpg', '', NULL, NULL, NULL, NULL, NULL, NULL, ''),
(68, 1, 2, 6, 18, '', NULL, NULL, NULL, NULL, NULL, NULL, NULL, NULL, NULL, NULL, NULL, NULL, NULL, NULL, NULL, 'uploads/Stu-img/18(2).jpg', '', NULL, NULL, NULL, NULL, NULL, NULL, ''),
(69, 1, 2, 6, 19, '', NULL, NULL, NULL, NULL, NULL, NULL, NULL, NULL, NULL, NULL, NULL, NULL, NULL, NULL, NULL, 'uploads/Stu-img/19(2).jpg', '', NULL, NULL, NULL, NULL, NULL, NULL, ''),
(70, 1, 2, 6, 20, '', NULL, NULL, NULL, NULL, NULL, NULL, NULL, NULL, NULL, NULL, NULL, NULL, NULL, NULL, NULL, 'uploads/Stu-img/20(2).jpg', '', NULL, NULL, NULL, NULL, NULL, NULL, ''),
(71, 1, 2, 6, 21, '', NULL, NULL, NULL, NULL, NULL, NULL, NULL, NULL, NULL, NULL, NULL, NULL, NULL, NULL, NULL, 'uploads/Stu-img/21(2).jpg', '', NULL, NULL, NULL, NULL, NULL, NULL, ''),
(72, 1, 2, 6, 22, '', NULL, NULL, NULL, NULL, NULL, NULL, NULL, NULL, NULL, NULL, NULL, NULL, NULL, NULL, NULL, 'uploads/Stu-img/22(2).jpg', '', NULL, NULL, NULL, NULL, NULL, NULL, ''),
(73, 1, 2, 6, 23, '', NULL, NULL, NULL, NULL, NULL, NULL, NULL, NULL, NULL, NULL, NULL, NULL, NULL, NULL, NULL, 'uploads/Stu-img/23(2).jpg', '', NULL, NULL, NULL, NULL, NULL, NULL, ''),
(74, 1, 2, 6, 24, '', NULL, NULL, NULL, NULL, NULL, NULL, NULL, NULL, NULL, NULL, NULL, NULL, NULL, NULL, NULL, 'uploads/Stu-img/24(2).jpg', '', NULL, NULL, NULL, NULL, NULL, NULL, ''),
(75, 1, 2, 6, 25, '', NULL, NULL, NULL, NULL, NULL, NULL, NULL, NULL, NULL, NULL, NULL, NULL, NULL, NULL, NULL, 'uploads/Stu-img/25(2).jpg', '', NULL, NULL, NULL, NULL, NULL, NULL, ''),
(76, 1, 2, 6, 26, '', NULL, NULL, NULL, NULL, NULL, NULL, NULL, NULL, NULL, NULL, NULL, NULL, NULL, NULL, NULL, 'uploads/Stu-img/26(2).jpg', '', NULL, NULL, NULL, NULL, NULL, NULL, ''),
(77, 1, 2, 6, 27, '', NULL, NULL, NULL, NULL, NULL, NULL, NULL, NULL, NULL, NULL, NULL, NULL, NULL, NULL, NULL, 'uploads/Stu-img/27(2).jpg', '', NULL, NULL, NULL, NULL, NULL, NULL, ''),
(78, 1, 2, 6, 28, '', NULL, NULL, NULL, NULL, NULL, NULL, NULL, NULL, NULL, NULL, NULL, NULL, NULL, NULL, NULL, 'uploads/Stu-img/28(2).jpg', '', NULL, NULL, NULL, NULL, NULL, NULL, ''),
(79, 1, 2, 6, 29, '', NULL, NULL, NULL, NULL, NULL, NULL, NULL, NULL, NULL, NULL, NULL, NULL, NULL, NULL, NULL, 'uploads/Stu-img/29(2).jpg', '', NULL, NULL, NULL, NULL, NULL, NULL, ''),
(80, 1, 2, 6, 30, '', NULL, NULL, NULL, NULL, NULL, NULL, NULL, NULL, NULL, NULL, NULL, NULL, NULL, NULL, NULL, 'uploads/Stu-img/30(2).jpg', '', NULL, NULL, NULL, NULL, NULL, NULL, ''),
(81, 1, 2, 6, 31, '', NULL, NULL, NULL, NULL, NULL, NULL, NULL, NULL, NULL, NULL, NULL, NULL, NULL, NULL, NULL, 'uploads/Stu-img/31(2).jpg', '', NULL, NULL, NULL, NULL, NULL, NULL, ''),
(82, 1, 2, 6, 32, '', NULL, NULL, NULL, NULL, NULL, NULL, NULL, NULL, NULL, NULL, NULL, NULL, NULL, NULL, NULL, 'uploads/Stu-img/32(2).jpg', '', NULL, NULL, NULL, NULL, NULL, NULL, ''),
(83, 1, 2, 6, 33, '', NULL, NULL, NULL, NULL, NULL, NULL, NULL, NULL, NULL, NULL, NULL, NULL, NULL, NULL, NULL, 'uploads/Stu-img/33(2).jpg', '', NULL, NULL, NULL, NULL, NULL, NULL, ''),
(84, 1, 2, 6, 34, '', NULL, NULL, NULL, NULL, NULL, NULL, NULL, NULL, NULL, NULL, NULL, NULL, NULL, NULL, NULL, 'uploads/Stu-img/34(2).jpg', '', NULL, NULL, NULL, NULL, NULL, NULL, ''),
(85, 1, 2, 6, 35, '', NULL, NULL, NULL, NULL, NULL, NULL, NULL, NULL, NULL, NULL, NULL, NULL, NULL, NULL, NULL, 'uploads/Stu-img/35(2).jpg', '', NULL, NULL, NULL, NULL, NULL, NULL, ''),
(86, 1, 2, 6, 36, '', NULL, NULL, NULL, NULL, NULL, NULL, NULL, NULL, NULL, NULL, NULL, NULL, NULL, NULL, NULL, 'uploads/Stu-img/36(2).jpg', '', NULL, NULL, NULL, NULL, NULL, NULL, ''),
(87, 1, 2, 6, 37, '', NULL, NULL, NULL, NULL, NULL, NULL, NULL, NULL, NULL, NULL, NULL, NULL, NULL, NULL, NULL, 'uploads/Stu-img/37(2).jpg', '', NULL, NULL, NULL, NULL, NULL, NULL, ''),
(88, 1, 2, 6, 38, '', NULL, NULL, NULL, NULL, NULL, NULL, NULL, NULL, NULL, NULL, NULL, NULL, NULL, NULL, NULL, 'uploads/Stu-img/38(2).jpg', '', NULL, NULL, NULL, NULL, NULL, NULL, ''),
(89, 1, 2, 6, 39, '', NULL, NULL, NULL, NULL, NULL, NULL, NULL, NULL, NULL, NULL, NULL, NULL, NULL, NULL, NULL, 'uploads/Stu-img/39(2).jpg', '', NULL, NULL, NULL, NULL, NULL, NULL, ''),
(90, 1, 2, 6, 40, '', NULL, NULL, NULL, NULL, NULL, NULL, NULL, NULL, NULL, NULL, NULL, NULL, NULL, NULL, NULL, 'uploads/Stu-img/40(2).jpg', '', NULL, NULL, NULL, NULL, NULL, NULL, ''),
(91, 1, 2, 6, 41, '', NULL, NULL, NULL, NULL, NULL, NULL, NULL, NULL, NULL, NULL, NULL, NULL, NULL, NULL, NULL, 'uploads/Stu-img/41(2).jpg', '', NULL, NULL, NULL, NULL, NULL, NULL, ''),
(92, 1, 2, 6, 42, '', NULL, NULL, NULL, NULL, NULL, NULL, NULL, NULL, NULL, NULL, NULL, NULL, NULL, NULL, NULL, 'uploads/Stu-img/42(2).jpg', '', NULL, NULL, NULL, NULL, NULL, NULL, ''),
(93, 1, 2, 6, 43, '', NULL, NULL, NULL, NULL, NULL, NULL, NULL, NULL, NULL, NULL, NULL, NULL, NULL, NULL, NULL, 'uploads/Stu-img/43(2).jpg', '', NULL, NULL, NULL, NULL, NULL, NULL, ''),
(94, 1, 2, 6, 44, '', NULL, NULL, NULL, NULL, NULL, NULL, NULL, NULL, NULL, NULL, NULL, NULL, NULL, NULL, NULL, 'uploads/Stu-img/44(2).jpg', '', NULL, NULL, NULL, NULL, NULL, NULL, ''),
(95, 1, 2, 6, 45, '', NULL, NULL, NULL, NULL, NULL, NULL, NULL, NULL, NULL, NULL, NULL, NULL, NULL, NULL, NULL, 'uploads/Stu-img/45(2).jpg', '', NULL, NULL, NULL, NULL, NULL, NULL, ''),
(96, 1, 2, 6, 46, '', NULL, NULL, NULL, NULL, NULL, NULL, NULL, NULL, NULL, NULL, NULL, NULL, NULL, NULL, NULL, 'uploads/Stu-img/46(2).jpg', '', NULL, NULL, NULL, NULL, NULL, NULL, ''),
(97, 1, 2, 6, 47, '', NULL, NULL, NULL, NULL, NULL, NULL, NULL, NULL, NULL, NULL, NULL, NULL, NULL, NULL, NULL, 'uploads/Stu-img/47(2).jpg', '', NULL, NULL, NULL, NULL, NULL, NULL, ''),
(98, 1, 2, 6, 48, '', NULL, NULL, NULL, NULL, NULL, NULL, NULL, NULL, NULL, NULL, NULL, NULL, NULL, NULL, NULL, 'uploads/Stu-img/48(2).jpg', '', NULL, NULL, NULL, NULL, NULL, NULL, ''),
(99, 1, 2, 6, 49, '', NULL, NULL, NULL, NULL, NULL, NULL, NULL, NULL, NULL, NULL, NULL, NULL, NULL, NULL, NULL, 'uploads/Stu-img/49(2).jpg', '', NULL, NULL, NULL, NULL, NULL, NULL, ''),
(100, 1, 2, 6, 50, '', NULL, NULL, NULL, NULL, NULL, NULL, NULL, NULL, NULL, NULL, NULL, NULL, NULL, NULL, NULL, 'uploads/Stu-img/50(2).jpg', '', NULL, NULL, NULL, NULL, NULL, NULL, ''),
(101, 1, 2, 6, 51, '', NULL, NULL, NULL, NULL, NULL, NULL, NULL, NULL, NULL, NULL, NULL, NULL, NULL, NULL, NULL, 'uploads/Stu-img/51(2).jpg', '', NULL, NULL, NULL, NULL, NULL, NULL, ''),
(102, 1, 2, 6, 52, '', NULL, NULL, NULL, NULL, NULL, NULL, NULL, NULL, NULL, NULL, NULL, NULL, NULL, NULL, NULL, 'uploads/Stu-img/52(2).jpg', '', NULL, NULL, NULL, NULL, NULL, NULL, ''),
(103, 1, 2, 6, 53, '', NULL, NULL, NULL, NULL, NULL, NULL, NULL, NULL, NULL, NULL, NULL, NULL, NULL, NULL, NULL, 'uploads/Stu-img/53(2).jpg', '', NULL, NULL, NULL, NULL, NULL, NULL, ''),
(104, 1, 2, 6, 54, '', NULL, NULL, NULL, NULL, NULL, NULL, NULL, NULL, NULL, NULL, NULL, NULL, NULL, NULL, NULL, 'uploads/Stu-img/54(2).jpg', '', NULL, NULL, NULL, NULL, NULL, NULL, ''),
(105, 1, 2, 6, 55, '', NULL, NULL, NULL, NULL, NULL, NULL, NULL, NULL, NULL, NULL, NULL, NULL, NULL, NULL, NULL, 'uploads/Stu-img/55(2).jpg', '', NULL, NULL, NULL, NULL, NULL, NULL, ''),
(106, 1, 2, 6, 56, '', NULL, NULL, NULL, NULL, NULL, NULL, NULL, NULL, NULL, NULL, NULL, NULL, NULL, NULL, NULL, 'uploads/Stu-img/56(2).jpg', '', NULL, NULL, NULL, NULL, NULL, NULL, ''),
(107, 1, 2, 6, 57, '', NULL, NULL, NULL, NULL, NULL, NULL, NULL, NULL, NULL, NULL, NULL, NULL, NULL, NULL, NULL, 'uploads/Stu-img/57(2).jpg', '', NULL, NULL, NULL, NULL, NULL, NULL, ''),
(108, 1, 2, 6, 58, '', NULL, NULL, NULL, NULL, NULL, NULL, NULL, NULL, NULL, NULL, NULL, NULL, NULL, NULL, NULL, 'uploads/Stu-img/58(2).jpg', '', NULL, NULL, NULL, NULL, NULL, NULL, ''),
(109, 1, 2, 6, 59, '', NULL, NULL, NULL, NULL, NULL, NULL, NULL, NULL, NULL, NULL, NULL, NULL, NULL, NULL, NULL, 'uploads/Stu-img/59(2).jpg', '', NULL, NULL, NULL, NULL, NULL, NULL, ''),
(110, 1, 2, 6, 60, '', NULL, NULL, NULL, NULL, NULL, NULL, NULL, NULL, NULL, NULL, NULL, NULL, NULL, NULL, NULL, 'uploads/Stu-img/60(2).jpg', '', NULL, NULL, NULL, NULL, NULL, NULL, ''),
(111, 1, 2, 6, 61, '', NULL, NULL, NULL, NULL, NULL, NULL, NULL, NULL, NULL, NULL, NULL, NULL, NULL, NULL, NULL, 'uploads/Stu-img/61(2).jpg', '', NULL, NULL, NULL, NULL, NULL, NULL, ''),
(112, 1, 2, 6, 62, '', NULL, NULL, NULL, NULL, NULL, NULL, NULL, NULL, NULL, NULL, NULL, NULL, NULL, NULL, NULL, 'uploads/Stu-img/62(2).jpg', '', NULL, NULL, NULL, NULL, NULL, NULL, ''),
(113, 1, 2, 6, 63, '', NULL, NULL, NULL, NULL, NULL, NULL, NULL, NULL, NULL, NULL, NULL, NULL, NULL, NULL, NULL, 'uploads/Stu-img/63(2).jpg', '', NULL, NULL, NULL, NULL, NULL, NULL, ''),
(114, 1, 2, 6, 64, '', NULL, NULL, NULL, NULL, NULL, NULL, NULL, NULL, NULL, NULL, NULL, NULL, NULL, NULL, NULL, 'uploads/Stu-img/64(2).jpg', '', NULL, NULL, NULL, NULL, NULL, NULL, ''),
(115, 1, 2, 6, 65, '', NULL, NULL, NULL, NULL, NULL, NULL, NULL, NULL, NULL, NULL, NULL, NULL, NULL, NULL, NULL, 'uploads/Stu-img/65(2).jpg', '', NULL, NULL, NULL, NULL, NULL, NULL, ''),
(116, 1, 2, 6, 66, '', NULL, NULL, NULL, NULL, NULL, NULL, NULL, NULL, NULL, NULL, NULL, NULL, NULL, NULL, NULL, 'uploads/Stu-img/66(2).jpg', '', NULL, NULL, NULL, NULL, NULL, NULL, ''),
(117, 1, 2, 6, 67, '', NULL, NULL, NULL, NULL, NULL, NULL, NULL, NULL, NULL, NULL, NULL, NULL, NULL, NULL, NULL, 'uploads/Stu-img/67(2).jpg', '', NULL, NULL, NULL, NULL, NULL, NULL, ''),
(118, 1, 2, 6, 68, '', NULL, NULL, NULL, NULL, NULL, NULL, NULL, NULL, NULL, NULL, NULL, NULL, NULL, NULL, NULL, 'uploads/Stu-img/68(2).jpg', '', NULL, NULL, NULL, NULL, NULL, NULL, ''),
(119, 1, 2, 6, 69, '', NULL, NULL, NULL, NULL, NULL, NULL, NULL, NULL, NULL, NULL, NULL, NULL, NULL, NULL, NULL, 'uploads/Stu-img/69(2).jpg', '', NULL, NULL, NULL, NULL, NULL, NULL, ''),
(120, 1, 2, 6, 70, '', NULL, NULL, NULL, NULL, NULL, NULL, NULL, NULL, NULL, NULL, NULL, NULL, NULL, NULL, NULL, 'uploads/Stu-img/70(2).jpg', '', NULL, NULL, NULL, NULL, NULL, NULL, ''),
(121, 1, 2, 6, 71, '', NULL, NULL, NULL, NULL, NULL, NULL, NULL, NULL, NULL, NULL, NULL, NULL, NULL, NULL, NULL, 'uploads/Stu-img/71(2).jpg', '', NULL, NULL, NULL, NULL, NULL, NULL, ''),
(122, 1, 2, 6, 72, '', NULL, NULL, NULL, NULL, NULL, NULL, NULL, NULL, NULL, NULL, NULL, NULL, NULL, NULL, NULL, 'uploads/Stu-img/72(2).jpg', '', NULL, NULL, NULL, NULL, NULL, NULL, ''),
(123, 1, 2, 6, 73, '', NULL, NULL, NULL, NULL, NULL, NULL, NULL, NULL, NULL, NULL, NULL, NULL, NULL, NULL, NULL, 'uploads/Stu-img/73(2).jpg', '', NULL, NULL, NULL, NULL, NULL, NULL, ''),
(124, 1, 2, 6, 74, '', NULL, NULL, NULL, NULL, NULL, NULL, NULL, NULL, NULL, NULL, NULL, NULL, NULL, NULL, NULL, 'uploads/Stu-img/74(2).jpg', '', NULL, NULL, NULL, NULL, NULL, NULL, ''),
(125, 1, 2, 6, 75, '', NULL, NULL, NULL, NULL, NULL, NULL, NULL, NULL, NULL, NULL, NULL, NULL, NULL, NULL, NULL, 'uploads/Stu-img/75(2).jpg', '', NULL, NULL, NULL, NULL, NULL, NULL, ''),
(126, 1, 2, 6, 76, '', NULL, NULL, NULL, NULL, NULL, NULL, NULL, NULL, NULL, NULL, NULL, NULL, NULL, NULL, NULL, 'uploads/Stu-img/76(2).jpg', '', NULL, NULL, NULL, NULL, NULL, NULL, ''),
(127, 1, 2, 6, 77, '', NULL, NULL, NULL, NULL, NULL, NULL, NULL, NULL, NULL, NULL, NULL, NULL, NULL, NULL, NULL, 'uploads/Stu-img/77(2).jpg', '', NULL, NULL, NULL, NULL, NULL, NULL, ''),
(128, 1, 2, 6, 78, '', NULL, NULL, NULL, NULL, NULL, NULL, NULL, NULL, NULL, NULL, NULL, NULL, NULL, NULL, NULL, 'uploads/Stu-img/78(2).jpg', '', NULL, NULL, NULL, NULL, NULL, NULL, ''),
(129, 1, 2, 6, 79, '', NULL, NULL, NULL, NULL, NULL, NULL, NULL, NULL, NULL, NULL, NULL, NULL, NULL, NULL, NULL, 'uploads/Stu-img/79(2).jpg', '', NULL, NULL, NULL, NULL, NULL, NULL, ''),
(130, 1, 2, 6, 80, '', NULL, NULL, NULL, NULL, NULL, NULL, NULL, NULL, NULL, NULL, NULL, NULL, NULL, NULL, NULL, 'uploads/Stu-img/80(2).jpg', '', NULL, NULL, NULL, NULL, NULL, NULL, ''),
(131, 1, 3, 6, 1, '', NULL, NULL, NULL, NULL, NULL, NULL, NULL, NULL, NULL, NULL, NULL, NULL, NULL, NULL, NULL, 'uploads/Stu-img/1(3).jpg', '', NULL, NULL, NULL, NULL, NULL, NULL, ''),
(132, 1, 3, 6, 2, '', NULL, NULL, NULL, NULL, NULL, NULL, NULL, NULL, NULL, NULL, NULL, NULL, NULL, NULL, NULL, 'uploads/Stu-img/2(3).jpg', '', NULL, NULL, NULL, NULL, NULL, NULL, ''),
(133, 1, 3, 6, 3, '', NULL, NULL, NULL, NULL, NULL, NULL, NULL, NULL, NULL, NULL, NULL, NULL, NULL, NULL, NULL, 'uploads/Stu-img/3(3).jpg', '', NULL, NULL, NULL, NULL, NULL, NULL, ''),
(134, 1, 3, 6, 4, '', NULL, NULL, NULL, NULL, NULL, NULL, NULL, NULL, NULL, NULL, NULL, NULL, NULL, NULL, NULL, 'uploads/Stu-img/4(3).jpg', '', NULL, NULL, NULL, NULL, NULL, NULL, ''),
(135, 1, 3, 6, 5, '', NULL, NULL, NULL, NULL, NULL, NULL, NULL, NULL, NULL, NULL, NULL, NULL, NULL, NULL, NULL, 'uploads/Stu-img/5(3).jpg', '', NULL, NULL, NULL, NULL, NULL, NULL, ''),
(136, 1, 3, 6, 6, '', NULL, NULL, NULL, NULL, NULL, NULL, NULL, NULL, NULL, NULL, NULL, NULL, NULL, NULL, NULL, 'uploads/Stu-img/6(3).jpg', '', NULL, NULL, NULL, NULL, NULL, NULL, ''),
(137, 1, 3, 6, 7, '', NULL, NULL, NULL, NULL, NULL, NULL, NULL, NULL, NULL, NULL, NULL, NULL, NULL, NULL, NULL, 'uploads/Stu-img/7(3).jpg', '', NULL, NULL, NULL, NULL, NULL, NULL, ''),
(138, 1, 3, 6, 8, '', NULL, NULL, NULL, NULL, NULL, NULL, NULL, NULL, NULL, NULL, NULL, NULL, NULL, NULL, NULL, 'uploads/Stu-img/8(3).jpg', '', NULL, NULL, NULL, NULL, NULL, NULL, ''),
(139, 1, 3, 6, 9, '', NULL, NULL, NULL, NULL, NULL, NULL, NULL, NULL, NULL, NULL, NULL, NULL, NULL, NULL, NULL, 'uploads/Stu-img/9(3).jpg', '', NULL, NULL, NULL, NULL, NULL, NULL, ''),
(140, 1, 3, 6, 10, '', NULL, NULL, NULL, NULL, NULL, NULL, NULL, NULL, NULL, NULL, NULL, NULL, NULL, NULL, NULL, 'uploads/Stu-img/10(3).jpg', '', NULL, NULL, NULL, NULL, NULL, NULL, ''),
(141, 1, 3, 6, 11, '', NULL, NULL, NULL, NULL, NULL, NULL, NULL, NULL, NULL, NULL, NULL, NULL, NULL, NULL, NULL, 'uploads/Stu-img/11(3).jpg', '', NULL, NULL, NULL, NULL, NULL, NULL, ''),
(142, 1, 3, 6, 12, '', NULL, NULL, NULL, NULL, NULL, NULL, NULL, NULL, NULL, NULL, NULL, NULL, NULL, NULL, NULL, 'uploads/Stu-img/12(3).jpg', '', NULL, NULL, NULL, NULL, NULL, NULL, ''),
(143, 1, 3, 6, 13, '', NULL, NULL, NULL, NULL, NULL, NULL, NULL, NULL, NULL, NULL, NULL, NULL, NULL, NULL, NULL, 'uploads/Stu-img/13(3).jpg', '', NULL, NULL, NULL, NULL, NULL, NULL, ''),
(144, 1, 3, 6, 14, '', NULL, NULL, NULL, NULL, NULL, NULL, NULL, NULL, NULL, NULL, NULL, NULL, NULL, NULL, NULL, 'uploads/Stu-img/14(3).jpg', '', NULL, NULL, NULL, NULL, NULL, NULL, ''),
(145, 1, 3, 6, 15, '', NULL, NULL, NULL, NULL, NULL, NULL, NULL, NULL, NULL, NULL, NULL, NULL, NULL, NULL, NULL, 'uploads/Stu-img/15(3).jpg', '', NULL, NULL, NULL, NULL, NULL, NULL, ''),
(146, 1, 3, 6, 16, '', NULL, NULL, NULL, NULL, NULL, NULL, NULL, NULL, NULL, NULL, NULL, NULL, NULL, NULL, NULL, 'uploads/Stu-img/16(3).jpg', '', NULL, NULL, NULL, NULL, NULL, NULL, ''),
(147, 1, 3, 6, 17, '', NULL, NULL, NULL, NULL, NULL, NULL, NULL, NULL, NULL, NULL, NULL, NULL, NULL, NULL, NULL, 'uploads/Stu-img/17(3).jpg', '', NULL, NULL, NULL, NULL, NULL, NULL, ''),
(148, 1, 3, 6, 18, '', NULL, NULL, NULL, NULL, NULL, NULL, NULL, NULL, NULL, NULL, NULL, NULL, NULL, NULL, NULL, 'uploads/Stu-img/18(3).jpg', '', NULL, NULL, NULL, NULL, NULL, NULL, ''),
(149, 1, 3, 6, 19, '', NULL, NULL, NULL, NULL, NULL, NULL, NULL, NULL, NULL, NULL, NULL, NULL, NULL, NULL, NULL, 'uploads/Stu-img/19(3).jpg', '', NULL, NULL, NULL, NULL, NULL, NULL, ''),
(150, 1, 3, 6, 20, '', NULL, NULL, NULL, NULL, NULL, NULL, NULL, NULL, NULL, NULL, NULL, NULL, NULL, NULL, NULL, 'uploads/Stu-img/20(3).jpg', '', NULL, NULL, NULL, NULL, NULL, NULL, ''),
(151, 1, 3, 6, 21, '', NULL, NULL, NULL, NULL, NULL, NULL, NULL, NULL, NULL, NULL, NULL, NULL, NULL, NULL, NULL, 'uploads/Stu-img/21(3).jpg', '', NULL, NULL, NULL, NULL, NULL, NULL, ''),
(152, 1, 3, 6, 22, '', NULL, NULL, NULL, NULL, NULL, NULL, NULL, NULL, NULL, NULL, NULL, NULL, NULL, NULL, NULL, 'uploads/Stu-img/22(3).jpg', '', NULL, NULL, NULL, NULL, NULL, NULL, ''),
(153, 1, 3, 6, 23, '', NULL, NULL, NULL, NULL, NULL, NULL, NULL, NULL, NULL, NULL, NULL, NULL, NULL, NULL, NULL, 'uploads/Stu-img/23(3).jpg', '', NULL, NULL, NULL, NULL, NULL, NULL, ''),
(154, 1, 3, 6, 24, '', NULL, NULL, NULL, NULL, NULL, NULL, NULL, NULL, NULL, NULL, NULL, NULL, NULL, NULL, NULL, 'uploads/Stu-img/24(3).jpg', '', NULL, NULL, NULL, NULL, NULL, NULL, ''),
(155, 1, 3, 6, 25, '', NULL, NULL, NULL, NULL, NULL, NULL, NULL, NULL, NULL, NULL, NULL, NULL, NULL, NULL, NULL, 'uploads/Stu-img/25(3).jpg', '', NULL, NULL, NULL, NULL, NULL, NULL, ''),
(156, 1, 3, 6, 26, '', NULL, NULL, NULL, NULL, NULL, NULL, NULL, NULL, NULL, NULL, NULL, NULL, NULL, NULL, NULL, 'uploads/Stu-img/26(3).jpg', '', NULL, NULL, NULL, NULL, NULL, NULL, ''),
(157, 1, 3, 6, 27, '', NULL, NULL, NULL, NULL, NULL, NULL, NULL, NULL, NULL, NULL, NULL, NULL, NULL, NULL, NULL, 'uploads/Stu-img/27(3).jpg', '', NULL, NULL, NULL, NULL, NULL, NULL, ''),
(158, 1, 3, 6, 28, '', NULL, NULL, NULL, NULL, NULL, NULL, NULL, NULL, NULL, NULL, NULL, NULL, NULL, NULL, NULL, 'uploads/Stu-img/28(3).jpg', '', NULL, NULL, NULL, NULL, NULL, NULL, ''),
(159, 1, 3, 6, 29, '', NULL, NULL, NULL, NULL, NULL, NULL, NULL, NULL, NULL, NULL, NULL, NULL, NULL, NULL, NULL, 'uploads/Stu-img/29(3).jpg', '', NULL, NULL, NULL, NULL, NULL, NULL, ''),
(160, 1, 3, 6, 30, '', NULL, NULL, NULL, NULL, NULL, NULL, NULL, NULL, NULL, NULL, NULL, NULL, NULL, NULL, NULL, 'uploads/Stu-img/30(3).jpg', '', NULL, NULL, NULL, NULL, NULL, NULL, ''),
(161, 1, 3, 6, 31, '', NULL, NULL, NULL, NULL, NULL, NULL, NULL, NULL, NULL, NULL, NULL, NULL, NULL, NULL, NULL, 'uploads/Stu-img/31(3).jpg', '', NULL, NULL, NULL, NULL, NULL, NULL, ''),
(162, 1, 3, 6, 32, '', NULL, NULL, NULL, NULL, NULL, NULL, NULL, NULL, NULL, NULL, NULL, NULL, NULL, NULL, NULL, 'uploads/Stu-img/32(3).jpg', '', NULL, NULL, NULL, NULL, NULL, NULL, ''),
(163, 1, 3, 6, 33, '', NULL, NULL, NULL, NULL, NULL, NULL, NULL, NULL, NULL, NULL, NULL, NULL, NULL, NULL, NULL, 'uploads/Stu-img/33(3).jpg', '', NULL, NULL, NULL, NULL, NULL, NULL, ''),
(164, 1, 3, 6, 34, '', NULL, NULL, NULL, NULL, NULL, NULL, NULL, NULL, NULL, NULL, NULL, NULL, NULL, NULL, NULL, 'uploads/Stu-img/34(3).jpg', '', NULL, NULL, NULL, NULL, NULL, NULL, ''),
(165, 1, 3, 6, 35, '', NULL, NULL, NULL, NULL, NULL, NULL, NULL, NULL, NULL, NULL, NULL, NULL, NULL, NULL, NULL, 'uploads/Stu-img/35(3).jpg', '', NULL, NULL, NULL, NULL, NULL, NULL, ''),
(166, 1, 3, 6, 36, '', NULL, NULL, NULL, NULL, NULL, NULL, NULL, NULL, NULL, NULL, NULL, NULL, NULL, NULL, NULL, 'uploads/Stu-img/36(3).jpg', '', NULL, NULL, NULL, NULL, NULL, NULL, ''),
(167, 1, 3, 6, 37, '', NULL, NULL, NULL, NULL, NULL, NULL, NULL, NULL, NULL, NULL, NULL, NULL, NULL, NULL, NULL, 'uploads/Stu-img/37(3).jpg', '', NULL, NULL, NULL, NULL, NULL, NULL, ''),
(168, 1, 3, 6, 38, '', NULL, NULL, NULL, NULL, NULL, NULL, NULL, NULL, NULL, NULL, NULL, NULL, NULL, NULL, NULL, 'uploads/Stu-img/38(3).jpg', '', NULL, NULL, NULL, NULL, NULL, NULL, ''),
(169, 1, 3, 6, 39, '', NULL, NULL, NULL, NULL, NULL, NULL, NULL, NULL, NULL, NULL, NULL, NULL, NULL, NULL, NULL, 'uploads/Stu-img/39(3).jpg', '', NULL, NULL, NULL, NULL, NULL, NULL, ''),
(170, 1, 3, 6, 40, '', NULL, NULL, NULL, NULL, NULL, NULL, NULL, NULL, NULL, NULL, NULL, NULL, NULL, NULL, NULL, 'uploads/Stu-img/40(3).jpg', '', NULL, NULL, NULL, NULL, NULL, NULL, ''),
(171, 1, 3, 6, 41, '', NULL, NULL, NULL, NULL, NULL, NULL, NULL, NULL, NULL, NULL, NULL, NULL, NULL, NULL, NULL, 'uploads/Stu-img/41(3).jpg', '', NULL, NULL, NULL, NULL, NULL, NULL, ''),
(172, 1, 3, 6, 42, '', NULL, NULL, NULL, NULL, NULL, NULL, NULL, NULL, NULL, NULL, NULL, NULL, NULL, NULL, NULL, 'uploads/Stu-img/42(3).jpg', '', NULL, NULL, NULL, NULL, NULL, NULL, ''),
(173, 1, 3, 6, 43, '', NULL, NULL, NULL, NULL, NULL, NULL, NULL, NULL, NULL, NULL, NULL, NULL, NULL, NULL, NULL, 'uploads/Stu-img/43(3).jpg', '', NULL, NULL, NULL, NULL, NULL, NULL, ''),
(174, 1, 3, 6, 44, '', NULL, NULL, NULL, NULL, NULL, NULL, NULL, NULL, NULL, NULL, NULL, NULL, NULL, NULL, NULL, 'uploads/Stu-img/44(3).jpg', '', NULL, NULL, NULL, NULL, NULL, NULL, ''),
(175, 1, 3, 6, 45, '', NULL, NULL, NULL, NULL, NULL, NULL, NULL, NULL, NULL, NULL, NULL, NULL, NULL, NULL, NULL, 'uploads/Stu-img/45(3).jpg', '', NULL, NULL, NULL, NULL, NULL, NULL, ''),
(176, 1, 3, 6, 46, '', NULL, NULL, NULL, NULL, NULL, NULL, NULL, NULL, NULL, NULL, NULL, NULL, NULL, NULL, NULL, 'uploads/Stu-img/46(3).jpg', '', NULL, NULL, NULL, NULL, NULL, NULL, ''),
(177, 1, 3, 6, 47, '', NULL, NULL, NULL, NULL, NULL, NULL, NULL, NULL, NULL, NULL, NULL, NULL, NULL, NULL, NULL, 'uploads/Stu-img/47(3).jpg', '', NULL, NULL, NULL, NULL, NULL, NULL, ''),
(178, 1, 3, 6, 48, '', NULL, NULL, NULL, NULL, NULL, NULL, NULL, NULL, NULL, NULL, NULL, NULL, NULL, NULL, NULL, 'uploads/Stu-img/48(3).jpg', '', NULL, NULL, NULL, NULL, NULL, NULL, ''),
(179, 1, 3, 6, 49, '', NULL, NULL, NULL, NULL, NULL, NULL, NULL, NULL, NULL, NULL, NULL, NULL, NULL, NULL, NULL, 'uploads/Stu-img/49(3).jpg', '', NULL, NULL, NULL, NULL, NULL, NULL, ''),
(180, 1, 3, 6, 50, '', NULL, NULL, NULL, NULL, NULL, NULL, NULL, NULL, NULL, NULL, NULL, NULL, NULL, NULL, NULL, 'uploads/Stu-img/50(3).jpg', '', NULL, NULL, NULL, NULL, NULL, NULL, ''),
(181, 1, 3, 6, 51, '', NULL, NULL, NULL, NULL, NULL, NULL, NULL, NULL, NULL, NULL, NULL, NULL, NULL, NULL, NULL, 'uploads/Stu-img/51(3).jpg', '', NULL, NULL, NULL, NULL, NULL, NULL, ''),
(182, 1, 3, 6, 52, '', NULL, NULL, NULL, NULL, NULL, NULL, NULL, NULL, NULL, NULL, NULL, NULL, NULL, NULL, NULL, 'uploads/Stu-img/52(3).jpg', '', NULL, NULL, NULL, NULL, NULL, NULL, ''),
(183, 1, 3, 6, 53, '', NULL, NULL, NULL, NULL, NULL, NULL, NULL, NULL, NULL, NULL, NULL, NULL, NULL, NULL, NULL, 'uploads/Stu-img/53(3).jpg', '', NULL, NULL, NULL, NULL, NULL, NULL, ''),
(184, 1, 3, 6, 54, '', NULL, NULL, NULL, NULL, NULL, NULL, NULL, NULL, NULL, NULL, NULL, NULL, NULL, NULL, NULL, 'uploads/Stu-img/54(3).jpg', '', NULL, NULL, NULL, NULL, NULL, NULL, ''),
(185, 1, 3, 6, 55, '', NULL, NULL, NULL, NULL, NULL, NULL, NULL, NULL, NULL, NULL, NULL, NULL, NULL, NULL, NULL, 'uploads/Stu-img/55(3).jpg', '', NULL, NULL, NULL, NULL, NULL, NULL, ''),
(186, 1, 3, 6, 56, '', NULL, NULL, NULL, NULL, NULL, NULL, NULL, NULL, NULL, NULL, NULL, NULL, NULL, NULL, NULL, 'uploads/Stu-img/56(3).jpg', '', NULL, NULL, NULL, NULL, NULL, NULL, ''),
(187, 1, 3, 6, 57, '', NULL, NULL, NULL, NULL, NULL, NULL, NULL, NULL, NULL, NULL, NULL, NULL, NULL, NULL, NULL, 'uploads/Stu-img/57(3).jpg', '', NULL, NULL, NULL, NULL, NULL, NULL, ''),
(188, 1, 3, 6, 58, '', NULL, NULL, NULL, NULL, NULL, NULL, NULL, NULL, NULL, NULL, NULL, NULL, NULL, NULL, NULL, 'uploads/Stu-img/58(3).jpg', '', NULL, NULL, NULL, NULL, NULL, NULL, ''),
(189, 1, 3, 6, 59, '', NULL, NULL, NULL, NULL, NULL, NULL, NULL, NULL, NULL, NULL, NULL, NULL, NULL, NULL, NULL, 'uploads/Stu-img/59(3).jpg', '', NULL, NULL, NULL, NULL, NULL, NULL, ''),
(190, 1, 3, 6, 60, '', NULL, NULL, NULL, NULL, NULL, NULL, NULL, NULL, NULL, NULL, NULL, NULL, NULL, NULL, NULL, 'uploads/Stu-img/60(3).jpg', '', NULL, NULL, NULL, NULL, NULL, NULL, ''),
(191, 1, 3, 6, 61, '', NULL, NULL, NULL, NULL, NULL, NULL, NULL, NULL, NULL, NULL, NULL, NULL, NULL, NULL, NULL, 'uploads/Stu-img/61(3).jpg', '', NULL, NULL, NULL, NULL, NULL, NULL, ''),
(192, 1, 3, 6, 62, '', NULL, NULL, NULL, NULL, NULL, NULL, NULL, NULL, NULL, NULL, NULL, NULL, NULL, NULL, NULL, 'uploads/Stu-img/62(3).jpg', '', NULL, NULL, NULL, NULL, NULL, NULL, ''),
(193, 1, 3, 6, 63, '', NULL, NULL, NULL, NULL, NULL, NULL, NULL, NULL, NULL, NULL, NULL, NULL, NULL, NULL, NULL, 'uploads/Stu-img/63(3).jpg', '', NULL, NULL, NULL, NULL, NULL, NULL, ''),
(194, 1, 3, 6, 64, '', NULL, NULL, NULL, NULL, NULL, NULL, NULL, NULL, NULL, NULL, NULL, NULL, NULL, NULL, NULL, 'uploads/Stu-img/64(3).jpg', '', NULL, NULL, NULL, NULL, NULL, NULL, ''),
(195, 1, 3, 6, 65, '', NULL, NULL, NULL, NULL, NULL, NULL, NULL, NULL, NULL, NULL, NULL, NULL, NULL, NULL, NULL, 'uploads/Stu-img/65(3).jpg', '', NULL, NULL, NULL, NULL, NULL, NULL, ''),
(196, 1, 3, 6, 66, '', NULL, NULL, NULL, NULL, NULL, NULL, NULL, NULL, NULL, NULL, NULL, NULL, NULL, NULL, NULL, 'uploads/Stu-img/66(3).jpg', '', NULL, NULL, NULL, NULL, NULL, NULL, ''),
(197, 1, 3, 6, 67, '', NULL, NULL, NULL, NULL, NULL, NULL, NULL, NULL, NULL, NULL, NULL, NULL, NULL, NULL, NULL, 'uploads/Stu-img/67(3).jpg', '', NULL, NULL, NULL, NULL, NULL, NULL, ''),
(198, 1, 3, 6, 68, '', NULL, NULL, NULL, NULL, NULL, NULL, NULL, NULL, NULL, NULL, NULL, NULL, NULL, NULL, NULL, 'uploads/Stu-img/68(3).jpg', '', NULL, NULL, NULL, NULL, NULL, NULL, ''),
(199, 1, 3, 6, 69, '', NULL, NULL, NULL, NULL, NULL, NULL, NULL, NULL, NULL, NULL, NULL, NULL, NULL, NULL, NULL, 'uploads/Stu-img/69(3).jpg', '', NULL, NULL, NULL, NULL, NULL, NULL, ''),
(200, 1, 3, 6, 70, '', NULL, NULL, NULL, NULL, NULL, NULL, NULL, NULL, NULL, NULL, NULL, NULL, NULL, NULL, NULL, 'uploads/Stu-img/70(3).jpg', '', NULL, NULL, NULL, NULL, NULL, NULL, ''),
(201, 1, 3, 6, 71, '', NULL, NULL, NULL, NULL, NULL, NULL, NULL, NULL, NULL, NULL, NULL, NULL, NULL, NULL, NULL, 'uploads/Stu-img/71(3).jpg', '', NULL, NULL, NULL, NULL, NULL, NULL, ''),
(202, 1, 3, 6, 72, '', NULL, NULL, NULL, NULL, NULL, NULL, NULL, NULL, NULL, NULL, NULL, NULL, NULL, NULL, NULL, 'uploads/Stu-img/72(3).jpg', '', NULL, NULL, NULL, NULL, NULL, NULL, ''),
(203, 1, 3, 6, 73, '', NULL, NULL, NULL, NULL, NULL, NULL, NULL, NULL, NULL, NULL, NULL, NULL, NULL, NULL, NULL, 'uploads/Stu-img/73(3).jpg', '', NULL, NULL, NULL, NULL, NULL, NULL, ''),
(204, 1, 3, 6, 74, '', NULL, NULL, NULL, NULL, NULL, NULL, NULL, NULL, NULL, NULL, NULL, NULL, NULL, NULL, NULL, 'uploads/Stu-img/74(3).jpg', '', NULL, NULL, NULL, NULL, NULL, NULL, ''),
(205, 1, 3, 6, 75, '', NULL, NULL, NULL, NULL, NULL, NULL, NULL, NULL, NULL, NULL, NULL, NULL, NULL, NULL, NULL, 'uploads/Stu-img/75(3).jpg', '', NULL, NULL, NULL, NULL, NULL, NULL, ''),
(206, 1, 3, 6, 76, '', NULL, NULL, NULL, NULL, NULL, NULL, NULL, NULL, NULL, NULL, NULL, NULL, NULL, NULL, NULL, 'uploads/Stu-img/76(3).jpg', '', NULL, NULL, NULL, NULL, NULL, NULL, ''),
(207, 1, 3, 6, 77, '', NULL, NULL, NULL, NULL, NULL, NULL, NULL, NULL, NULL, NULL, NULL, NULL, NULL, NULL, NULL, 'uploads/Stu-img/77(3).jpg', '', NULL, NULL, NULL, NULL, NULL, NULL, ''),
(208, 1, 3, 6, 78, '', NULL, NULL, NULL, NULL, NULL, NULL, NULL, NULL, NULL, NULL, NULL, NULL, NULL, NULL, NULL, 'uploads/Stu-img/78(3).jpg', '', NULL, NULL, NULL, NULL, NULL, NULL, ''),
(209, 1, 3, 6, 79, '', NULL, NULL, NULL, NULL, NULL, NULL, NULL, NULL, NULL, NULL, NULL, NULL, NULL, NULL, NULL, 'uploads/Stu-img/79(3).jpg', '', NULL, NULL, NULL, NULL, NULL, NULL, ''),
(210, 1, 3, 6, 80, '', NULL, NULL, NULL, NULL, NULL, NULL, NULL, NULL, NULL, NULL, NULL, NULL, NULL, NULL, NULL, 'uploads/Stu-img/80(3).jpg', '', NULL, NULL, NULL, NULL, NULL, NULL, ''),
(211, 1, 3, 6, 81, '', NULL, NULL, NULL, NULL, NULL, NULL, NULL, NULL, NULL, NULL, NULL, NULL, NULL, NULL, NULL, 'uploads/Stu-img/81(3).jpg', '', NULL, NULL, NULL, NULL, NULL, NULL, ''),
(212, 1, 3, 6, 82, '', NULL, NULL, NULL, NULL, NULL, NULL, NULL, NULL, NULL, NULL, NULL, NULL, NULL, NULL, NULL, 'uploads/Stu-img/82(3).jpg', '', NULL, NULL, NULL, NULL, NULL, NULL, ''),
(213, 1, 3, 6, 83, '', NULL, NULL, NULL, NULL, NULL, NULL, NULL, NULL, NULL, NULL, NULL, NULL, NULL, NULL, NULL, 'uploads/Stu-img/83(3).jpg', '', NULL, NULL, NULL, NULL, NULL, NULL, ''),
(214, 1, 3, 6, 84, '', NULL, NULL, NULL, NULL, NULL, NULL, NULL, NULL, NULL, NULL, NULL, NULL, NULL, NULL, NULL, 'uploads/Stu-img/84(3).jpg', '', NULL, NULL, NULL, NULL, NULL, NULL, ''),
(215, 1, 3, 6, 85, '', NULL, NULL, NULL, NULL, NULL, NULL, NULL, NULL, NULL, NULL, NULL, NULL, NULL, NULL, NULL, 'uploads/Stu-img/85(3).jpg', '', NULL, NULL, NULL, NULL, NULL, NULL, ''),
(216, 1, 3, 6, 86, '', NULL, NULL, NULL, NULL, NULL, NULL, NULL, NULL, NULL, NULL, NULL, NULL, NULL, NULL, NULL, 'uploads/Stu-img/86(3).jpg', '', NULL, NULL, NULL, NULL, NULL, NULL, ''),
(217, 1, 3, 6, 87, '', NULL, NULL, NULL, NULL, NULL, NULL, NULL, NULL, NULL, NULL, NULL, NULL, NULL, NULL, NULL, 'uploads/Stu-img/87(3).jpg', '', NULL, NULL, NULL, NULL, NULL, NULL, ''),
(218, 1, 3, 6, 88, '', NULL, NULL, NULL, NULL, NULL, NULL, NULL, NULL, NULL, NULL, NULL, NULL, NULL, NULL, NULL, 'uploads/Stu-img/88(3).jpg', '', NULL, NULL, NULL, NULL, NULL, NULL, ''),
(219, 1, 3, 6, 89, '', NULL, NULL, NULL, NULL, NULL, NULL, NULL, NULL, NULL, NULL, NULL, NULL, NULL, NULL, NULL, 'uploads/Stu-img/89(3).jpg', '', NULL, NULL, NULL, NULL, NULL, NULL, ''),
(220, 1, 3, 6, 90, '', NULL, NULL, NULL, NULL, NULL, NULL, NULL, NULL, NULL, NULL, NULL, NULL, NULL, NULL, NULL, 'uploads/Stu-img/90(3).jpg', '', NULL, NULL, NULL, NULL, NULL, NULL, ''),
(221, 1, 3, 6, 91, '', NULL, NULL, NULL, NULL, NULL, NULL, NULL, NULL, NULL, NULL, NULL, NULL, NULL, NULL, NULL, 'uploads/Stu-img/91(3).jpg', '', NULL, NULL, NULL, NULL, NULL, NULL, ''),
(222, 1, 3, 6, 92, '', NULL, NULL, NULL, NULL, NULL, NULL, NULL, NULL, NULL, NULL, NULL, NULL, NULL, NULL, NULL, 'uploads/Stu-img/92(3).jpg', '', NULL, NULL, NULL, NULL, NULL, NULL, ''),
(223, 1, 3, 6, 93, '', NULL, NULL, NULL, NULL, NULL, NULL, NULL, NULL, NULL, NULL, NULL, NULL, NULL, NULL, NULL, 'uploads/Stu-img/93(3).jpg', '', NULL, NULL, NULL, NULL, NULL, NULL, ''),
(224, 1, 3, 6, 94, '', NULL, NULL, NULL, NULL, NULL, NULL, NULL, NULL, NULL, NULL, NULL, NULL, NULL, NULL, NULL, 'uploads/Stu-img/94(3).jpg', '', NULL, NULL, NULL, NULL, NULL, NULL, ''),
(225, 1, 3, 6, 95, '', NULL, NULL, NULL, NULL, NULL, NULL, NULL, NULL, NULL, NULL, NULL, NULL, NULL, NULL, NULL, 'uploads/Stu-img/95(3).jpg', '', NULL, NULL, NULL, NULL, NULL, NULL, ''),
(226, 1, 3, 6, 96, '', NULL, NULL, NULL, NULL, NULL, NULL, NULL, NULL, NULL, NULL, NULL, NULL, NULL, NULL, NULL, 'uploads/Stu-img/96(3).jpg', '', NULL, NULL, NULL, NULL, NULL, NULL, ''),
(227, 1, 3, 6, 97, '', NULL, NULL, NULL, NULL, NULL, NULL, NULL, NULL, NULL, NULL, NULL, NULL, NULL, NULL, NULL, 'uploads/Stu-img/97(3).jpg', '', NULL, NULL, NULL, NULL, NULL, NULL, ''),
(228, 1, 3, 6, 98, '', NULL, NULL, NULL, NULL, NULL, NULL, NULL, NULL, NULL, NULL, NULL, NULL, NULL, NULL, NULL, 'uploads/Stu-img/98(3).jpg', '', NULL, NULL, NULL, NULL, NULL, NULL, ''),
(229, 1, 3, 6, 99, '', NULL, NULL, NULL, NULL, NULL, NULL, NULL, NULL, NULL, NULL, NULL, NULL, NULL, NULL, NULL, 'uploads/Stu-img/99(3).jpg', '', NULL, NULL, NULL, NULL, NULL, NULL, ''),
(230, 1, 3, 6, 100, '', NULL, NULL, NULL, NULL, NULL, NULL, NULL, NULL, NULL, NULL, NULL, NULL, NULL, NULL, NULL, 'uploads/Stu-img/100(3).jpg', '', NULL, NULL, NULL, NULL, NULL, NULL, ''),
(231, 1, 3, 6, 101, '', NULL, NULL, NULL, NULL, NULL, NULL, NULL, NULL, NULL, NULL, NULL, NULL, NULL, NULL, NULL, 'uploads/Stu-img/101(3).jpg', '', NULL, NULL, NULL, NULL, NULL, NULL, ''),
(232, 1, 3, 6, 102, '', NULL, NULL, NULL, NULL, NULL, NULL, NULL, NULL, NULL, NULL, NULL, NULL, NULL, NULL, NULL, 'uploads/Stu-img/102(3).jpg', '', NULL, NULL, NULL, NULL, NULL, NULL, ''),
(233, 1, 3, 6, 103, '', NULL, NULL, NULL, NULL, NULL, NULL, NULL, NULL, NULL, NULL, NULL, NULL, NULL, NULL, NULL, 'uploads/Stu-img/103(3).jpg', '', NULL, NULL, NULL, NULL, NULL, NULL, ''),
(234, 1, 3, 6, 104, '', NULL, NULL, NULL, NULL, NULL, NULL, NULL, NULL, NULL, NULL, NULL, NULL, NULL, NULL, NULL, 'uploads/Stu-img/104(3).jpg', '', NULL, NULL, NULL, NULL, NULL, NULL, ''),
(235, 1, 3, 6, 105, '', NULL, NULL, NULL, NULL, NULL, NULL, NULL, NULL, NULL, NULL, NULL, NULL, NULL, NULL, NULL, 'uploads/Stu-img/105(3).jpg', '', NULL, NULL, NULL, NULL, NULL, NULL, ''),
(236, 1, 3, 6, 106, '', NULL, NULL, NULL, NULL, NULL, NULL, NULL, NULL, NULL, NULL, NULL, NULL, NULL, NULL, NULL, 'uploads/Stu-img/106(3).jpg', '', NULL, NULL, NULL, NULL, NULL, NULL, ''),
(237, 1, 3, 6, 107, '', NULL, NULL, NULL, NULL, NULL, NULL, NULL, NULL, NULL, NULL, NULL, NULL, NULL, NULL, NULL, 'uploads/Stu-img/107(3).jpg', '', NULL, NULL, NULL, NULL, NULL, NULL, ''),
(238, 1, 3, 6, 108, '', NULL, NULL, NULL, NULL, NULL, NULL, NULL, NULL, NULL, NULL, NULL, NULL, NULL, NULL, NULL, 'uploads/Stu-img/108(3).jpg', '', NULL, NULL, NULL, NULL, NULL, NULL, ''),
(239, 1, 3, 6, 109, '', NULL, NULL, NULL, NULL, NULL, NULL, NULL, NULL, NULL, NULL, NULL, NULL, NULL, NULL, NULL, 'uploads/Stu-img/109(3).jpg', '', NULL, NULL, NULL, NULL, NULL, NULL, ''),
(240, 1, 3, 6, 110, '', NULL, NULL, NULL, NULL, NULL, NULL, NULL, NULL, NULL, NULL, NULL, NULL, NULL, NULL, NULL, 'uploads/Stu-img/110(3).jpg', '', NULL, NULL, NULL, NULL, NULL, NULL, ''),
(241, 1, 3, 6, 111, '', NULL, NULL, NULL, NULL, NULL, NULL, NULL, NULL, NULL, NULL, NULL, NULL, NULL, NULL, NULL, 'uploads/Stu-img/111(3).jpg', '', NULL, NULL, NULL, NULL, NULL, NULL, ''),
(242, 1, 3, 6, 112, '', NULL, NULL, NULL, NULL, NULL, NULL, NULL, NULL, NULL, NULL, NULL, NULL, NULL, NULL, NULL, 'uploads/Stu-img/112(3).jpg', '', NULL, NULL, NULL, NULL, NULL, NULL, ''),
(243, 1, 3, 6, 113, '', NULL, NULL, NULL, NULL, NULL, NULL, NULL, NULL, NULL, NULL, NULL, NULL, NULL, NULL, NULL, 'uploads/Stu-img/113(3).jpg', '', NULL, NULL, NULL, NULL, NULL, NULL, ''),
(244, 1, 3, 6, 114, '', NULL, NULL, NULL, NULL, NULL, NULL, NULL, NULL, NULL, NULL, NULL, NULL, NULL, NULL, NULL, 'uploads/Stu-img/114(3).jpg', '', NULL, NULL, NULL, NULL, NULL, NULL, ''),
(245, 1, 3, 6, 115, '', NULL, NULL, NULL, NULL, NULL, NULL, NULL, NULL, NULL, NULL, NULL, NULL, NULL, NULL, NULL, 'uploads/Stu-img/115(3).jpg', '', NULL, NULL, NULL, NULL, NULL, NULL, ''),
(246, 1, 3, 6, 116, '', NULL, NULL, NULL, NULL, NULL, NULL, NULL, NULL, NULL, NULL, NULL, NULL, NULL, NULL, NULL, 'uploads/Stu-img/116(3).jpg', '', NULL, NULL, NULL, NULL, NULL, NULL, ''),
(247, 1, 3, 6, 117, '', NULL, NULL, NULL, NULL, NULL, NULL, NULL, NULL, NULL, NULL, NULL, NULL, NULL, NULL, NULL, 'uploads/Stu-img/117(3).jpg', '', NULL, NULL, NULL, NULL, NULL, NULL, ''),
(248, 1, 3, 6, 118, '', NULL, NULL, NULL, NULL, NULL, NULL, NULL, NULL, NULL, NULL, NULL, NULL, NULL, NULL, NULL, 'uploads/Stu-img/118(3).jpg', '', NULL, NULL, NULL, NULL, NULL, NULL, ''),
(249, 1, 3, 6, 119, '', NULL, NULL, NULL, NULL, NULL, NULL, NULL, NULL, NULL, NULL, NULL, NULL, NULL, NULL, NULL, 'uploads/Stu-img/119(3).jpg', '', NULL, NULL, NULL, NULL, NULL, NULL, ''),
(250, 1, 3, 6, 120, '', NULL, NULL, NULL, NULL, NULL, NULL, NULL, NULL, NULL, NULL, NULL, NULL, NULL, NULL, NULL, 'uploads/Stu-img/120(3).jpg', '', NULL, NULL, NULL, NULL, NULL, NULL, ''),
(251, 1, 3, 6, 121, '', NULL, NULL, NULL, NULL, NULL, NULL, NULL, NULL, NULL, NULL, NULL, NULL, NULL, NULL, NULL, 'uploads/Stu-img/121(3).jpg', '', NULL, NULL, NULL, NULL, NULL, NULL, ''),
(252, 1, 3, 6, 122, '', NULL, NULL, NULL, NULL, NULL, NULL, NULL, NULL, NULL, NULL, NULL, NULL, NULL, NULL, NULL, 'uploads/Stu-img/122(3).jpg', '', NULL, NULL, NULL, NULL, NULL, NULL, ''),
(253, 1, 3, 6, 123, '', NULL, NULL, NULL, NULL, NULL, NULL, NULL, NULL, NULL, NULL, NULL, NULL, NULL, NULL, NULL, 'uploads/Stu-img/123(3).jpg', '', NULL, NULL, NULL, NULL, NULL, NULL, ''),
(254, 1, 3, 6, 124, '', NULL, NULL, NULL, NULL, NULL, NULL, NULL, NULL, NULL, NULL, NULL, NULL, NULL, NULL, NULL, 'uploads/Stu-img/124(3).jpg', '', NULL, NULL, NULL, NULL, NULL, NULL, ''),
(255, 1, 3, 6, 125, '', NULL, NULL, NULL, NULL, NULL, NULL, NULL, NULL, NULL, NULL, NULL, NULL, NULL, NULL, NULL, 'uploads/Stu-img/125(3).jpg', '', NULL, NULL, NULL, NULL, NULL, NULL, ''),
(256, 1, 3, 6, 126, '', NULL, NULL, NULL, NULL, NULL, NULL, NULL, NULL, NULL, NULL, NULL, NULL, NULL, NULL, NULL, 'uploads/Stu-img/126(3).jpg', '', NULL, NULL, NULL, NULL, NULL, NULL, ''),
(257, 1, 3, 6, 127, '', NULL, NULL, NULL, NULL, NULL, NULL, NULL, NULL, NULL, NULL, NULL, NULL, NULL, NULL, NULL, 'uploads/Stu-img/127(3).jpg', '', NULL, NULL, NULL, NULL, NULL, NULL, ''),
(258, 1, 3, 6, 128, '', NULL, NULL, NULL, NULL, NULL, NULL, NULL, NULL, NULL, NULL, NULL, NULL, NULL, NULL, NULL, 'uploads/Stu-img/128(3).jpg', '', NULL, NULL, NULL, NULL, NULL, NULL, ''),
(259, 1, 3, 6, 129, '', NULL, NULL, NULL, NULL, NULL, NULL, NULL, NULL, NULL, NULL, NULL, NULL, NULL, NULL, NULL, 'uploads/Stu-img/129(3).jpg', '', NULL, NULL, NULL, NULL, NULL, NULL, ''),
(260, 1, 3, 6, 130, '', NULL, NULL, NULL, NULL, NULL, NULL, NULL, NULL, NULL, NULL, NULL, NULL, NULL, NULL, NULL, 'uploads/Stu-img/130(3).jpg', '', NULL, NULL, NULL, NULL, NULL, NULL, ''),
(261, 1, 3, 6, 131, '', NULL, NULL, NULL, NULL, NULL, NULL, NULL, NULL, NULL, NULL, NULL, NULL, NULL, NULL, NULL, 'uploads/Stu-img/131(3).jpg', '', NULL, NULL, NULL, NULL, NULL, NULL, ''),
(262, 1, 3, 6, 132, '', NULL, NULL, NULL, NULL, NULL, NULL, NULL, NULL, NULL, NULL, NULL, NULL, NULL, NULL, NULL, 'uploads/Stu-img/132(3).jpg', '', NULL, NULL, NULL, NULL, NULL, NULL, '');
INSERT INTO `students_information_list` (`id`, `class_id`, `department_id`, `session_id`, `class_roll`, `Mandatory_Subject_code`, `Group_wise_Subject_codes`, `optional_subject_code`, `student_name_bangla`, `student_name_english`, `father_name_bangla`, `mother_name_bangla`, `gender`, `blood_group`, `nid_or_birth_no`, `date_of_birth`, `religion`, `student_email`, `guardian_type`, `guardian_name`, `guardian_mobile`, `student_photo`, `student_signature`, `zilla_id`, `thana_id`, `union_id`, `ward_no`, `village_name`, `Recording_status`, `Currection_status`) VALUES
(263, 1, 3, 6, 133, '', NULL, NULL, NULL, NULL, NULL, NULL, NULL, NULL, NULL, NULL, NULL, NULL, NULL, NULL, NULL, 'uploads/Stu-img/133(3).jpg', '', NULL, NULL, NULL, NULL, NULL, NULL, ''),
(264, 1, 3, 6, 134, '', NULL, NULL, NULL, NULL, NULL, NULL, NULL, NULL, NULL, NULL, NULL, NULL, NULL, NULL, NULL, 'uploads/Stu-img/134(3).jpg', '', NULL, NULL, NULL, NULL, NULL, NULL, ''),
(265, 1, 3, 6, 135, '', NULL, NULL, NULL, NULL, NULL, NULL, NULL, NULL, NULL, NULL, NULL, NULL, NULL, NULL, NULL, 'uploads/Stu-img/135(3).jpg', '', NULL, NULL, NULL, NULL, NULL, NULL, ''),
(266, 1, 3, 6, 136, '', NULL, NULL, NULL, NULL, NULL, NULL, NULL, NULL, NULL, NULL, NULL, NULL, NULL, NULL, NULL, 'uploads/Stu-img/136(3).jpg', '', NULL, NULL, NULL, NULL, NULL, NULL, ''),
(267, 1, 3, 6, 137, '', NULL, NULL, NULL, NULL, NULL, NULL, NULL, NULL, NULL, NULL, NULL, NULL, NULL, NULL, NULL, 'uploads/Stu-img/137(3).jpg', '', NULL, NULL, NULL, NULL, NULL, NULL, ''),
(268, 1, 3, 6, 138, '', NULL, NULL, NULL, NULL, NULL, NULL, NULL, NULL, NULL, NULL, NULL, NULL, NULL, NULL, NULL, 'uploads/Stu-img/138(3).jpg', '', NULL, NULL, NULL, NULL, NULL, NULL, ''),
(269, 1, 3, 6, 139, '', NULL, NULL, NULL, NULL, NULL, NULL, NULL, NULL, NULL, NULL, NULL, NULL, NULL, NULL, NULL, 'uploads/Stu-img/139(3).jpg', '', NULL, NULL, NULL, NULL, NULL, NULL, ''),
(270, 1, 3, 6, 140, '', NULL, NULL, NULL, NULL, NULL, NULL, NULL, NULL, NULL, NULL, NULL, NULL, NULL, NULL, NULL, 'uploads/Stu-img/140(3).jpg', '', NULL, NULL, NULL, NULL, NULL, NULL, ''),
(271, 1, 3, 6, 141, '', NULL, NULL, NULL, NULL, NULL, NULL, NULL, NULL, NULL, NULL, NULL, NULL, NULL, NULL, NULL, 'uploads/Stu-img/141(3).jpg', '', NULL, NULL, NULL, NULL, NULL, NULL, ''),
(272, 1, 3, 6, 142, '', NULL, NULL, NULL, NULL, NULL, NULL, NULL, NULL, NULL, NULL, NULL, NULL, NULL, NULL, NULL, 'uploads/Stu-img/142(3).jpg', '', NULL, NULL, NULL, NULL, NULL, NULL, ''),
(273, 1, 3, 6, 143, '', NULL, NULL, NULL, NULL, NULL, NULL, NULL, NULL, NULL, NULL, NULL, NULL, NULL, NULL, NULL, 'uploads/Stu-img/143(3).jpg', '', NULL, NULL, NULL, NULL, NULL, NULL, ''),
(274, 1, 3, 6, 144, '', NULL, NULL, NULL, NULL, NULL, NULL, NULL, NULL, NULL, NULL, NULL, NULL, NULL, NULL, NULL, 'uploads/Stu-img/144(3).jpg', '', NULL, NULL, NULL, NULL, NULL, NULL, ''),
(275, 1, 3, 6, 145, '', NULL, NULL, NULL, NULL, NULL, NULL, NULL, NULL, NULL, NULL, NULL, NULL, NULL, NULL, NULL, 'uploads/Stu-img/145(3).jpg', '', NULL, NULL, NULL, NULL, NULL, NULL, ''),
(276, 1, 3, 6, 146, '', NULL, NULL, NULL, NULL, NULL, NULL, NULL, NULL, NULL, NULL, NULL, NULL, NULL, NULL, NULL, 'uploads/Stu-img/146(3).jpg', '', NULL, NULL, NULL, NULL, NULL, NULL, ''),
(277, 1, 3, 6, 147, '', NULL, NULL, NULL, NULL, NULL, NULL, NULL, NULL, NULL, NULL, NULL, NULL, NULL, NULL, NULL, 'uploads/Stu-img/147(3).jpg', '', NULL, NULL, NULL, NULL, NULL, NULL, ''),
(278, 1, 3, 6, 148, '', NULL, NULL, NULL, NULL, NULL, NULL, NULL, NULL, NULL, NULL, NULL, NULL, NULL, NULL, NULL, 'uploads/Stu-img/148(3).jpg', '', NULL, NULL, NULL, NULL, NULL, NULL, ''),
(279, 1, 3, 6, 149, '', NULL, NULL, NULL, NULL, NULL, NULL, NULL, NULL, NULL, NULL, NULL, NULL, NULL, NULL, NULL, 'uploads/Stu-img/149(3).jpg', '', NULL, NULL, NULL, NULL, NULL, NULL, ''),
(280, 1, 3, 6, 150, '', NULL, NULL, NULL, NULL, NULL, NULL, NULL, NULL, NULL, NULL, NULL, NULL, NULL, NULL, NULL, 'uploads/Stu-img/150(3).jpg', '', NULL, NULL, NULL, NULL, NULL, NULL, ''),
(281, 1, 3, 6, 151, '', NULL, NULL, NULL, NULL, NULL, NULL, NULL, NULL, NULL, NULL, NULL, NULL, NULL, NULL, NULL, 'uploads/Stu-img/151(3).jpg', '', NULL, NULL, NULL, NULL, NULL, NULL, ''),
(282, 1, 3, 6, 152, '', NULL, NULL, NULL, NULL, NULL, NULL, NULL, NULL, NULL, NULL, NULL, NULL, NULL, NULL, NULL, 'uploads/Stu-img/152(3).jpg', '', NULL, NULL, NULL, NULL, NULL, NULL, ''),
(283, 1, 3, 6, 153, '', NULL, NULL, NULL, NULL, NULL, NULL, NULL, NULL, NULL, NULL, NULL, NULL, NULL, NULL, NULL, 'uploads/Stu-img/153(3).jpg', '', NULL, NULL, NULL, NULL, NULL, NULL, ''),
(284, 1, 3, 6, 154, '', NULL, NULL, NULL, NULL, NULL, NULL, NULL, NULL, NULL, NULL, NULL, NULL, NULL, NULL, NULL, 'uploads/Stu-img/154(3).jpg', '', NULL, NULL, NULL, NULL, NULL, NULL, ''),
(285, 1, 3, 6, 155, '', NULL, NULL, NULL, NULL, NULL, NULL, NULL, NULL, NULL, NULL, NULL, NULL, NULL, NULL, NULL, 'uploads/Stu-img/155(3).jpg', '', NULL, NULL, NULL, NULL, NULL, NULL, ''),
(286, 1, 3, 6, 156, '', NULL, NULL, NULL, NULL, NULL, NULL, NULL, NULL, NULL, NULL, NULL, NULL, NULL, NULL, NULL, 'uploads/Stu-img/156(3).jpg', '', NULL, NULL, NULL, NULL, NULL, NULL, ''),
(287, 1, 3, 6, 157, '', NULL, NULL, NULL, NULL, NULL, NULL, NULL, NULL, NULL, NULL, NULL, NULL, NULL, NULL, NULL, 'uploads/Stu-img/157(3).jpg', '', NULL, NULL, NULL, NULL, NULL, NULL, ''),
(288, 1, 3, 6, 158, '', NULL, NULL, NULL, NULL, NULL, NULL, NULL, NULL, NULL, NULL, NULL, NULL, NULL, NULL, NULL, 'uploads/Stu-img/158(3).jpg', '', NULL, NULL, NULL, NULL, NULL, NULL, ''),
(289, 1, 3, 6, 159, '', NULL, NULL, NULL, NULL, NULL, NULL, NULL, NULL, NULL, NULL, NULL, NULL, NULL, NULL, NULL, 'uploads/Stu-img/159(3).jpg', '', NULL, NULL, NULL, NULL, NULL, NULL, ''),
(290, 1, 3, 6, 160, '', NULL, NULL, NULL, NULL, NULL, NULL, NULL, NULL, NULL, NULL, NULL, NULL, NULL, NULL, NULL, 'uploads/Stu-img/160(3).jpg', '', NULL, NULL, NULL, NULL, NULL, NULL, ''),
(291, 1, 3, 6, 161, '', NULL, NULL, NULL, NULL, NULL, NULL, NULL, NULL, NULL, NULL, NULL, NULL, NULL, NULL, NULL, 'uploads/Stu-img/161(3).jpg', '', NULL, NULL, NULL, NULL, NULL, NULL, ''),
(292, 1, 3, 6, 162, '', NULL, NULL, NULL, NULL, NULL, NULL, NULL, NULL, NULL, NULL, NULL, NULL, NULL, NULL, NULL, 'uploads/Stu-img/162(3).jpg', '', NULL, NULL, NULL, NULL, NULL, NULL, ''),
(293, 1, 3, 6, 163, '', NULL, NULL, NULL, NULL, NULL, NULL, NULL, NULL, NULL, NULL, NULL, NULL, NULL, NULL, NULL, 'uploads/Stu-img/163(3).jpg', '', NULL, NULL, NULL, NULL, NULL, NULL, ''),
(294, 1, 3, 6, 164, '', NULL, NULL, NULL, NULL, NULL, NULL, NULL, NULL, NULL, NULL, NULL, NULL, NULL, NULL, NULL, 'uploads/Stu-img/164(3).jpg', '', NULL, NULL, NULL, NULL, NULL, NULL, ''),
(295, 1, 3, 6, 165, '', NULL, NULL, NULL, NULL, NULL, NULL, NULL, NULL, NULL, NULL, NULL, NULL, NULL, NULL, NULL, 'uploads/Stu-img/165(3).jpg', '', NULL, NULL, NULL, NULL, NULL, NULL, ''),
(296, 1, 3, 6, 166, '', NULL, NULL, NULL, NULL, NULL, NULL, NULL, NULL, NULL, NULL, NULL, NULL, NULL, NULL, NULL, 'uploads/Stu-img/166(3).jpg', '', NULL, NULL, NULL, NULL, NULL, NULL, ''),
(297, 1, 3, 6, 167, '', NULL, NULL, NULL, NULL, NULL, NULL, NULL, NULL, NULL, NULL, NULL, NULL, NULL, NULL, NULL, 'uploads/Stu-img/167(3).jpg', '', NULL, NULL, NULL, NULL, NULL, NULL, ''),
(298, 1, 3, 6, 168, '', NULL, NULL, NULL, NULL, NULL, NULL, NULL, NULL, NULL, NULL, NULL, NULL, NULL, NULL, NULL, 'uploads/Stu-img/168(3).jpg', '', NULL, NULL, NULL, NULL, NULL, NULL, ''),
(299, 1, 3, 6, 169, '', NULL, NULL, NULL, NULL, NULL, NULL, NULL, NULL, NULL, NULL, NULL, NULL, NULL, NULL, NULL, 'uploads/Stu-img/169(3).jpg', '', NULL, NULL, NULL, NULL, NULL, NULL, ''),
(300, 1, 3, 6, 170, '', NULL, NULL, NULL, NULL, NULL, NULL, NULL, NULL, NULL, NULL, NULL, NULL, NULL, NULL, NULL, 'uploads/Stu-img/170(3).jpg', '', NULL, NULL, NULL, NULL, NULL, NULL, ''),
(301, 1, 3, 6, 171, '', NULL, NULL, NULL, NULL, NULL, NULL, NULL, NULL, NULL, NULL, NULL, NULL, NULL, NULL, NULL, 'uploads/Stu-img/171(3).jpg', '', NULL, NULL, NULL, NULL, NULL, NULL, ''),
(302, 1, 3, 6, 172, '', NULL, NULL, NULL, NULL, NULL, NULL, NULL, NULL, NULL, NULL, NULL, NULL, NULL, NULL, NULL, 'uploads/Stu-img/172(3).jpg', '', NULL, NULL, NULL, NULL, NULL, NULL, ''),
(303, 1, 3, 6, 173, '', NULL, NULL, NULL, NULL, NULL, NULL, NULL, NULL, NULL, NULL, NULL, NULL, NULL, NULL, NULL, 'uploads/Stu-img/173(3).jpg', '', NULL, NULL, NULL, NULL, NULL, NULL, ''),
(304, 1, 3, 6, 174, '', NULL, NULL, NULL, NULL, NULL, NULL, NULL, NULL, NULL, NULL, NULL, NULL, NULL, NULL, NULL, 'uploads/Stu-img/174(3).jpg', '', NULL, NULL, NULL, NULL, NULL, NULL, ''),
(305, 1, 3, 6, 175, '', NULL, NULL, NULL, NULL, NULL, NULL, NULL, NULL, NULL, NULL, NULL, NULL, NULL, NULL, NULL, 'uploads/Stu-img/175(3).jpg', '', NULL, NULL, NULL, NULL, NULL, NULL, ''),
(306, 1, 3, 6, 176, '', NULL, NULL, NULL, NULL, NULL, NULL, NULL, NULL, NULL, NULL, NULL, NULL, NULL, NULL, NULL, 'uploads/Stu-img/176(3).jpg', '', NULL, NULL, NULL, NULL, NULL, NULL, ''),
(307, 1, 3, 6, 177, '', NULL, NULL, NULL, NULL, NULL, NULL, NULL, NULL, NULL, NULL, NULL, NULL, NULL, NULL, NULL, 'uploads/Stu-img/177(3).jpg', '', NULL, NULL, NULL, NULL, NULL, NULL, ''),
(308, 1, 3, 6, 178, '', NULL, NULL, NULL, NULL, NULL, NULL, NULL, NULL, NULL, NULL, NULL, NULL, NULL, NULL, NULL, 'uploads/Stu-img/178(3).jpg', '', NULL, NULL, NULL, NULL, NULL, NULL, ''),
(309, 1, 3, 6, 179, '', NULL, NULL, NULL, NULL, NULL, NULL, NULL, NULL, NULL, NULL, NULL, NULL, NULL, NULL, NULL, 'uploads/Stu-img/179(3).jpg', '', NULL, NULL, NULL, NULL, NULL, NULL, ''),
(310, 1, 3, 6, 180, '', NULL, NULL, NULL, NULL, NULL, NULL, NULL, NULL, NULL, NULL, NULL, NULL, NULL, NULL, NULL, 'uploads/Stu-img/180(3).jpg', '', NULL, NULL, NULL, NULL, NULL, NULL, ''),
(311, 1, 3, 6, 181, '', NULL, NULL, NULL, NULL, NULL, NULL, NULL, NULL, NULL, NULL, NULL, NULL, NULL, NULL, NULL, 'uploads/Stu-img/181(3).jpg', '', NULL, NULL, NULL, NULL, NULL, NULL, ''),
(312, 1, 3, 6, 182, '', NULL, NULL, NULL, NULL, NULL, NULL, NULL, NULL, NULL, NULL, NULL, NULL, NULL, NULL, NULL, 'uploads/Stu-img/182(3).jpg', '', NULL, NULL, NULL, NULL, NULL, NULL, ''),
(313, 1, 3, 6, 183, '', NULL, NULL, NULL, NULL, NULL, NULL, NULL, NULL, NULL, NULL, NULL, NULL, NULL, NULL, NULL, 'uploads/Stu-img/183(3).jpg', '', NULL, NULL, NULL, NULL, NULL, NULL, ''),
(314, 1, 3, 6, 184, '', NULL, NULL, NULL, NULL, NULL, NULL, NULL, NULL, NULL, NULL, NULL, NULL, NULL, NULL, NULL, 'uploads/Stu-img/184(3).jpg', '', NULL, NULL, NULL, NULL, NULL, NULL, ''),
(315, 1, 3, 6, 185, '', NULL, NULL, NULL, NULL, NULL, NULL, NULL, NULL, NULL, NULL, NULL, NULL, NULL, NULL, NULL, 'uploads/Stu-img/185(3).jpg', '', NULL, NULL, NULL, NULL, NULL, NULL, ''),
(316, 1, 3, 6, 186, '', NULL, NULL, NULL, NULL, NULL, NULL, NULL, NULL, NULL, NULL, NULL, NULL, NULL, NULL, NULL, 'uploads/Stu-img/186(3).jpg', '', NULL, NULL, NULL, NULL, NULL, NULL, ''),
(317, 1, 3, 6, 187, '', NULL, NULL, NULL, NULL, NULL, NULL, NULL, NULL, NULL, NULL, NULL, NULL, NULL, NULL, NULL, 'uploads/Stu-img/187(3).jpg', '', NULL, NULL, NULL, NULL, NULL, NULL, ''),
(318, 1, 3, 6, 188, '', NULL, NULL, NULL, NULL, NULL, NULL, NULL, NULL, NULL, NULL, NULL, NULL, NULL, NULL, NULL, 'uploads/Stu-img/188(3).jpg', '', NULL, NULL, NULL, NULL, NULL, NULL, ''),
(319, 1, 3, 6, 189, '', NULL, NULL, NULL, NULL, NULL, NULL, NULL, NULL, NULL, NULL, NULL, NULL, NULL, NULL, NULL, 'uploads/Stu-img/189(3).jpg', '', NULL, NULL, NULL, NULL, NULL, NULL, ''),
(320, 1, 3, 6, 190, '', NULL, NULL, NULL, NULL, NULL, NULL, NULL, NULL, NULL, NULL, NULL, NULL, NULL, NULL, NULL, 'uploads/Stu-img/190(3).jpg', '', NULL, NULL, NULL, NULL, NULL, NULL, ''),
(321, 1, 3, 6, 191, '', NULL, NULL, NULL, NULL, NULL, NULL, NULL, NULL, NULL, NULL, NULL, NULL, NULL, NULL, NULL, 'uploads/Stu-img/191(3).jpg', '', NULL, NULL, NULL, NULL, NULL, NULL, ''),
(322, 1, 3, 6, 192, '', NULL, NULL, NULL, NULL, NULL, NULL, NULL, NULL, NULL, NULL, NULL, NULL, NULL, NULL, NULL, 'uploads/Stu-img/192(3).jpg', '', NULL, NULL, NULL, NULL, NULL, NULL, ''),
(323, 1, 3, 6, 193, '', NULL, NULL, NULL, NULL, NULL, NULL, NULL, NULL, NULL, NULL, NULL, NULL, NULL, NULL, NULL, 'uploads/Stu-img/193(3).jpg', '', NULL, NULL, NULL, NULL, NULL, NULL, ''),
(324, 1, 3, 6, 194, '', NULL, NULL, NULL, NULL, NULL, NULL, NULL, NULL, NULL, NULL, NULL, NULL, NULL, NULL, NULL, 'uploads/Stu-img/194(3).jpg', '', NULL, NULL, NULL, NULL, NULL, NULL, ''),
(325, 1, 3, 6, 195, '', NULL, NULL, NULL, NULL, NULL, NULL, NULL, NULL, NULL, NULL, NULL, NULL, NULL, NULL, NULL, 'uploads/Stu-img/195(3).jpg', '', NULL, NULL, NULL, NULL, NULL, NULL, ''),
(326, 1, 3, 6, 196, '', NULL, NULL, NULL, NULL, NULL, NULL, NULL, NULL, NULL, NULL, NULL, NULL, NULL, NULL, NULL, 'uploads/Stu-img/196(3).jpg', '', NULL, NULL, NULL, NULL, NULL, NULL, ''),
(327, 1, 3, 6, 197, '', NULL, NULL, NULL, NULL, NULL, NULL, NULL, NULL, NULL, NULL, NULL, NULL, NULL, NULL, NULL, 'uploads/Stu-img/197(3).jpg', '', NULL, NULL, NULL, NULL, NULL, NULL, ''),
(328, 1, 3, 6, 198, '', NULL, NULL, NULL, NULL, NULL, NULL, NULL, NULL, NULL, NULL, NULL, NULL, NULL, NULL, NULL, 'uploads/Stu-img/198(3).jpg', '', NULL, NULL, NULL, NULL, NULL, NULL, ''),
(329, 1, 3, 6, 199, '', NULL, NULL, NULL, NULL, NULL, NULL, NULL, NULL, NULL, NULL, NULL, NULL, NULL, NULL, NULL, 'uploads/Stu-img/199(3).jpg', '', NULL, NULL, NULL, NULL, NULL, NULL, ''),
(330, 1, 3, 6, 200, '', NULL, NULL, NULL, NULL, NULL, NULL, NULL, NULL, NULL, NULL, NULL, NULL, NULL, NULL, NULL, 'uploads/Stu-img/200(3).jpg', '', NULL, NULL, NULL, NULL, NULL, NULL, ''),
(331, 1, 3, 6, 201, '', NULL, NULL, NULL, NULL, NULL, NULL, NULL, NULL, NULL, NULL, NULL, NULL, NULL, NULL, NULL, 'uploads/Stu-img/201(3).jpg', '', NULL, NULL, NULL, NULL, NULL, NULL, ''),
(332, 1, 3, 6, 202, '', NULL, NULL, NULL, NULL, NULL, NULL, NULL, NULL, NULL, NULL, NULL, NULL, NULL, NULL, NULL, 'uploads/Stu-img/202(3).jpg', '', NULL, NULL, NULL, NULL, NULL, NULL, ''),
(333, 1, 3, 6, 203, '', NULL, NULL, NULL, NULL, NULL, NULL, NULL, NULL, NULL, NULL, NULL, NULL, NULL, NULL, NULL, 'uploads/Stu-img/203(3).jpg', '', NULL, NULL, NULL, NULL, NULL, NULL, ''),
(334, 1, 3, 6, 204, '', NULL, NULL, NULL, NULL, NULL, NULL, NULL, NULL, NULL, NULL, NULL, NULL, NULL, NULL, NULL, 'uploads/Stu-img/204(3).jpg', '', NULL, NULL, NULL, NULL, NULL, NULL, ''),
(335, 1, 3, 6, 205, '', NULL, NULL, NULL, NULL, NULL, NULL, NULL, NULL, NULL, NULL, NULL, NULL, NULL, NULL, NULL, 'uploads/Stu-img/205(3).jpg', '', NULL, NULL, NULL, NULL, NULL, NULL, ''),
(336, 1, 3, 6, 206, '', NULL, NULL, NULL, NULL, NULL, NULL, NULL, NULL, NULL, NULL, NULL, NULL, NULL, NULL, NULL, 'uploads/Stu-img/206(3).jpg', '', NULL, NULL, NULL, NULL, NULL, NULL, ''),
(337, 1, 3, 6, 207, '', NULL, NULL, NULL, NULL, NULL, NULL, NULL, NULL, NULL, NULL, NULL, NULL, NULL, NULL, NULL, 'uploads/Stu-img/207(3).jpg', '', NULL, NULL, NULL, NULL, NULL, NULL, ''),
(338, 1, 3, 6, 208, '', NULL, NULL, NULL, NULL, NULL, NULL, NULL, NULL, NULL, NULL, NULL, NULL, NULL, NULL, NULL, 'uploads/Stu-img/208(3).jpg', '', NULL, NULL, NULL, NULL, NULL, NULL, ''),
(339, 1, 3, 6, 209, '', NULL, NULL, NULL, NULL, NULL, NULL, NULL, NULL, NULL, NULL, NULL, NULL, NULL, NULL, NULL, 'uploads/Stu-img/209(3).jpg', '', NULL, NULL, NULL, NULL, NULL, NULL, ''),
(340, 1, 3, 6, 210, '', NULL, NULL, NULL, NULL, NULL, NULL, NULL, NULL, NULL, NULL, NULL, NULL, NULL, NULL, NULL, 'uploads/Stu-img/210(3).jpg', '', NULL, NULL, NULL, NULL, NULL, NULL, ''),
(341, 1, 3, 6, 211, '', NULL, NULL, NULL, NULL, NULL, NULL, NULL, NULL, NULL, NULL, NULL, NULL, NULL, NULL, NULL, 'uploads/Stu-img/211(3).jpg', '', NULL, NULL, NULL, NULL, NULL, NULL, ''),
(342, 1, 3, 6, 212, '', NULL, NULL, NULL, NULL, NULL, NULL, NULL, NULL, NULL, NULL, NULL, NULL, NULL, NULL, NULL, 'uploads/Stu-img/212(3).jpg', '', NULL, NULL, NULL, NULL, NULL, NULL, ''),
(343, 1, 3, 6, 213, '', NULL, NULL, NULL, NULL, NULL, NULL, NULL, NULL, NULL, NULL, NULL, NULL, NULL, NULL, NULL, 'uploads/Stu-img/213(3).jpg', '', NULL, NULL, NULL, NULL, NULL, NULL, ''),
(344, 1, 3, 6, 214, '', NULL, NULL, NULL, NULL, NULL, NULL, NULL, NULL, NULL, NULL, NULL, NULL, NULL, NULL, NULL, 'uploads/Stu-img/214(3).jpg', '', NULL, NULL, NULL, NULL, NULL, NULL, ''),
(345, 1, 3, 6, 215, '', NULL, NULL, NULL, NULL, NULL, NULL, NULL, NULL, NULL, NULL, NULL, NULL, NULL, NULL, NULL, 'uploads/Stu-img/215(3).jpg', '', NULL, NULL, NULL, NULL, NULL, NULL, ''),
(346, 1, 3, 6, 216, '', NULL, NULL, NULL, NULL, NULL, NULL, NULL, NULL, NULL, NULL, NULL, NULL, NULL, NULL, NULL, 'uploads/Stu-img/216(3).jpg', '', NULL, NULL, NULL, NULL, NULL, NULL, ''),
(347, 1, 3, 6, 217, '', NULL, NULL, NULL, NULL, NULL, NULL, NULL, NULL, NULL, NULL, NULL, NULL, NULL, NULL, NULL, 'uploads/Stu-img/217(3).jpg', '', NULL, NULL, NULL, NULL, NULL, NULL, ''),
(348, 1, 3, 6, 218, '', NULL, NULL, NULL, NULL, NULL, NULL, NULL, NULL, NULL, NULL, NULL, NULL, NULL, NULL, NULL, 'uploads/Stu-img/218(3).jpg', '', NULL, NULL, NULL, NULL, NULL, NULL, ''),
(349, 1, 3, 6, 219, '', NULL, NULL, NULL, NULL, NULL, NULL, NULL, NULL, NULL, NULL, NULL, NULL, NULL, NULL, NULL, 'uploads/Stu-img/219(3).jpg', '', NULL, NULL, NULL, NULL, NULL, NULL, ''),
(350, 1, 3, 6, 220, '', NULL, NULL, NULL, NULL, NULL, NULL, NULL, NULL, NULL, NULL, NULL, NULL, NULL, NULL, NULL, 'uploads/Stu-img/220(3).jpg', '', NULL, NULL, NULL, NULL, NULL, NULL, ''),
(351, 1, 3, 6, 221, '', NULL, NULL, NULL, NULL, NULL, NULL, NULL, NULL, NULL, NULL, NULL, NULL, NULL, NULL, NULL, 'uploads/Stu-img/221(3).jpg', '', NULL, NULL, NULL, NULL, NULL, NULL, ''),
(352, 1, 3, 6, 222, '', NULL, NULL, NULL, NULL, NULL, NULL, NULL, NULL, NULL, NULL, NULL, NULL, NULL, NULL, NULL, 'uploads/Stu-img/222(3).jpg', '', NULL, NULL, NULL, NULL, NULL, NULL, ''),
(353, 1, 3, 6, 223, '', NULL, NULL, NULL, NULL, NULL, NULL, NULL, NULL, NULL, NULL, NULL, NULL, NULL, NULL, NULL, 'uploads/Stu-img/223(3).jpg', '', NULL, NULL, NULL, NULL, NULL, NULL, ''),
(354, 1, 3, 6, 224, '', NULL, NULL, NULL, NULL, NULL, NULL, NULL, NULL, NULL, NULL, NULL, NULL, NULL, NULL, NULL, 'uploads/Stu-img/224(3).jpg', '', NULL, NULL, NULL, NULL, NULL, NULL, ''),
(355, 1, 3, 6, 225, '', NULL, NULL, NULL, NULL, NULL, NULL, NULL, NULL, NULL, NULL, NULL, NULL, NULL, NULL, NULL, 'uploads/Stu-img/225(3).jpg', '', NULL, NULL, NULL, NULL, NULL, NULL, ''),
(356, 1, 3, 6, 226, '', NULL, NULL, NULL, NULL, NULL, NULL, NULL, NULL, NULL, NULL, NULL, NULL, NULL, NULL, NULL, 'uploads/Stu-img/226(3).jpg', '', NULL, NULL, NULL, NULL, NULL, NULL, ''),
(357, 1, 3, 6, 227, '', NULL, NULL, NULL, NULL, NULL, NULL, NULL, NULL, NULL, NULL, NULL, NULL, NULL, NULL, NULL, 'uploads/Stu-img/227(3).jpg', '', NULL, NULL, NULL, NULL, NULL, NULL, ''),
(358, 1, 3, 6, 228, '', NULL, NULL, NULL, NULL, NULL, NULL, NULL, NULL, NULL, NULL, NULL, NULL, NULL, NULL, NULL, 'uploads/Stu-img/228(3).jpg', '', NULL, NULL, NULL, NULL, NULL, NULL, ''),
(359, 1, 3, 6, 229, '', NULL, NULL, NULL, NULL, NULL, NULL, NULL, NULL, NULL, NULL, NULL, NULL, NULL, NULL, NULL, 'uploads/Stu-img/229(3).jpg', '', NULL, NULL, NULL, NULL, NULL, NULL, ''),
(360, 1, 3, 6, 230, '', NULL, NULL, NULL, NULL, NULL, NULL, NULL, NULL, NULL, NULL, NULL, NULL, NULL, NULL, NULL, 'uploads/Stu-img/230(3).jpg', '', NULL, NULL, NULL, NULL, NULL, NULL, ''),
(361, 1, 3, 6, 231, '', NULL, NULL, NULL, NULL, NULL, NULL, NULL, NULL, NULL, NULL, NULL, NULL, NULL, NULL, NULL, 'uploads/Stu-img/231(3).jpg', '', NULL, NULL, NULL, NULL, NULL, NULL, ''),
(362, 1, 3, 6, 232, '', NULL, NULL, NULL, NULL, NULL, NULL, NULL, NULL, NULL, NULL, NULL, NULL, NULL, NULL, NULL, 'uploads/Stu-img/232(3).jpg', '', NULL, NULL, NULL, NULL, NULL, NULL, ''),
(363, 1, 3, 6, 233, '', NULL, NULL, NULL, NULL, NULL, NULL, NULL, NULL, NULL, NULL, NULL, NULL, NULL, NULL, NULL, 'uploads/Stu-img/233(3).jpg', '', NULL, NULL, NULL, NULL, NULL, NULL, ''),
(364, 1, 3, 6, 234, '', NULL, NULL, NULL, NULL, NULL, NULL, NULL, NULL, NULL, NULL, NULL, NULL, NULL, NULL, NULL, 'uploads/Stu-img/234(3).jpg', '', NULL, NULL, NULL, NULL, NULL, NULL, ''),
(365, 1, 3, 6, 235, '', NULL, NULL, NULL, NULL, NULL, NULL, NULL, NULL, NULL, NULL, NULL, NULL, NULL, NULL, NULL, 'uploads/Stu-img/235(3).jpg', '', NULL, NULL, NULL, NULL, NULL, NULL, ''),
(366, 1, 3, 6, 236, '', NULL, NULL, NULL, NULL, NULL, NULL, NULL, NULL, NULL, NULL, NULL, NULL, NULL, NULL, NULL, 'uploads/Stu-img/236(3).jpg', '', NULL, NULL, NULL, NULL, NULL, NULL, ''),
(367, 1, 3, 6, 237, '', NULL, NULL, NULL, NULL, NULL, NULL, NULL, NULL, NULL, NULL, NULL, NULL, NULL, NULL, NULL, 'uploads/Stu-img/237(3).jpg', '', NULL, NULL, NULL, NULL, NULL, NULL, ''),
(368, 1, 3, 6, 238, '', NULL, NULL, NULL, NULL, NULL, NULL, NULL, NULL, NULL, NULL, NULL, NULL, NULL, NULL, NULL, 'uploads/Stu-img/238(3).jpg', '', NULL, NULL, NULL, NULL, NULL, NULL, ''),
(369, 1, 3, 6, 239, '', NULL, NULL, NULL, NULL, NULL, NULL, NULL, NULL, NULL, NULL, NULL, NULL, NULL, NULL, NULL, 'uploads/Stu-img/239(3).jpg', '', NULL, NULL, NULL, NULL, NULL, NULL, ''),
(370, 1, 3, 6, 240, '', NULL, NULL, NULL, NULL, NULL, NULL, NULL, NULL, NULL, NULL, NULL, NULL, NULL, NULL, NULL, 'uploads/Stu-img/240(3).jpg', '', NULL, NULL, NULL, NULL, NULL, NULL, ''),
(371, 1, 3, 6, 241, '', NULL, NULL, NULL, NULL, NULL, NULL, NULL, NULL, NULL, NULL, NULL, NULL, NULL, NULL, NULL, 'uploads/Stu-img/241(3).jpg', '', NULL, NULL, NULL, NULL, NULL, NULL, ''),
(372, 1, 3, 6, 242, '', NULL, NULL, NULL, NULL, NULL, NULL, NULL, NULL, NULL, NULL, NULL, NULL, NULL, NULL, NULL, 'uploads/Stu-img/242(3).jpg', '', NULL, NULL, NULL, NULL, NULL, NULL, ''),
(373, 1, 3, 6, 243, '', NULL, NULL, NULL, NULL, NULL, NULL, NULL, NULL, NULL, NULL, NULL, NULL, NULL, NULL, NULL, 'uploads/Stu-img/243(3).jpg', '', NULL, NULL, NULL, NULL, NULL, NULL, ''),
(374, 1, 3, 6, 244, '', NULL, NULL, NULL, NULL, NULL, NULL, NULL, NULL, NULL, NULL, NULL, NULL, NULL, NULL, NULL, 'uploads/Stu-img/244(3).jpg', '', NULL, NULL, NULL, NULL, NULL, NULL, ''),
(375, 1, 3, 6, 245, '', NULL, NULL, NULL, NULL, NULL, NULL, NULL, NULL, NULL, NULL, NULL, NULL, NULL, NULL, NULL, 'uploads/Stu-img/245(3).jpg', '', NULL, NULL, NULL, NULL, NULL, NULL, ''),
(376, 1, 3, 6, 246, '', NULL, NULL, NULL, NULL, NULL, NULL, NULL, NULL, NULL, NULL, NULL, NULL, NULL, NULL, NULL, 'uploads/Stu-img/246(3).jpg', '', NULL, NULL, NULL, NULL, NULL, NULL, ''),
(377, 1, 3, 6, 247, '', NULL, NULL, NULL, NULL, NULL, NULL, NULL, NULL, NULL, NULL, NULL, NULL, NULL, NULL, NULL, 'uploads/Stu-img/247(3).jpg', '', NULL, NULL, NULL, NULL, NULL, NULL, ''),
(378, 1, 3, 6, 248, '', NULL, NULL, NULL, NULL, NULL, NULL, NULL, NULL, NULL, NULL, NULL, NULL, NULL, NULL, NULL, 'uploads/Stu-img/248(3).jpg', '', NULL, NULL, NULL, NULL, NULL, NULL, ''),
(379, 1, 3, 6, 249, '', NULL, NULL, NULL, NULL, NULL, NULL, NULL, NULL, NULL, NULL, NULL, NULL, NULL, NULL, NULL, 'uploads/Stu-img/249(3).jpg', '', NULL, NULL, NULL, NULL, NULL, NULL, ''),
(380, 1, 3, 6, 250, '', NULL, NULL, NULL, NULL, NULL, NULL, NULL, NULL, NULL, NULL, NULL, NULL, NULL, NULL, NULL, 'uploads/Stu-img/250(3).jpg', '', NULL, NULL, NULL, NULL, NULL, NULL, ''),
(381, 1, 3, 6, 251, '', NULL, NULL, NULL, NULL, NULL, NULL, NULL, NULL, NULL, NULL, NULL, NULL, NULL, NULL, NULL, 'uploads/Stu-img/251(3).jpg', '', NULL, NULL, NULL, NULL, NULL, NULL, ''),
(382, 1, 3, 6, 252, '', NULL, NULL, NULL, NULL, NULL, NULL, NULL, NULL, NULL, NULL, NULL, NULL, NULL, NULL, NULL, 'uploads/Stu-img/252(3).jpg', '', NULL, NULL, NULL, NULL, NULL, NULL, ''),
(383, 1, 3, 6, 253, '', NULL, NULL, NULL, NULL, NULL, NULL, NULL, NULL, NULL, NULL, NULL, NULL, NULL, NULL, NULL, 'uploads/Stu-img/253(3).jpg', '', NULL, NULL, NULL, NULL, NULL, NULL, ''),
(384, 1, 3, 6, 254, '', NULL, NULL, NULL, NULL, NULL, NULL, NULL, NULL, NULL, NULL, NULL, NULL, NULL, NULL, NULL, 'uploads/Stu-img/254(3).jpg', '', NULL, NULL, NULL, NULL, NULL, NULL, ''),
(385, 1, 3, 6, 255, '', NULL, NULL, NULL, NULL, NULL, NULL, NULL, NULL, NULL, NULL, NULL, NULL, NULL, NULL, NULL, 'uploads/Stu-img/255(3).jpg', '', NULL, NULL, NULL, NULL, NULL, NULL, ''),
(386, 1, 3, 6, 256, '', NULL, NULL, NULL, NULL, NULL, NULL, NULL, NULL, NULL, NULL, NULL, NULL, NULL, NULL, NULL, 'uploads/Stu-img/256(3).jpg', '', NULL, NULL, NULL, NULL, NULL, NULL, ''),
(387, 1, 3, 6, 257, '', NULL, NULL, NULL, NULL, NULL, NULL, NULL, NULL, NULL, NULL, NULL, NULL, NULL, NULL, NULL, 'uploads/Stu-img/257(3).jpg', '', NULL, NULL, NULL, NULL, NULL, NULL, ''),
(388, 1, 3, 6, 258, '', NULL, NULL, NULL, NULL, NULL, NULL, NULL, NULL, NULL, NULL, NULL, NULL, NULL, NULL, NULL, 'uploads/Stu-img/258(3).jpg', '', NULL, NULL, NULL, NULL, NULL, NULL, ''),
(389, 1, 3, 6, 259, '', NULL, NULL, NULL, NULL, NULL, NULL, NULL, NULL, NULL, NULL, NULL, NULL, NULL, NULL, NULL, 'uploads/Stu-img/259(3).jpg', '', NULL, NULL, NULL, NULL, NULL, NULL, ''),
(390, 1, 3, 6, 260, '', NULL, NULL, NULL, NULL, NULL, NULL, NULL, NULL, NULL, NULL, NULL, NULL, NULL, NULL, NULL, 'uploads/Stu-img/260(3).jpg', '', NULL, NULL, NULL, NULL, NULL, NULL, ''),
(391, 1, 3, 6, 261, '', NULL, NULL, NULL, NULL, NULL, NULL, NULL, NULL, NULL, NULL, NULL, NULL, NULL, NULL, NULL, 'uploads/Stu-img/261(3).jpg', '', NULL, NULL, NULL, NULL, NULL, NULL, ''),
(392, 1, 3, 6, 262, '', NULL, NULL, NULL, NULL, NULL, NULL, NULL, NULL, NULL, NULL, NULL, NULL, NULL, NULL, NULL, 'uploads/Stu-img/262(3).jpg', '', NULL, NULL, NULL, NULL, NULL, NULL, ''),
(393, 1, 3, 6, 263, '', NULL, NULL, NULL, NULL, NULL, NULL, NULL, NULL, NULL, NULL, NULL, NULL, NULL, NULL, NULL, 'uploads/Stu-img/263(3).jpg', '', NULL, NULL, NULL, NULL, NULL, NULL, ''),
(394, 1, 3, 6, 264, '', NULL, NULL, NULL, NULL, NULL, NULL, NULL, NULL, NULL, NULL, NULL, NULL, NULL, NULL, NULL, 'uploads/Stu-img/264(3).jpg', '', NULL, NULL, NULL, NULL, NULL, NULL, ''),
(395, 1, 3, 6, 265, '', NULL, NULL, NULL, NULL, NULL, NULL, NULL, NULL, NULL, NULL, NULL, NULL, NULL, NULL, NULL, 'uploads/Stu-img/265(3).jpg', '', NULL, NULL, NULL, NULL, NULL, NULL, ''),
(396, 1, 3, 6, 266, '', NULL, NULL, NULL, NULL, NULL, NULL, NULL, NULL, NULL, NULL, NULL, NULL, NULL, NULL, NULL, 'uploads/Stu-img/266(3).jpg', '', NULL, NULL, NULL, NULL, NULL, NULL, ''),
(397, 1, 3, 6, 267, '', NULL, NULL, NULL, NULL, NULL, NULL, NULL, NULL, NULL, NULL, NULL, NULL, NULL, NULL, NULL, 'uploads/Stu-img/267(3).jpg', '', NULL, NULL, NULL, NULL, NULL, NULL, ''),
(398, 1, 3, 6, 268, '', NULL, NULL, NULL, NULL, NULL, NULL, NULL, NULL, NULL, NULL, NULL, NULL, NULL, NULL, NULL, 'uploads/Stu-img/268(3).jpg', '', NULL, NULL, NULL, NULL, NULL, NULL, ''),
(399, 1, 3, 6, 269, '', NULL, NULL, NULL, NULL, NULL, NULL, NULL, NULL, NULL, NULL, NULL, NULL, NULL, NULL, NULL, 'uploads/Stu-img/269(3).jpg', '', NULL, NULL, NULL, NULL, NULL, NULL, ''),
(400, 1, 3, 6, 270, '', NULL, NULL, NULL, NULL, NULL, NULL, NULL, NULL, NULL, NULL, NULL, NULL, NULL, NULL, NULL, 'uploads/Stu-img/270(3).jpg', '', NULL, NULL, NULL, NULL, NULL, NULL, ''),
(401, 1, 3, 6, 271, '', NULL, NULL, NULL, NULL, NULL, NULL, NULL, NULL, NULL, NULL, NULL, NULL, NULL, NULL, NULL, 'uploads/Stu-img/271(3).jpg', '', NULL, NULL, NULL, NULL, NULL, NULL, ''),
(402, 1, 3, 6, 272, '', NULL, NULL, NULL, NULL, NULL, NULL, NULL, NULL, NULL, NULL, NULL, NULL, NULL, NULL, NULL, 'uploads/Stu-img/272(3).jpg', '', NULL, NULL, NULL, NULL, NULL, NULL, ''),
(403, 1, 3, 6, 273, '', NULL, NULL, NULL, NULL, NULL, NULL, NULL, NULL, NULL, NULL, NULL, NULL, NULL, NULL, NULL, 'uploads/Stu-img/273(3).jpg', '', NULL, NULL, NULL, NULL, NULL, NULL, ''),
(404, 1, 3, 6, 274, '', NULL, NULL, NULL, NULL, NULL, NULL, NULL, NULL, NULL, NULL, NULL, NULL, NULL, NULL, NULL, 'uploads/Stu-img/274(3).jpg', '', NULL, NULL, NULL, NULL, NULL, NULL, ''),
(405, 1, 3, 6, 275, '', NULL, NULL, NULL, NULL, NULL, NULL, NULL, NULL, NULL, NULL, NULL, NULL, NULL, NULL, NULL, 'uploads/Stu-img/275(3).jpg', '', NULL, NULL, NULL, NULL, NULL, NULL, ''),
(406, 1, 3, 6, 276, '', NULL, NULL, NULL, NULL, NULL, NULL, NULL, NULL, NULL, NULL, NULL, NULL, NULL, NULL, NULL, 'uploads/Stu-img/276(3).jpg', '', NULL, NULL, NULL, NULL, NULL, NULL, ''),
(407, 1, 3, 6, 277, '', NULL, NULL, NULL, NULL, NULL, NULL, NULL, NULL, NULL, NULL, NULL, NULL, NULL, NULL, NULL, 'uploads/Stu-img/277(3).jpg', '', NULL, NULL, NULL, NULL, NULL, NULL, ''),
(408, 1, 3, 6, 278, '', NULL, NULL, NULL, NULL, NULL, NULL, NULL, NULL, NULL, NULL, NULL, NULL, NULL, NULL, NULL, 'uploads/Stu-img/278(3).jpg', '', NULL, NULL, NULL, NULL, NULL, NULL, ''),
(409, 1, 3, 6, 279, '', NULL, NULL, NULL, NULL, NULL, NULL, NULL, NULL, NULL, NULL, NULL, NULL, NULL, NULL, NULL, 'uploads/Stu-img/279(3).jpg', '', NULL, NULL, NULL, NULL, NULL, NULL, ''),
(410, 1, 3, 6, 280, '', NULL, NULL, NULL, NULL, NULL, NULL, NULL, NULL, NULL, NULL, NULL, NULL, NULL, NULL, NULL, 'uploads/Stu-img/280(3).jpg', '', NULL, NULL, NULL, NULL, NULL, NULL, ''),
(411, 1, 3, 6, 281, '', NULL, NULL, NULL, NULL, NULL, NULL, NULL, NULL, NULL, NULL, NULL, NULL, NULL, NULL, NULL, 'uploads/Stu-img/281(3).jpg', '', NULL, NULL, NULL, NULL, NULL, NULL, ''),
(412, 1, 3, 6, 282, '', NULL, NULL, NULL, NULL, NULL, NULL, NULL, NULL, NULL, NULL, NULL, NULL, NULL, NULL, NULL, 'uploads/Stu-img/282(3).jpg', '', NULL, NULL, NULL, NULL, NULL, NULL, ''),
(413, 1, 3, 6, 283, '', NULL, NULL, NULL, NULL, NULL, NULL, NULL, NULL, NULL, NULL, NULL, NULL, NULL, NULL, NULL, 'uploads/Stu-img/283(3).jpg', '', NULL, NULL, NULL, NULL, NULL, NULL, ''),
(414, 1, 3, 6, 284, '', NULL, NULL, NULL, NULL, NULL, NULL, NULL, NULL, NULL, NULL, NULL, NULL, NULL, NULL, NULL, 'uploads/Stu-img/284(3).jpg', '', NULL, NULL, NULL, NULL, NULL, NULL, ''),
(415, 1, 3, 6, 285, '', NULL, NULL, NULL, NULL, NULL, NULL, NULL, NULL, NULL, NULL, NULL, NULL, NULL, NULL, NULL, 'uploads/Stu-img/285(3).jpg', '', NULL, NULL, NULL, NULL, NULL, NULL, ''),
(416, 1, 3, 6, 286, '', NULL, NULL, NULL, NULL, NULL, NULL, NULL, NULL, NULL, NULL, NULL, NULL, NULL, NULL, NULL, 'uploads/Stu-img/286(3).jpg', '', NULL, NULL, NULL, NULL, NULL, NULL, ''),
(417, 1, 3, 6, 287, '', NULL, NULL, NULL, NULL, NULL, NULL, NULL, NULL, NULL, NULL, NULL, NULL, NULL, NULL, NULL, 'uploads/Stu-img/287(3).jpg', '', NULL, NULL, NULL, NULL, NULL, NULL, ''),
(418, 1, 3, 6, 288, '', NULL, NULL, NULL, NULL, NULL, NULL, NULL, NULL, NULL, NULL, NULL, NULL, NULL, NULL, NULL, 'uploads/Stu-img/288(3).jpg', '', NULL, NULL, NULL, NULL, NULL, NULL, ''),
(419, 1, 3, 6, 289, '', NULL, NULL, NULL, NULL, NULL, NULL, NULL, NULL, NULL, NULL, NULL, NULL, NULL, NULL, NULL, 'uploads/Stu-img/289(3).jpg', '', NULL, NULL, NULL, NULL, NULL, NULL, ''),
(420, 1, 3, 6, 290, '', NULL, NULL, NULL, NULL, NULL, NULL, NULL, NULL, NULL, NULL, NULL, NULL, NULL, NULL, NULL, 'uploads/Stu-img/290(3).jpg', '', NULL, NULL, NULL, NULL, NULL, NULL, ''),
(421, 1, 3, 6, 291, '', NULL, NULL, NULL, NULL, NULL, NULL, NULL, NULL, NULL, NULL, NULL, NULL, NULL, NULL, NULL, 'uploads/Stu-img/291(3).jpg', '', NULL, NULL, NULL, NULL, NULL, NULL, ''),
(422, 1, 3, 6, 292, '', NULL, NULL, NULL, NULL, NULL, NULL, NULL, NULL, NULL, NULL, NULL, NULL, NULL, NULL, NULL, 'uploads/Stu-img/292(3).jpg', '', NULL, NULL, NULL, NULL, NULL, NULL, ''),
(423, 1, 3, 6, 293, '', NULL, NULL, NULL, NULL, NULL, NULL, NULL, NULL, NULL, NULL, NULL, NULL, NULL, NULL, NULL, 'uploads/Stu-img/293(3).jpg', '', NULL, NULL, NULL, NULL, NULL, NULL, ''),
(424, 1, 3, 6, 294, '', NULL, NULL, NULL, NULL, NULL, NULL, NULL, NULL, NULL, NULL, NULL, NULL, NULL, NULL, NULL, 'uploads/Stu-img/294(3).jpg', '', NULL, NULL, NULL, NULL, NULL, NULL, ''),
(425, 1, 3, 6, 295, '', NULL, NULL, NULL, NULL, NULL, NULL, NULL, NULL, NULL, NULL, NULL, NULL, NULL, NULL, NULL, 'uploads/Stu-img/295(3).jpg', '', NULL, NULL, NULL, NULL, NULL, NULL, ''),
(426, 1, 3, 6, 296, '', NULL, NULL, NULL, NULL, NULL, NULL, NULL, NULL, NULL, NULL, NULL, NULL, NULL, NULL, NULL, 'uploads/Stu-img/296(3).jpg', '', NULL, NULL, NULL, NULL, NULL, NULL, ''),
(427, 1, 3, 6, 297, '', NULL, NULL, NULL, NULL, NULL, NULL, NULL, NULL, NULL, NULL, NULL, NULL, NULL, NULL, NULL, 'uploads/Stu-img/297(3).jpg', '', NULL, NULL, NULL, NULL, NULL, NULL, ''),
(428, 1, 3, 6, 298, '', NULL, NULL, NULL, NULL, NULL, NULL, NULL, NULL, NULL, NULL, NULL, NULL, NULL, NULL, NULL, 'uploads/Stu-img/298(3).jpg', '', NULL, NULL, NULL, NULL, NULL, NULL, ''),
(429, 1, 3, 6, 299, '', NULL, NULL, NULL, NULL, NULL, NULL, NULL, NULL, NULL, NULL, NULL, NULL, NULL, NULL, NULL, 'uploads/Stu-img/299(3).jpg', '', NULL, NULL, NULL, NULL, NULL, NULL, ''),
(430, 1, 3, 6, 300, '', NULL, NULL, NULL, NULL, NULL, NULL, NULL, NULL, NULL, NULL, NULL, NULL, NULL, NULL, NULL, 'uploads/Stu-img/300(3).jpg', '', NULL, NULL, NULL, NULL, NULL, NULL, ''),
(431, 1, 3, 6, 301, '', NULL, NULL, NULL, NULL, NULL, NULL, NULL, NULL, NULL, NULL, NULL, NULL, NULL, NULL, NULL, 'uploads/Stu-img/301(3).jpg', '', NULL, NULL, NULL, NULL, NULL, NULL, ''),
(432, 1, 3, 6, 302, '', NULL, NULL, NULL, NULL, NULL, NULL, NULL, NULL, NULL, NULL, NULL, NULL, NULL, NULL, NULL, 'uploads/Stu-img/302(3).jpg', '', NULL, NULL, NULL, NULL, NULL, NULL, ''),
(433, 1, 3, 6, 303, '', NULL, NULL, NULL, NULL, NULL, NULL, NULL, NULL, NULL, NULL, NULL, NULL, NULL, NULL, NULL, 'uploads/Stu-img/303(3).jpg', '', NULL, NULL, NULL, NULL, NULL, NULL, ''),
(434, 1, 3, 6, 304, '', NULL, NULL, NULL, NULL, NULL, NULL, NULL, NULL, NULL, NULL, NULL, NULL, NULL, NULL, NULL, 'uploads/Stu-img/304(3).jpg', '', NULL, NULL, NULL, NULL, NULL, NULL, ''),
(435, 1, 3, 6, 305, '', NULL, NULL, NULL, NULL, NULL, NULL, NULL, NULL, NULL, NULL, NULL, NULL, NULL, NULL, NULL, 'uploads/Stu-img/305(3).jpg', '', NULL, NULL, NULL, NULL, NULL, NULL, ''),
(436, 1, 3, 6, 306, '', NULL, NULL, NULL, NULL, NULL, NULL, NULL, NULL, NULL, NULL, NULL, NULL, NULL, NULL, NULL, 'uploads/Stu-img/306(3).jpg', '', NULL, NULL, NULL, NULL, NULL, NULL, ''),
(437, 1, 3, 6, 307, '', NULL, NULL, NULL, NULL, NULL, NULL, NULL, NULL, NULL, NULL, NULL, NULL, NULL, NULL, NULL, 'uploads/Stu-img/307(3).jpg', '', NULL, NULL, NULL, NULL, NULL, NULL, ''),
(438, 1, 3, 6, 308, '', NULL, NULL, NULL, NULL, NULL, NULL, NULL, NULL, NULL, NULL, NULL, NULL, NULL, NULL, NULL, 'uploads/Stu-img/308(3).jpg', '', NULL, NULL, NULL, NULL, NULL, NULL, ''),
(439, 1, 3, 6, 309, '', NULL, NULL, NULL, NULL, NULL, NULL, NULL, NULL, NULL, NULL, NULL, NULL, NULL, NULL, NULL, 'uploads/Stu-img/309(3).jpg', '', NULL, NULL, NULL, NULL, NULL, NULL, ''),
(440, 1, 3, 6, 310, '', NULL, NULL, NULL, NULL, NULL, NULL, NULL, NULL, NULL, NULL, NULL, NULL, NULL, NULL, NULL, 'uploads/Stu-img/310(3).jpg', '', NULL, NULL, NULL, NULL, NULL, NULL, ''),
(441, 1, 3, 6, 311, '', NULL, NULL, NULL, NULL, NULL, NULL, NULL, NULL, NULL, NULL, NULL, NULL, NULL, NULL, NULL, 'uploads/Stu-img/311(3).jpg', '', NULL, NULL, NULL, NULL, NULL, NULL, ''),
(442, 1, 3, 6, 312, '', NULL, NULL, NULL, NULL, NULL, NULL, NULL, NULL, NULL, NULL, NULL, NULL, NULL, NULL, NULL, 'uploads/Stu-img/312(3).jpg', '', NULL, NULL, NULL, NULL, NULL, NULL, ''),
(443, 1, 3, 6, 313, '', NULL, NULL, NULL, NULL, NULL, NULL, NULL, NULL, NULL, NULL, NULL, NULL, NULL, NULL, NULL, 'uploads/Stu-img/313(3).jpg', '', NULL, NULL, NULL, NULL, NULL, NULL, ''),
(444, 1, 3, 6, 314, '', NULL, NULL, NULL, NULL, NULL, NULL, NULL, NULL, NULL, NULL, NULL, NULL, NULL, NULL, NULL, 'uploads/Stu-img/314(3).jpg', '', NULL, NULL, NULL, NULL, NULL, NULL, ''),
(445, 1, 3, 6, 315, '', NULL, NULL, NULL, NULL, NULL, NULL, NULL, NULL, NULL, NULL, NULL, NULL, NULL, NULL, NULL, 'uploads/Stu-img/315(3).jpg', '', NULL, NULL, NULL, NULL, NULL, NULL, ''),
(446, 1, 3, 6, 316, '', NULL, NULL, NULL, NULL, NULL, NULL, NULL, NULL, NULL, NULL, NULL, NULL, NULL, NULL, NULL, 'uploads/Stu-img/316(3).jpg', '', NULL, NULL, NULL, NULL, NULL, NULL, ''),
(447, 1, 3, 6, 317, '', NULL, NULL, NULL, NULL, NULL, NULL, NULL, NULL, NULL, NULL, NULL, NULL, NULL, NULL, NULL, 'uploads/Stu-img/317(3).jpg', '', NULL, NULL, NULL, NULL, NULL, NULL, ''),
(448, 1, 3, 6, 318, '', NULL, NULL, NULL, NULL, NULL, NULL, NULL, NULL, NULL, NULL, NULL, NULL, NULL, NULL, NULL, 'uploads/Stu-img/318(3).jpg', '', NULL, NULL, NULL, NULL, NULL, NULL, ''),
(449, 1, 3, 6, 319, '', NULL, NULL, NULL, NULL, NULL, NULL, NULL, NULL, NULL, NULL, NULL, NULL, NULL, NULL, NULL, 'uploads/Stu-img/319(3).jpg', '', NULL, NULL, NULL, NULL, NULL, NULL, ''),
(450, 1, 3, 6, 320, '', NULL, NULL, NULL, NULL, NULL, NULL, NULL, NULL, NULL, NULL, NULL, NULL, NULL, NULL, NULL, 'uploads/Stu-img/320(3).jpg', '', NULL, NULL, NULL, NULL, NULL, NULL, ''),
(451, 1, 3, 6, 321, '', NULL, NULL, NULL, NULL, NULL, NULL, NULL, NULL, NULL, NULL, NULL, NULL, NULL, NULL, NULL, 'uploads/Stu-img/321(3).jpg', '', NULL, NULL, NULL, NULL, NULL, NULL, ''),
(452, 1, 3, 6, 322, '', NULL, NULL, NULL, NULL, NULL, NULL, NULL, NULL, NULL, NULL, NULL, NULL, NULL, NULL, NULL, 'uploads/Stu-img/322(3).jpg', '', NULL, NULL, NULL, NULL, NULL, NULL, ''),
(453, 1, 3, 6, 323, '', NULL, NULL, NULL, NULL, NULL, NULL, NULL, NULL, NULL, NULL, NULL, NULL, NULL, NULL, NULL, 'uploads/Stu-img/323(3).jpg', '', NULL, NULL, NULL, NULL, NULL, NULL, ''),
(454, 1, 3, 6, 324, '', NULL, NULL, NULL, NULL, NULL, NULL, NULL, NULL, NULL, NULL, NULL, NULL, NULL, NULL, NULL, 'uploads/Stu-img/324(3).jpg', '', NULL, NULL, NULL, NULL, NULL, NULL, ''),
(455, 1, 3, 6, 325, '', NULL, NULL, NULL, NULL, NULL, NULL, NULL, NULL, NULL, NULL, NULL, NULL, NULL, NULL, NULL, 'uploads/Stu-img/325(3).jpg', '', NULL, NULL, NULL, NULL, NULL, NULL, ''),
(456, 1, 3, 6, 326, '', NULL, NULL, NULL, NULL, NULL, NULL, NULL, NULL, NULL, NULL, NULL, NULL, NULL, NULL, NULL, 'uploads/Stu-img/326(3).jpg', '', NULL, NULL, NULL, NULL, NULL, NULL, ''),
(457, 1, 3, 6, 327, '', NULL, NULL, NULL, NULL, NULL, NULL, NULL, NULL, NULL, NULL, NULL, NULL, NULL, NULL, NULL, 'uploads/Stu-img/327(3).jpg', '', NULL, NULL, NULL, NULL, NULL, NULL, ''),
(458, 1, 3, 6, 328, '', NULL, NULL, NULL, NULL, NULL, NULL, NULL, NULL, NULL, NULL, NULL, NULL, NULL, NULL, NULL, 'uploads/Stu-img/328(3).jpg', '', NULL, NULL, NULL, NULL, NULL, NULL, ''),
(459, 1, 3, 6, 329, '', NULL, NULL, NULL, NULL, NULL, NULL, NULL, NULL, NULL, NULL, NULL, NULL, NULL, NULL, NULL, 'uploads/Stu-img/329(3).jpg', '', NULL, NULL, NULL, NULL, NULL, NULL, ''),
(460, 1, 3, 6, 330, '', NULL, NULL, NULL, NULL, NULL, NULL, NULL, NULL, NULL, NULL, NULL, NULL, NULL, NULL, NULL, 'uploads/Stu-img/330(3).jpg', '', NULL, NULL, NULL, NULL, NULL, NULL, ''),
(461, 1, 3, 6, 331, '', NULL, NULL, NULL, NULL, NULL, NULL, NULL, NULL, NULL, NULL, NULL, NULL, NULL, NULL, NULL, 'uploads/Stu-img/331(3).jpg', '', NULL, NULL, NULL, NULL, NULL, NULL, ''),
(462, 1, 3, 6, 332, '', NULL, NULL, NULL, NULL, NULL, NULL, NULL, NULL, NULL, NULL, NULL, NULL, NULL, NULL, NULL, 'uploads/Stu-img/332(3).jpg', '', NULL, NULL, NULL, NULL, NULL, NULL, ''),
(463, 1, 3, 6, 333, '', NULL, NULL, NULL, NULL, NULL, NULL, NULL, NULL, NULL, NULL, NULL, NULL, NULL, NULL, NULL, 'uploads/Stu-img/333(3).jpg', '', NULL, NULL, NULL, NULL, NULL, NULL, ''),
(464, 1, 3, 6, 334, '', NULL, NULL, NULL, NULL, NULL, NULL, NULL, NULL, NULL, NULL, NULL, NULL, NULL, NULL, NULL, 'uploads/Stu-img/334(3).jpg', '', NULL, NULL, NULL, NULL, NULL, NULL, ''),
(465, 1, 3, 6, 335, '', NULL, NULL, NULL, NULL, NULL, NULL, NULL, NULL, NULL, NULL, NULL, NULL, NULL, NULL, NULL, 'uploads/Stu-img/335(3).jpg', '', NULL, NULL, NULL, NULL, NULL, NULL, ''),
(466, 1, 3, 6, 336, '', NULL, NULL, NULL, NULL, NULL, NULL, NULL, NULL, NULL, NULL, NULL, NULL, NULL, NULL, NULL, 'uploads/Stu-img/336(3).jpg', '', NULL, NULL, NULL, NULL, NULL, NULL, ''),
(467, 1, 3, 6, 337, '', NULL, NULL, NULL, NULL, NULL, NULL, NULL, NULL, NULL, NULL, NULL, NULL, NULL, NULL, NULL, 'uploads/Stu-img/337(3).jpg', '', NULL, NULL, NULL, NULL, NULL, NULL, ''),
(468, 1, 3, 6, 338, '', NULL, NULL, NULL, NULL, NULL, NULL, NULL, NULL, NULL, NULL, NULL, NULL, NULL, NULL, NULL, 'uploads/Stu-img/338(3).jpg', '', NULL, NULL, NULL, NULL, NULL, NULL, ''),
(469, 1, 3, 6, 339, '', NULL, NULL, NULL, NULL, NULL, NULL, NULL, NULL, NULL, NULL, NULL, NULL, NULL, NULL, NULL, 'uploads/Stu-img/339(3).jpg', '', NULL, NULL, NULL, NULL, NULL, NULL, ''),
(470, 1, 3, 6, 340, '', NULL, NULL, NULL, NULL, NULL, NULL, NULL, NULL, NULL, NULL, NULL, NULL, NULL, NULL, NULL, 'uploads/Stu-img/340(3).jpg', '', NULL, NULL, NULL, NULL, NULL, NULL, ''),
(471, 1, 3, 6, 341, '', NULL, NULL, NULL, NULL, NULL, NULL, NULL, NULL, NULL, NULL, NULL, NULL, NULL, NULL, NULL, 'uploads/Stu-img/341(3).jpg', '', NULL, NULL, NULL, NULL, NULL, NULL, ''),
(472, 1, 3, 6, 342, '', NULL, NULL, NULL, NULL, NULL, NULL, NULL, NULL, NULL, NULL, NULL, NULL, NULL, NULL, NULL, 'uploads/Stu-img/342(3).jpg', '', NULL, NULL, NULL, NULL, NULL, NULL, ''),
(473, 1, 3, 6, 343, '', NULL, NULL, NULL, NULL, NULL, NULL, NULL, NULL, NULL, NULL, NULL, NULL, NULL, NULL, NULL, 'uploads/Stu-img/343(3).jpg', '', NULL, NULL, NULL, NULL, NULL, NULL, ''),
(474, 1, 3, 6, 344, '', NULL, NULL, NULL, NULL, NULL, NULL, NULL, NULL, NULL, NULL, NULL, NULL, NULL, NULL, NULL, 'uploads/Stu-img/344(3).jpg', '', NULL, NULL, NULL, NULL, NULL, NULL, ''),
(475, 1, 3, 6, 345, '', NULL, NULL, NULL, NULL, NULL, NULL, NULL, NULL, NULL, NULL, NULL, NULL, NULL, NULL, NULL, 'uploads/Stu-img/345(3).jpg', '', NULL, NULL, NULL, NULL, NULL, NULL, ''),
(476, 1, 3, 6, 346, '', NULL, NULL, NULL, NULL, NULL, NULL, NULL, NULL, NULL, NULL, NULL, NULL, NULL, NULL, NULL, 'uploads/Stu-img/346(3).jpg', '', NULL, NULL, NULL, NULL, NULL, NULL, ''),
(477, 1, 3, 6, 347, '', NULL, NULL, NULL, NULL, NULL, NULL, NULL, NULL, NULL, NULL, NULL, NULL, NULL, NULL, NULL, 'uploads/Stu-img/347(3).jpg', '', NULL, NULL, NULL, NULL, NULL, NULL, ''),
(478, 1, 3, 6, 348, '', NULL, NULL, NULL, NULL, NULL, NULL, NULL, NULL, NULL, NULL, NULL, NULL, NULL, NULL, NULL, 'uploads/Stu-img/348(3).jpg', '', NULL, NULL, NULL, NULL, NULL, NULL, ''),
(479, 1, 3, 6, 349, '', NULL, NULL, NULL, NULL, NULL, NULL, NULL, NULL, NULL, NULL, NULL, NULL, NULL, NULL, NULL, 'uploads/Stu-img/349(3).jpg', '', NULL, NULL, NULL, NULL, NULL, NULL, ''),
(480, 1, 3, 6, 350, '', NULL, NULL, NULL, NULL, NULL, NULL, NULL, NULL, NULL, NULL, NULL, NULL, NULL, NULL, NULL, 'uploads/Stu-img/350(3).jpg', '', NULL, NULL, NULL, NULL, NULL, NULL, ''),
(481, 1, 3, 6, 351, '', NULL, NULL, NULL, NULL, NULL, NULL, NULL, NULL, NULL, NULL, NULL, NULL, NULL, NULL, NULL, 'uploads/Stu-img/351(3).jpg', '', NULL, NULL, NULL, NULL, NULL, NULL, ''),
(482, 1, 3, 6, 352, '', NULL, NULL, NULL, NULL, NULL, NULL, NULL, NULL, NULL, NULL, NULL, NULL, NULL, NULL, NULL, 'uploads/Stu-img/352(3).jpg', '', NULL, NULL, NULL, NULL, NULL, NULL, ''),
(483, 1, 3, 6, 353, '', NULL, NULL, NULL, NULL, NULL, NULL, NULL, NULL, NULL, NULL, NULL, NULL, NULL, NULL, NULL, 'uploads/Stu-img/353(3).jpg', '', NULL, NULL, NULL, NULL, NULL, NULL, ''),
(484, 1, 3, 6, 354, '', NULL, NULL, NULL, NULL, NULL, NULL, NULL, NULL, NULL, NULL, NULL, NULL, NULL, NULL, NULL, 'uploads/Stu-img/354(3).jpg', '', NULL, NULL, NULL, NULL, NULL, NULL, ''),
(485, 1, 3, 6, 355, '', NULL, NULL, NULL, NULL, NULL, NULL, NULL, NULL, NULL, NULL, NULL, NULL, NULL, NULL, NULL, 'uploads/Stu-img/355(3).jpg', '', NULL, NULL, NULL, NULL, NULL, NULL, ''),
(486, 1, 3, 6, 356, '', NULL, NULL, NULL, NULL, NULL, NULL, NULL, NULL, NULL, NULL, NULL, NULL, NULL, NULL, NULL, 'uploads/Stu-img/356(3).jpg', '', NULL, NULL, NULL, NULL, NULL, NULL, ''),
(487, 1, 3, 6, 357, '', NULL, NULL, NULL, NULL, NULL, NULL, NULL, NULL, NULL, NULL, NULL, NULL, NULL, NULL, NULL, 'uploads/Stu-img/357(3).jpg', '', NULL, NULL, NULL, NULL, NULL, NULL, ''),
(488, 1, 3, 6, 358, '', NULL, NULL, NULL, NULL, NULL, NULL, NULL, NULL, NULL, NULL, NULL, NULL, NULL, NULL, NULL, 'uploads/Stu-img/358(3).jpg', '', NULL, NULL, NULL, NULL, NULL, NULL, ''),
(489, 1, 3, 6, 359, '', NULL, NULL, NULL, NULL, NULL, NULL, NULL, NULL, NULL, NULL, NULL, NULL, NULL, NULL, NULL, 'uploads/Stu-img/359(3).jpg', '', NULL, NULL, NULL, NULL, NULL, NULL, ''),
(490, 1, 3, 6, 360, '', NULL, NULL, NULL, NULL, NULL, NULL, NULL, NULL, NULL, NULL, NULL, NULL, NULL, NULL, NULL, 'uploads/Stu-img/360(3).jpg', '', NULL, NULL, NULL, NULL, NULL, NULL, ''),
(491, 1, 3, 6, 361, '', NULL, NULL, NULL, NULL, NULL, NULL, NULL, NULL, NULL, NULL, NULL, NULL, NULL, NULL, NULL, 'uploads/Stu-img/361(3).jpg', '', NULL, NULL, NULL, NULL, NULL, NULL, ''),
(492, 1, 3, 6, 362, '', NULL, NULL, NULL, NULL, NULL, NULL, NULL, NULL, NULL, NULL, NULL, NULL, NULL, NULL, NULL, 'uploads/Stu-img/362(3).jpg', '', NULL, NULL, NULL, NULL, NULL, NULL, ''),
(493, 1, 3, 6, 363, '', NULL, NULL, NULL, NULL, NULL, NULL, NULL, NULL, NULL, NULL, NULL, NULL, NULL, NULL, NULL, 'uploads/Stu-img/363(3).jpg', '', NULL, NULL, NULL, NULL, NULL, NULL, ''),
(494, 1, 3, 6, 364, '', NULL, NULL, NULL, NULL, NULL, NULL, NULL, NULL, NULL, NULL, NULL, NULL, NULL, NULL, NULL, 'uploads/Stu-img/364(3).jpg', '', NULL, NULL, NULL, NULL, NULL, NULL, ''),
(495, 1, 3, 6, 365, '', NULL, NULL, NULL, NULL, NULL, NULL, NULL, NULL, NULL, NULL, NULL, NULL, NULL, NULL, NULL, 'uploads/Stu-img/365(3).jpg', '', NULL, NULL, NULL, NULL, NULL, NULL, ''),
(496, 1, 3, 6, 366, '', NULL, NULL, NULL, NULL, NULL, NULL, NULL, NULL, NULL, NULL, NULL, NULL, NULL, NULL, NULL, 'uploads/Stu-img/366(3).jpg', '', NULL, NULL, NULL, NULL, NULL, NULL, ''),
(497, 1, 3, 6, 367, '', NULL, NULL, NULL, NULL, NULL, NULL, NULL, NULL, NULL, NULL, NULL, NULL, NULL, NULL, NULL, 'uploads/Stu-img/367(3).jpg', '', NULL, NULL, NULL, NULL, NULL, NULL, ''),
(498, 1, 3, 6, 368, '', NULL, NULL, NULL, NULL, NULL, NULL, NULL, NULL, NULL, NULL, NULL, NULL, NULL, NULL, NULL, 'uploads/Stu-img/368(3).jpg', '', NULL, NULL, NULL, NULL, NULL, NULL, ''),
(499, 1, 3, 6, 369, '', NULL, NULL, NULL, NULL, NULL, NULL, NULL, NULL, NULL, NULL, NULL, NULL, NULL, NULL, NULL, 'uploads/Stu-img/369(3).jpg', '', NULL, NULL, NULL, NULL, NULL, NULL, ''),
(500, 1, 3, 6, 370, '', NULL, NULL, NULL, NULL, NULL, NULL, NULL, NULL, NULL, NULL, NULL, NULL, NULL, NULL, NULL, 'uploads/Stu-img/370(3).jpg', '', NULL, NULL, NULL, NULL, NULL, NULL, ''),
(501, 1, 3, 6, 371, '', NULL, NULL, NULL, NULL, NULL, NULL, NULL, NULL, NULL, NULL, NULL, NULL, NULL, NULL, NULL, 'uploads/Stu-img/371(3).jpg', '', NULL, NULL, NULL, NULL, NULL, NULL, ''),
(502, 1, 3, 6, 372, '', NULL, NULL, NULL, NULL, NULL, NULL, NULL, NULL, NULL, NULL, NULL, NULL, NULL, NULL, NULL, 'uploads/Stu-img/372(3).jpg', '', NULL, NULL, NULL, NULL, NULL, NULL, ''),
(503, 1, 3, 6, 373, '', NULL, NULL, NULL, NULL, NULL, NULL, NULL, NULL, NULL, NULL, NULL, NULL, NULL, NULL, NULL, 'uploads/Stu-img/373(3).jpg', '', NULL, NULL, NULL, NULL, NULL, NULL, ''),
(504, 1, 3, 6, 374, '', NULL, NULL, NULL, NULL, NULL, NULL, NULL, NULL, NULL, NULL, NULL, NULL, NULL, NULL, NULL, 'uploads/Stu-img/374(3).jpg', '', NULL, NULL, NULL, NULL, NULL, NULL, ''),
(505, 1, 3, 6, 375, '', NULL, NULL, NULL, NULL, NULL, NULL, NULL, NULL, NULL, NULL, NULL, NULL, NULL, NULL, NULL, 'uploads/Stu-img/375(3).jpg', '', NULL, NULL, NULL, NULL, NULL, NULL, ''),
(506, 1, 3, 6, 376, '', NULL, NULL, NULL, NULL, NULL, NULL, NULL, NULL, NULL, NULL, NULL, NULL, NULL, NULL, NULL, 'uploads/Stu-img/376(3).jpg', '', NULL, NULL, NULL, NULL, NULL, NULL, ''),
(507, 1, 3, 6, 377, '', NULL, NULL, NULL, NULL, NULL, NULL, NULL, NULL, NULL, NULL, NULL, NULL, NULL, NULL, NULL, 'uploads/Stu-img/377(3).jpg', '', NULL, NULL, NULL, NULL, NULL, NULL, ''),
(508, 1, 3, 6, 378, '', NULL, NULL, NULL, NULL, NULL, NULL, NULL, NULL, NULL, NULL, NULL, NULL, NULL, NULL, NULL, 'uploads/Stu-img/378(3).jpg', '', NULL, NULL, NULL, NULL, NULL, NULL, ''),
(509, 1, 3, 6, 379, '', NULL, NULL, NULL, NULL, NULL, NULL, NULL, NULL, NULL, NULL, NULL, NULL, NULL, NULL, NULL, 'uploads/Stu-img/379(3).jpg', '', NULL, NULL, NULL, NULL, NULL, NULL, ''),
(510, 1, 3, 6, 380, '', NULL, NULL, NULL, NULL, NULL, NULL, NULL, NULL, NULL, NULL, NULL, NULL, NULL, NULL, NULL, 'uploads/Stu-img/380(3).jpg', '', NULL, NULL, NULL, NULL, NULL, NULL, ''),
(511, 1, 3, 6, 381, '', NULL, NULL, NULL, NULL, NULL, NULL, NULL, NULL, NULL, NULL, NULL, NULL, NULL, NULL, NULL, 'uploads/Stu-img/381(3).jpg', '', NULL, NULL, NULL, NULL, NULL, NULL, ''),
(512, 1, 3, 6, 382, '', NULL, NULL, NULL, NULL, NULL, NULL, NULL, NULL, NULL, NULL, NULL, NULL, NULL, NULL, NULL, 'uploads/Stu-img/382(3).jpg', '', NULL, NULL, NULL, NULL, NULL, NULL, ''),
(513, 1, 3, 6, 383, '', NULL, NULL, NULL, NULL, NULL, NULL, NULL, NULL, NULL, NULL, NULL, NULL, NULL, NULL, NULL, 'uploads/Stu-img/383(3).jpg', '', NULL, NULL, NULL, NULL, NULL, NULL, ''),
(514, 1, 3, 6, 384, '', NULL, NULL, NULL, NULL, NULL, NULL, NULL, NULL, NULL, NULL, NULL, NULL, NULL, NULL, NULL, 'uploads/Stu-img/384(3).jpg', '', NULL, NULL, NULL, NULL, NULL, NULL, ''),
(515, 1, 3, 6, 385, '', NULL, NULL, NULL, NULL, NULL, NULL, NULL, NULL, NULL, NULL, NULL, NULL, NULL, NULL, NULL, 'uploads/Stu-img/385(3).jpg', '', NULL, NULL, NULL, NULL, NULL, NULL, ''),
(516, 1, 3, 6, 386, '', NULL, NULL, NULL, NULL, NULL, NULL, NULL, NULL, NULL, NULL, NULL, NULL, NULL, NULL, NULL, 'uploads/Stu-img/386(3).jpg', '', NULL, NULL, NULL, NULL, NULL, NULL, ''),
(517, 1, 3, 6, 387, '', NULL, NULL, NULL, NULL, NULL, NULL, NULL, NULL, NULL, NULL, NULL, NULL, NULL, NULL, NULL, 'uploads/Stu-img/387(3).jpg', '', NULL, NULL, NULL, NULL, NULL, NULL, ''),
(518, 1, 3, 6, 388, '', NULL, NULL, NULL, NULL, NULL, NULL, NULL, NULL, NULL, NULL, NULL, NULL, NULL, NULL, NULL, 'uploads/Stu-img/388(3).jpg', '', NULL, NULL, NULL, NULL, NULL, NULL, ''),
(519, 1, 3, 6, 389, '', NULL, NULL, NULL, NULL, NULL, NULL, NULL, NULL, NULL, NULL, NULL, NULL, NULL, NULL, NULL, 'uploads/Stu-img/389(3).jpg', '', NULL, NULL, NULL, NULL, NULL, NULL, ''),
(520, 1, 3, 6, 390, '', NULL, NULL, NULL, NULL, NULL, NULL, NULL, NULL, NULL, NULL, NULL, NULL, NULL, NULL, NULL, 'uploads/Stu-img/390(3).jpg', '', NULL, NULL, NULL, NULL, NULL, NULL, ''),
(521, 1, 3, 6, 391, '', NULL, NULL, NULL, NULL, NULL, NULL, NULL, NULL, NULL, NULL, NULL, NULL, NULL, NULL, NULL, 'uploads/Stu-img/391(3).jpg', '', NULL, NULL, NULL, NULL, NULL, NULL, ''),
(522, 1, 3, 6, 392, '', NULL, NULL, NULL, NULL, NULL, NULL, NULL, NULL, NULL, NULL, NULL, NULL, NULL, NULL, NULL, 'uploads/Stu-img/392(3).jpg', '', NULL, NULL, NULL, NULL, NULL, NULL, ''),
(523, 1, 3, 6, 393, '', NULL, NULL, NULL, NULL, NULL, NULL, NULL, NULL, NULL, NULL, NULL, NULL, NULL, NULL, NULL, 'uploads/Stu-img/393(3).jpg', '', NULL, NULL, NULL, NULL, NULL, NULL, ''),
(524, 1, 3, 6, 394, '', NULL, NULL, NULL, NULL, NULL, NULL, NULL, NULL, NULL, NULL, NULL, NULL, NULL, NULL, NULL, 'uploads/Stu-img/394(3).jpg', '', NULL, NULL, NULL, NULL, NULL, NULL, ''),
(525, 1, 3, 6, 395, '', NULL, NULL, NULL, NULL, NULL, NULL, NULL, NULL, NULL, NULL, NULL, NULL, NULL, NULL, NULL, 'uploads/Stu-img/395(3).jpg', '', NULL, NULL, NULL, NULL, NULL, NULL, ''),
(526, 1, 3, 6, 396, '', NULL, NULL, NULL, NULL, NULL, NULL, NULL, NULL, NULL, NULL, NULL, NULL, NULL, NULL, NULL, 'uploads/Stu-img/396(3).jpg', '', NULL, NULL, NULL, NULL, NULL, NULL, '');
INSERT INTO `students_information_list` (`id`, `class_id`, `department_id`, `session_id`, `class_roll`, `Mandatory_Subject_code`, `Group_wise_Subject_codes`, `optional_subject_code`, `student_name_bangla`, `student_name_english`, `father_name_bangla`, `mother_name_bangla`, `gender`, `blood_group`, `nid_or_birth_no`, `date_of_birth`, `religion`, `student_email`, `guardian_type`, `guardian_name`, `guardian_mobile`, `student_photo`, `student_signature`, `zilla_id`, `thana_id`, `union_id`, `ward_no`, `village_name`, `Recording_status`, `Currection_status`) VALUES
(527, 1, 3, 6, 397, '', NULL, NULL, NULL, NULL, NULL, NULL, NULL, NULL, NULL, NULL, NULL, NULL, NULL, NULL, NULL, 'uploads/Stu-img/397(3).jpg', '', NULL, NULL, NULL, NULL, NULL, NULL, ''),
(528, 1, 3, 6, 398, '', NULL, NULL, NULL, NULL, NULL, NULL, NULL, NULL, NULL, NULL, NULL, NULL, NULL, NULL, NULL, 'uploads/Stu-img/398(3).jpg', '', NULL, NULL, NULL, NULL, NULL, NULL, ''),
(529, 1, 3, 6, 399, '', NULL, NULL, NULL, NULL, NULL, NULL, NULL, NULL, NULL, NULL, NULL, NULL, NULL, NULL, NULL, 'uploads/Stu-img/399(3).jpg', '', NULL, NULL, NULL, NULL, NULL, NULL, ''),
(530, 1, 3, 6, 400, '', NULL, NULL, NULL, NULL, NULL, NULL, NULL, NULL, NULL, NULL, NULL, NULL, NULL, NULL, NULL, 'uploads/Stu-img/400(3).jpg', '', NULL, NULL, NULL, NULL, NULL, NULL, ''),
(531, 1, 3, 6, 401, '', NULL, NULL, NULL, NULL, NULL, NULL, NULL, NULL, NULL, NULL, NULL, NULL, NULL, NULL, NULL, 'uploads/Stu-img/401(3).jpg', '', NULL, NULL, NULL, NULL, NULL, NULL, ''),
(532, 1, 3, 6, 402, '', NULL, NULL, NULL, NULL, NULL, NULL, NULL, NULL, NULL, NULL, NULL, NULL, NULL, NULL, NULL, 'uploads/Stu-img/402(3).jpg', '', NULL, NULL, NULL, NULL, NULL, NULL, ''),
(533, 1, 3, 6, 403, '', NULL, NULL, NULL, NULL, NULL, NULL, NULL, NULL, NULL, NULL, NULL, NULL, NULL, NULL, NULL, 'uploads/Stu-img/403(3).jpg', '', NULL, NULL, NULL, NULL, NULL, NULL, ''),
(534, 1, 3, 6, 404, '', NULL, NULL, NULL, NULL, NULL, NULL, NULL, NULL, NULL, NULL, NULL, NULL, NULL, NULL, NULL, 'uploads/Stu-img/404(3).jpg', '', NULL, NULL, NULL, NULL, NULL, NULL, ''),
(535, 1, 3, 6, 405, '', NULL, NULL, NULL, NULL, NULL, NULL, NULL, NULL, NULL, NULL, NULL, NULL, NULL, NULL, NULL, 'uploads/Stu-img/405(3).jpg', '', NULL, NULL, NULL, NULL, NULL, NULL, ''),
(536, 1, 3, 6, 406, '', NULL, NULL, NULL, NULL, NULL, NULL, NULL, NULL, NULL, NULL, NULL, NULL, NULL, NULL, NULL, 'uploads/Stu-img/406(3).jpg', '', NULL, NULL, NULL, NULL, NULL, NULL, ''),
(537, 1, 3, 6, 407, '', NULL, NULL, NULL, NULL, NULL, NULL, NULL, NULL, NULL, NULL, NULL, NULL, NULL, NULL, NULL, 'uploads/Stu-img/407(3).jpg', '', NULL, NULL, NULL, NULL, NULL, NULL, ''),
(538, 1, 3, 6, 408, '', NULL, NULL, NULL, NULL, NULL, NULL, NULL, NULL, NULL, NULL, NULL, NULL, NULL, NULL, NULL, 'uploads/Stu-img/408(3).jpg', '', NULL, NULL, NULL, NULL, NULL, NULL, ''),
(539, 1, 3, 6, 409, '', NULL, NULL, NULL, NULL, NULL, NULL, NULL, NULL, NULL, NULL, NULL, NULL, NULL, NULL, NULL, 'uploads/Stu-img/409(3).jpg', '', NULL, NULL, NULL, NULL, NULL, NULL, ''),
(540, 1, 3, 6, 410, '', NULL, NULL, NULL, NULL, NULL, NULL, NULL, NULL, NULL, NULL, NULL, NULL, NULL, NULL, NULL, 'uploads/Stu-img/410(3).jpg', '', NULL, NULL, NULL, NULL, NULL, NULL, ''),
(541, 1, 3, 6, 411, '', NULL, NULL, NULL, NULL, NULL, NULL, NULL, NULL, NULL, NULL, NULL, NULL, NULL, NULL, NULL, 'uploads/Stu-img/411(3).jpg', '', NULL, NULL, NULL, NULL, NULL, NULL, ''),
(542, 1, 3, 6, 412, '', NULL, NULL, NULL, NULL, NULL, NULL, NULL, NULL, NULL, NULL, NULL, NULL, NULL, NULL, NULL, 'uploads/Stu-img/412(3).jpg', '', NULL, NULL, NULL, NULL, NULL, NULL, ''),
(543, 1, 3, 6, 413, '', NULL, NULL, NULL, NULL, NULL, NULL, NULL, NULL, NULL, NULL, NULL, NULL, NULL, NULL, NULL, 'uploads/Stu-img/413(3).jpg', '', NULL, NULL, NULL, NULL, NULL, NULL, ''),
(544, 1, 3, 6, 414, '', NULL, NULL, NULL, NULL, NULL, NULL, NULL, NULL, NULL, NULL, NULL, NULL, NULL, NULL, NULL, 'uploads/Stu-img/414(3).jpg', '', NULL, NULL, NULL, NULL, NULL, NULL, ''),
(545, 1, 3, 6, 415, '', NULL, NULL, NULL, NULL, NULL, NULL, NULL, NULL, NULL, NULL, NULL, NULL, NULL, NULL, NULL, 'uploads/Stu-img/415(3).jpg', '', NULL, NULL, NULL, NULL, NULL, NULL, ''),
(546, 1, 3, 6, 416, '', NULL, NULL, NULL, NULL, NULL, NULL, NULL, NULL, NULL, NULL, NULL, NULL, NULL, NULL, NULL, 'uploads/Stu-img/416(3).jpg', '', NULL, NULL, NULL, NULL, NULL, NULL, ''),
(547, 1, 3, 6, 417, '', NULL, NULL, NULL, NULL, NULL, NULL, NULL, NULL, NULL, NULL, NULL, NULL, NULL, NULL, NULL, 'uploads/Stu-img/417(3).jpg', '', NULL, NULL, NULL, NULL, NULL, NULL, ''),
(548, 1, 3, 6, 418, '', NULL, NULL, NULL, NULL, NULL, NULL, NULL, NULL, NULL, NULL, NULL, NULL, NULL, NULL, NULL, 'uploads/Stu-img/418(3).jpg', '', NULL, NULL, NULL, NULL, NULL, NULL, ''),
(549, 1, 3, 6, 419, '', NULL, NULL, NULL, NULL, NULL, NULL, NULL, NULL, NULL, NULL, NULL, NULL, NULL, NULL, NULL, 'uploads/Stu-img/419(3).jpg', '', NULL, NULL, NULL, NULL, NULL, NULL, ''),
(550, 1, 3, 6, 420, '', NULL, NULL, NULL, NULL, NULL, NULL, NULL, NULL, NULL, NULL, NULL, NULL, NULL, NULL, NULL, 'uploads/Stu-img/420(3).jpg', '', NULL, NULL, NULL, NULL, NULL, NULL, ''),
(551, 1, 3, 6, 421, '', NULL, NULL, NULL, NULL, NULL, NULL, NULL, NULL, NULL, NULL, NULL, NULL, NULL, NULL, NULL, 'uploads/Stu-img/421(3).jpg', '', NULL, NULL, NULL, NULL, NULL, NULL, ''),
(552, 1, 3, 6, 422, '', NULL, NULL, NULL, NULL, NULL, NULL, NULL, NULL, NULL, NULL, NULL, NULL, NULL, NULL, NULL, 'uploads/Stu-img/422(3).jpg', '', NULL, NULL, NULL, NULL, NULL, NULL, ''),
(553, 1, 3, 6, 423, '', NULL, NULL, NULL, NULL, NULL, NULL, NULL, NULL, NULL, NULL, NULL, NULL, NULL, NULL, NULL, 'uploads/Stu-img/423(3).jpg', '', NULL, NULL, NULL, NULL, NULL, NULL, ''),
(554, 1, 3, 6, 424, '', NULL, NULL, NULL, NULL, NULL, NULL, NULL, NULL, NULL, NULL, NULL, NULL, NULL, NULL, NULL, 'uploads/Stu-img/424(3).jpg', '', NULL, NULL, NULL, NULL, NULL, NULL, ''),
(555, 1, 3, 6, 425, '', NULL, NULL, NULL, NULL, NULL, NULL, NULL, NULL, NULL, NULL, NULL, NULL, NULL, NULL, NULL, 'uploads/Stu-img/425(3).jpg', '', NULL, NULL, NULL, NULL, NULL, NULL, ''),
(556, 1, 3, 6, 426, '', NULL, NULL, NULL, NULL, NULL, NULL, NULL, NULL, NULL, NULL, NULL, NULL, NULL, NULL, NULL, 'uploads/Stu-img/426(3).jpg', '', NULL, NULL, NULL, NULL, NULL, NULL, ''),
(557, 1, 3, 6, 427, '', NULL, NULL, NULL, NULL, NULL, NULL, NULL, NULL, NULL, NULL, NULL, NULL, NULL, NULL, NULL, 'uploads/Stu-img/427(3).jpg', '', NULL, NULL, NULL, NULL, NULL, NULL, ''),
(558, 1, 3, 6, 428, '', NULL, NULL, NULL, NULL, NULL, NULL, NULL, NULL, NULL, NULL, NULL, NULL, NULL, NULL, NULL, 'uploads/Stu-img/428(3).jpg', '', NULL, NULL, NULL, NULL, NULL, NULL, ''),
(559, 1, 3, 6, 429, '', NULL, NULL, NULL, NULL, NULL, NULL, NULL, NULL, NULL, NULL, NULL, NULL, NULL, NULL, NULL, 'uploads/Stu-img/429(3).jpg', '', NULL, NULL, NULL, NULL, NULL, NULL, ''),
(560, 1, 3, 6, 430, '', NULL, NULL, NULL, NULL, NULL, NULL, NULL, NULL, NULL, NULL, NULL, NULL, NULL, NULL, NULL, 'uploads/Stu-img/430(3).jpg', '', NULL, NULL, NULL, NULL, NULL, NULL, ''),
(561, 1, 3, 6, 431, '', NULL, NULL, NULL, NULL, NULL, NULL, NULL, NULL, NULL, NULL, NULL, NULL, NULL, NULL, NULL, 'uploads/Stu-img/431(3).jpg', '', NULL, NULL, NULL, NULL, NULL, NULL, ''),
(562, 1, 3, 6, 432, '', NULL, NULL, NULL, NULL, NULL, NULL, NULL, NULL, NULL, NULL, NULL, NULL, NULL, NULL, NULL, 'uploads/Stu-img/432(3).jpg', '', NULL, NULL, NULL, NULL, NULL, NULL, ''),
(563, 1, 3, 6, 433, '', NULL, NULL, NULL, NULL, NULL, NULL, NULL, NULL, NULL, NULL, NULL, NULL, NULL, NULL, NULL, 'uploads/Stu-img/433(3).jpg', '', NULL, NULL, NULL, NULL, NULL, NULL, ''),
(564, 1, 3, 6, 434, '', NULL, NULL, NULL, NULL, NULL, NULL, NULL, NULL, NULL, NULL, NULL, NULL, NULL, NULL, NULL, 'uploads/Stu-img/434(3).jpg', '', NULL, NULL, NULL, NULL, NULL, NULL, ''),
(565, 1, 3, 6, 435, '', NULL, NULL, NULL, NULL, NULL, NULL, NULL, NULL, NULL, NULL, NULL, NULL, NULL, NULL, NULL, 'uploads/Stu-img/435(3).jpg', '', NULL, NULL, NULL, NULL, NULL, NULL, ''),
(566, 1, 3, 6, 436, '', NULL, NULL, NULL, NULL, NULL, NULL, NULL, NULL, NULL, NULL, NULL, NULL, NULL, NULL, NULL, 'uploads/Stu-img/436(3).jpg', '', NULL, NULL, NULL, NULL, NULL, NULL, ''),
(567, 1, 3, 6, 437, '', NULL, NULL, NULL, NULL, NULL, NULL, NULL, NULL, NULL, NULL, NULL, NULL, NULL, NULL, NULL, 'uploads/Stu-img/437(3).jpg', '', NULL, NULL, NULL, NULL, NULL, NULL, ''),
(568, 1, 3, 6, 438, '', NULL, NULL, NULL, NULL, NULL, NULL, NULL, NULL, NULL, NULL, NULL, NULL, NULL, NULL, NULL, 'uploads/Stu-img/438(3).jpg', '', NULL, NULL, NULL, NULL, NULL, NULL, ''),
(569, 1, 3, 6, 439, '', NULL, NULL, NULL, NULL, NULL, NULL, NULL, NULL, NULL, NULL, NULL, NULL, NULL, NULL, NULL, 'uploads/Stu-img/439(3).jpg', '', NULL, NULL, NULL, NULL, NULL, NULL, ''),
(570, 1, 3, 6, 440, '', NULL, NULL, NULL, NULL, NULL, NULL, NULL, NULL, NULL, NULL, NULL, NULL, NULL, NULL, NULL, 'uploads/Stu-img/440(3).jpg', '', NULL, NULL, NULL, NULL, NULL, NULL, ''),
(571, 1, 3, 6, 441, '', NULL, NULL, NULL, NULL, NULL, NULL, NULL, NULL, NULL, NULL, NULL, NULL, NULL, NULL, NULL, 'uploads/Stu-img/441(3).jpg', '', NULL, NULL, NULL, NULL, NULL, NULL, ''),
(572, 1, 3, 6, 442, '', NULL, NULL, NULL, NULL, NULL, NULL, NULL, NULL, NULL, NULL, NULL, NULL, NULL, NULL, NULL, 'uploads/Stu-img/442(3).jpg', '', NULL, NULL, NULL, NULL, NULL, NULL, ''),
(573, 1, 3, 6, 443, '', NULL, NULL, NULL, NULL, NULL, NULL, NULL, NULL, NULL, NULL, NULL, NULL, NULL, NULL, NULL, 'uploads/Stu-img/443(3).jpg', '', NULL, NULL, NULL, NULL, NULL, NULL, ''),
(574, 1, 3, 6, 444, '', NULL, NULL, NULL, NULL, NULL, NULL, NULL, NULL, NULL, NULL, NULL, NULL, NULL, NULL, NULL, 'uploads/Stu-img/444(3).jpg', '', NULL, NULL, NULL, NULL, NULL, NULL, ''),
(575, 1, 3, 6, 445, '', NULL, NULL, NULL, NULL, NULL, NULL, NULL, NULL, NULL, NULL, NULL, NULL, NULL, NULL, NULL, 'uploads/Stu-img/445(3).jpg', '', NULL, NULL, NULL, NULL, NULL, NULL, ''),
(576, 1, 3, 6, 446, '', NULL, NULL, NULL, NULL, NULL, NULL, NULL, NULL, NULL, NULL, NULL, NULL, NULL, NULL, NULL, 'uploads/Stu-img/446(3).jpg', '', NULL, NULL, NULL, NULL, NULL, NULL, ''),
(577, 1, 3, 6, 447, '', NULL, NULL, NULL, NULL, NULL, NULL, NULL, NULL, NULL, NULL, NULL, NULL, NULL, NULL, NULL, 'uploads/Stu-img/447(3).jpg', '', NULL, NULL, NULL, NULL, NULL, NULL, ''),
(578, 1, 3, 6, 448, '', NULL, NULL, NULL, NULL, NULL, NULL, NULL, NULL, NULL, NULL, NULL, NULL, NULL, NULL, NULL, 'uploads/Stu-img/448(3).jpg', '', NULL, NULL, NULL, NULL, NULL, NULL, ''),
(579, 1, 3, 6, 449, '', NULL, NULL, NULL, NULL, NULL, NULL, NULL, NULL, NULL, NULL, NULL, NULL, NULL, NULL, NULL, 'uploads/Stu-img/449(3).jpg', '', NULL, NULL, NULL, NULL, NULL, NULL, ''),
(580, 1, 3, 6, 450, '', NULL, NULL, NULL, NULL, NULL, NULL, NULL, NULL, NULL, NULL, NULL, NULL, NULL, NULL, NULL, 'uploads/Stu-img/450(3).jpg', '', NULL, NULL, NULL, NULL, NULL, NULL, ''),
(581, 1, 3, 6, 451, '', NULL, NULL, NULL, NULL, NULL, NULL, NULL, NULL, NULL, NULL, NULL, NULL, NULL, NULL, NULL, 'uploads/Stu-img/451(3).jpg', '', NULL, NULL, NULL, NULL, NULL, NULL, ''),
(582, 1, 3, 6, 452, '', NULL, NULL, NULL, NULL, NULL, NULL, NULL, NULL, NULL, NULL, NULL, NULL, NULL, NULL, NULL, 'uploads/Stu-img/452(3).jpg', '', NULL, NULL, NULL, NULL, NULL, NULL, ''),
(583, 1, 3, 6, 453, '', NULL, NULL, NULL, NULL, NULL, NULL, NULL, NULL, NULL, NULL, NULL, NULL, NULL, NULL, NULL, 'uploads/Stu-img/453(3).jpg', '', NULL, NULL, NULL, NULL, NULL, NULL, ''),
(584, 1, 3, 6, 454, '', NULL, NULL, NULL, NULL, NULL, NULL, NULL, NULL, NULL, NULL, NULL, NULL, NULL, NULL, NULL, 'uploads/Stu-img/454(3).jpg', '', NULL, NULL, NULL, NULL, NULL, NULL, ''),
(585, 1, 3, 6, 455, '', NULL, NULL, NULL, NULL, NULL, NULL, NULL, NULL, NULL, NULL, NULL, NULL, NULL, NULL, NULL, 'uploads/Stu-img/455(3).jpg', '', NULL, NULL, NULL, NULL, NULL, NULL, ''),
(586, 1, 3, 6, 456, '', NULL, NULL, NULL, NULL, NULL, NULL, NULL, NULL, NULL, NULL, NULL, NULL, NULL, NULL, NULL, 'uploads/Stu-img/456(3).jpg', '', NULL, NULL, NULL, NULL, NULL, NULL, ''),
(587, 1, 3, 6, 457, '', NULL, NULL, NULL, NULL, NULL, NULL, NULL, NULL, NULL, NULL, NULL, NULL, NULL, NULL, NULL, 'uploads/Stu-img/457(3).jpg', '', NULL, NULL, NULL, NULL, NULL, NULL, ''),
(588, 1, 3, 6, 458, '', NULL, NULL, NULL, NULL, NULL, NULL, NULL, NULL, NULL, NULL, NULL, NULL, NULL, NULL, NULL, 'uploads/Stu-img/458(3).jpg', '', NULL, NULL, NULL, NULL, NULL, NULL, ''),
(589, 1, 3, 6, 459, '', NULL, NULL, NULL, NULL, NULL, NULL, NULL, NULL, NULL, NULL, NULL, NULL, NULL, NULL, NULL, 'uploads/Stu-img/459(3).jpg', '', NULL, NULL, NULL, NULL, NULL, NULL, ''),
(590, 1, 3, 6, 460, '', NULL, NULL, NULL, NULL, NULL, NULL, NULL, NULL, NULL, NULL, NULL, NULL, NULL, NULL, NULL, 'uploads/Stu-img/460(3).jpg', '', NULL, NULL, NULL, NULL, NULL, NULL, ''),
(591, 1, 3, 6, 461, '', NULL, NULL, NULL, NULL, NULL, NULL, NULL, NULL, NULL, NULL, NULL, NULL, NULL, NULL, NULL, 'uploads/Stu-img/461(3).jpg', '', NULL, NULL, NULL, NULL, NULL, NULL, ''),
(592, 1, 3, 6, 462, '', NULL, NULL, NULL, NULL, NULL, NULL, NULL, NULL, NULL, NULL, NULL, NULL, NULL, NULL, NULL, 'uploads/Stu-img/462(3).jpg', '', NULL, NULL, NULL, NULL, NULL, NULL, ''),
(593, 1, 3, 6, 463, '', NULL, NULL, NULL, NULL, NULL, NULL, NULL, NULL, NULL, NULL, NULL, NULL, NULL, NULL, NULL, 'uploads/Stu-img/463(3).jpg', '', NULL, NULL, NULL, NULL, NULL, NULL, ''),
(594, 1, 3, 6, 464, '', NULL, NULL, NULL, NULL, NULL, NULL, NULL, NULL, NULL, NULL, NULL, NULL, NULL, NULL, NULL, 'uploads/Stu-img/464(3).jpg', '', NULL, NULL, NULL, NULL, NULL, NULL, ''),
(595, 1, 3, 6, 465, '', NULL, NULL, NULL, NULL, NULL, NULL, NULL, NULL, NULL, NULL, NULL, NULL, NULL, NULL, NULL, 'uploads/Stu-img/465(3).jpg', '', NULL, NULL, NULL, NULL, NULL, NULL, ''),
(596, 1, 3, 6, 466, '', NULL, NULL, NULL, NULL, NULL, NULL, NULL, NULL, NULL, NULL, NULL, NULL, NULL, NULL, NULL, 'uploads/Stu-img/466(3).jpg', '', NULL, NULL, NULL, NULL, NULL, NULL, ''),
(597, 1, 3, 6, 467, '', NULL, NULL, NULL, NULL, NULL, NULL, NULL, NULL, NULL, NULL, NULL, NULL, NULL, NULL, NULL, 'uploads/Stu-img/467(3).jpg', '', NULL, NULL, NULL, NULL, NULL, NULL, ''),
(598, 1, 3, 6, 468, '', NULL, NULL, NULL, NULL, NULL, NULL, NULL, NULL, NULL, NULL, NULL, NULL, NULL, NULL, NULL, 'uploads/Stu-img/468(3).jpg', '', NULL, NULL, NULL, NULL, NULL, NULL, ''),
(599, 1, 3, 6, 469, '', NULL, NULL, NULL, NULL, NULL, NULL, NULL, NULL, NULL, NULL, NULL, NULL, NULL, NULL, NULL, 'uploads/Stu-img/469(3).jpg', '', NULL, NULL, NULL, NULL, NULL, NULL, ''),
(600, 1, 3, 6, 470, '', NULL, NULL, NULL, NULL, NULL, NULL, NULL, NULL, NULL, NULL, NULL, NULL, NULL, NULL, NULL, 'uploads/Stu-img/470(3).jpg', '', NULL, NULL, NULL, NULL, NULL, NULL, ''),
(601, 1, 3, 6, 471, '', NULL, NULL, NULL, NULL, NULL, NULL, NULL, NULL, NULL, NULL, NULL, NULL, NULL, NULL, NULL, 'uploads/Stu-img/471(3).jpg', '', NULL, NULL, NULL, NULL, NULL, NULL, ''),
(602, 1, 3, 6, 472, '', NULL, NULL, NULL, NULL, NULL, NULL, NULL, NULL, NULL, NULL, NULL, NULL, NULL, NULL, NULL, 'uploads/Stu-img/472(3).jpg', '', NULL, NULL, NULL, NULL, NULL, NULL, ''),
(603, 1, 3, 6, 473, '', NULL, NULL, NULL, NULL, NULL, NULL, NULL, NULL, NULL, NULL, NULL, NULL, NULL, NULL, NULL, 'uploads/Stu-img/473(3).jpg', '', NULL, NULL, NULL, NULL, NULL, NULL, ''),
(604, 1, 3, 6, 474, '', NULL, NULL, NULL, NULL, NULL, NULL, NULL, NULL, NULL, NULL, NULL, NULL, NULL, NULL, NULL, 'uploads/Stu-img/474(3).jpg', '', NULL, NULL, NULL, NULL, NULL, NULL, ''),
(605, 1, 3, 6, 475, '', NULL, NULL, NULL, NULL, NULL, NULL, NULL, NULL, NULL, NULL, NULL, NULL, NULL, NULL, NULL, 'uploads/Stu-img/475(3).jpg', '', NULL, NULL, NULL, NULL, NULL, NULL, ''),
(606, 1, 3, 6, 476, '', NULL, NULL, NULL, NULL, NULL, NULL, NULL, NULL, NULL, NULL, NULL, NULL, NULL, NULL, NULL, 'uploads/Stu-img/476(3).jpg', '', NULL, NULL, NULL, NULL, NULL, NULL, ''),
(607, 1, 3, 6, 477, '', NULL, NULL, NULL, NULL, NULL, NULL, NULL, NULL, NULL, NULL, NULL, NULL, NULL, NULL, NULL, 'uploads/Stu-img/477(3).jpg', '', NULL, NULL, NULL, NULL, NULL, NULL, ''),
(608, 1, 3, 6, 478, '', NULL, NULL, NULL, NULL, NULL, NULL, NULL, NULL, NULL, NULL, NULL, NULL, NULL, NULL, NULL, 'uploads/Stu-img/478(3).jpg', '', NULL, NULL, NULL, NULL, NULL, NULL, ''),
(609, 1, 3, 6, 479, '', NULL, NULL, NULL, NULL, NULL, NULL, NULL, NULL, NULL, NULL, NULL, NULL, NULL, NULL, NULL, 'uploads/Stu-img/479(3).jpg', '', NULL, NULL, NULL, NULL, NULL, NULL, ''),
(610, 1, 3, 6, 480, '', NULL, NULL, NULL, NULL, NULL, NULL, NULL, NULL, NULL, NULL, NULL, NULL, NULL, NULL, NULL, 'uploads/Stu-img/480(3).jpg', '', NULL, NULL, NULL, NULL, NULL, NULL, ''),
(611, 1, 3, 6, 481, '', NULL, NULL, NULL, NULL, NULL, NULL, NULL, NULL, NULL, NULL, NULL, NULL, NULL, NULL, NULL, 'uploads/Stu-img/481(3).jpg', '', NULL, NULL, NULL, NULL, NULL, NULL, ''),
(612, 1, 3, 6, 482, '', NULL, NULL, NULL, NULL, NULL, NULL, NULL, NULL, NULL, NULL, NULL, NULL, NULL, NULL, NULL, 'uploads/Stu-img/482(3).jpg', '', NULL, NULL, NULL, NULL, NULL, NULL, ''),
(613, 1, 3, 6, 483, '', NULL, NULL, NULL, NULL, NULL, NULL, NULL, NULL, NULL, NULL, NULL, NULL, NULL, NULL, NULL, 'uploads/Stu-img/483(3).jpg', '', NULL, NULL, NULL, NULL, NULL, NULL, ''),
(614, 1, 3, 6, 484, '', NULL, NULL, NULL, NULL, NULL, NULL, NULL, NULL, NULL, NULL, NULL, NULL, NULL, NULL, NULL, 'uploads/Stu-img/484(3).jpg', '', NULL, NULL, NULL, NULL, NULL, NULL, ''),
(615, 1, 3, 6, 485, '', NULL, NULL, NULL, NULL, NULL, NULL, NULL, NULL, NULL, NULL, NULL, NULL, NULL, NULL, NULL, 'uploads/Stu-img/485(3).jpg', '', NULL, NULL, NULL, NULL, NULL, NULL, ''),
(616, 1, 3, 6, 486, '', NULL, NULL, NULL, NULL, NULL, NULL, NULL, NULL, NULL, NULL, NULL, NULL, NULL, NULL, NULL, 'uploads/Stu-img/486(3).jpg', '', NULL, NULL, NULL, NULL, NULL, NULL, ''),
(617, 1, 3, 6, 487, '', NULL, NULL, NULL, NULL, NULL, NULL, NULL, NULL, NULL, NULL, NULL, NULL, NULL, NULL, NULL, 'uploads/Stu-img/487(3).jpg', '', NULL, NULL, NULL, NULL, NULL, NULL, ''),
(618, 1, 3, 6, 488, '', NULL, NULL, NULL, NULL, NULL, NULL, NULL, NULL, NULL, NULL, NULL, NULL, NULL, NULL, NULL, 'uploads/Stu-img/488(3).jpg', '', NULL, NULL, NULL, NULL, NULL, NULL, ''),
(619, 1, 3, 6, 489, '', NULL, NULL, NULL, NULL, NULL, NULL, NULL, NULL, NULL, NULL, NULL, NULL, NULL, NULL, NULL, 'uploads/Stu-img/489(3).jpg', '', NULL, NULL, NULL, NULL, NULL, NULL, ''),
(620, 1, 3, 6, 490, '', NULL, NULL, NULL, NULL, NULL, NULL, NULL, NULL, NULL, NULL, NULL, NULL, NULL, NULL, NULL, 'uploads/Stu-img/490(3).jpg', '', NULL, NULL, NULL, NULL, NULL, NULL, ''),
(621, 1, 3, 6, 491, '', NULL, NULL, NULL, NULL, NULL, NULL, NULL, NULL, NULL, NULL, NULL, NULL, NULL, NULL, NULL, 'uploads/Stu-img/491(3).jpg', '', NULL, NULL, NULL, NULL, NULL, NULL, ''),
(622, 1, 3, 6, 492, '', NULL, NULL, NULL, NULL, NULL, NULL, NULL, NULL, NULL, NULL, NULL, NULL, NULL, NULL, NULL, 'uploads/Stu-img/492(3).jpg', '', NULL, NULL, NULL, NULL, NULL, NULL, ''),
(623, 1, 3, 6, 493, '', NULL, NULL, NULL, NULL, NULL, NULL, NULL, NULL, NULL, NULL, NULL, NULL, NULL, NULL, NULL, 'uploads/Stu-img/493(3).jpg', '', NULL, NULL, NULL, NULL, NULL, NULL, ''),
(624, 1, 3, 6, 494, '', NULL, NULL, NULL, NULL, NULL, NULL, NULL, NULL, NULL, NULL, NULL, NULL, NULL, NULL, NULL, 'uploads/Stu-img/494(3).jpg', '', NULL, NULL, NULL, NULL, NULL, NULL, ''),
(625, 1, 3, 6, 495, '', NULL, NULL, NULL, NULL, NULL, NULL, NULL, NULL, NULL, NULL, NULL, NULL, NULL, NULL, NULL, 'uploads/Stu-img/495(3).jpg', '', NULL, NULL, NULL, NULL, NULL, NULL, ''),
(626, 1, 3, 6, 496, '', NULL, NULL, NULL, NULL, NULL, NULL, NULL, NULL, NULL, NULL, NULL, NULL, NULL, NULL, NULL, 'uploads/Stu-img/496(3).jpg', '', NULL, NULL, NULL, NULL, NULL, NULL, ''),
(627, 1, 3, 6, 497, '', NULL, NULL, NULL, NULL, NULL, NULL, NULL, NULL, NULL, NULL, NULL, NULL, NULL, NULL, NULL, 'uploads/Stu-img/497(3).jpg', '', NULL, NULL, NULL, NULL, NULL, NULL, ''),
(628, 1, 3, 6, 498, '', NULL, NULL, NULL, NULL, NULL, NULL, NULL, NULL, NULL, NULL, NULL, NULL, NULL, NULL, NULL, 'uploads/Stu-img/498(3).jpg', '', NULL, NULL, NULL, NULL, NULL, NULL, ''),
(629, 1, 3, 6, 499, '', NULL, NULL, NULL, NULL, NULL, NULL, NULL, NULL, NULL, NULL, NULL, NULL, NULL, NULL, NULL, 'uploads/Stu-img/499(3).jpg', '', NULL, NULL, NULL, NULL, NULL, NULL, ''),
(630, 1, 3, 6, 500, '', NULL, NULL, NULL, NULL, NULL, NULL, NULL, NULL, NULL, NULL, NULL, NULL, NULL, NULL, NULL, 'uploads/Stu-img/500(3).jpg', '', NULL, NULL, NULL, NULL, NULL, NULL, ''),
(631, 1, 3, 6, 1, '', '117,118', NULL, 'কাচ্চ', 'ufd', 'জাকা', 'জাকা', 'পুরুষ', 'O+', 2147483647, '2025-12-02', 'ইসলাম', 'jamal@gmail.com', 'পিতা', 'হাকাবর', '01833777826', 'uploads/Stu-img/student_1764615863_8817.jpg', 'uploads/stu-sig/signature_1764615863_8796.jpg', 1, 1, 4, '9', 'মোহরাকাটা', 'Pending', ''),
(632, 1, 3, 6, 43, '', '267,268', 304, 'কাচ্চ', 'ufd', 'জাকা', 'জাকা', 'পুরুষ', 'O+', 2147483647, '2025-12-26', 'ইসলাম', 'jama41l@gmail.com', 'পিতা', 'হাকাবর', '01833777826', 'uploads/Stu-img/student_1764616546_8499.jpg', 'uploads/stu-sig/signature_1764616546_9770.jpg', 1, 1, 4, '8', 'মোহরাকাটা', 'Pending', ''),
(633, 1, 2, 6, 25, '', '253,254', 286, 'কাচ্চ', 'ufd', 'জাকা', 'জাকা', 'পুরুষ', 'O-', 2147483647, '2025-12-19', 'ইসলাম', 'ja444al@gmail.com', 'পিতা', 'হাকাবর', '01833777826', 'uploads/Stu-img/student_1764616920_3099.jpg', 'uploads/stu-sig/signature_1764616920_7722.jpg', 1, 1, 1, '2', 'মোহরাকাটা', 'Pending', ''),
(634, 1, 1, 6, 324, '101,102', '176,177', 265, 'কাচ্চ', 'ufd', 'জাকা', 'জাকা', 'পুরুষ', 'A+', 2147483647, '2025-12-02', 'ইসলাম', 'ja78758al@gmail.com', 'পিতা', 'হাকাবর', '01833777826', 'uploads/Stu-img/student_1764617214_8819.jpg', 'uploads/stu-sig/signature_1764617214_3783.jpg', 1, 1, 4, '8', 'মোহরাকাটা', 'Pending', '');

-- --------------------------------------------------------

--
-- Table structure for table `subjects_list`
--

CREATE TABLE `subjects_list` (
  `id` int(11) NOT NULL,
  `subject_code` int(255) DEFAULT NULL,
  `Subject_Paper_major_name` varchar(255) NOT NULL,
  `Subject_Paper_code` varchar(255) NOT NULL,
  `Subject_Paper_major_code` int(100) DEFAULT NULL,
  `Subject_Type` enum('Mandatory_Subject','Group_wise_Subject') DEFAULT NULL,
  `department_id` int(11) DEFAULT NULL
) ENGINE=InnoDB DEFAULT CHARSET=utf8mb4 COLLATE=utf8mb4_general_ci;

--
-- Dumping data for table `subjects_list`
--

INSERT INTO `subjects_list` (`id`, `subject_code`, `Subject_Paper_major_name`, `Subject_Paper_code`, `Subject_Paper_major_code`, `Subject_Type`, `department_id`) VALUES
(120, 101, 'বাংলা', '১ম পত্র', 101, 'Mandatory_Subject', 1),
(121, 101, 'বাংলা', '১ম পত্র', 101, 'Mandatory_Subject', 2),
(122, 101, 'বাংলা', '১ম পত্র', 101, 'Mandatory_Subject', 3),
(123, 102, 'বাংলা', '২য় পত্র', 101, 'Mandatory_Subject', 1),
(124, 102, 'বাংলা', '২য় পত্র', 101, 'Mandatory_Subject', 2),
(125, 102, 'বাংলা', '২য় পত্র', 101, 'Mandatory_Subject', 3),
(126, 107, 'ইংরেজী', '১ম পত্র', 107, 'Mandatory_Subject', 1),
(127, 107, 'ইংরেজী', '১ম পত্র', 107, 'Mandatory_Subject', 2),
(128, 107, 'ইংরেজী', '১ম পত্র', 107, 'Mandatory_Subject', 3),
(129, 108, 'ইংরেজী', '২য় পত্র', 107, 'Mandatory_Subject', 1),
(130, 108, 'ইংরেজী', '২য় পত্র', 107, 'Mandatory_Subject', 2),
(131, 108, 'ইংরেজী', '২য় পত্র', 107, 'Mandatory_Subject', 3),
(132, 275, 'আইসিটি', '', 275, 'Mandatory_Subject', 1),
(133, 275, 'আইসিটি', '', 275, 'Mandatory_Subject', 2),
(134, 275, 'আইসিটি', '', 275, 'Mandatory_Subject', 3),
(135, 121, 'যুক্তিবিদ্যা', '১ম পত্র', 121, 'Group_wise_Subject', 3),
(136, 122, 'যুক্তিবিদ্যা', '২য় পত্র', 121, 'Group_wise_Subject', 3),
(137, 267, 'ইসলামের ইতিহাস ও সংস্কৃতি', '১ম পত্র', 267, 'Group_wise_Subject', 3),
(138, 268, 'ইসলামের ইতিহাস ও সংস্কৃতি', '২য় পত্র', 267, 'Group_wise_Subject', 3),
(139, 109, 'অর্থনীতি', '১ম পত্র', 109, 'Group_wise_Subject', 3),
(140, 110, 'অর্থনীতি', '২য় পত্র', 109, 'Group_wise_Subject', 3),
(141, 269, 'পৌরনীতি ও সুশাসন', '১ম পত্র', 269, 'Group_wise_Subject', 3),
(142, 270, 'পৌরনীতি ও সুশাসন', '২য় পত্র', 269, 'Group_wise_Subject', 3),
(143, 249, 'ইসলাম শিক্ষা', '১ম পত্র', 249, 'Group_wise_Subject', 3),
(144, 250, 'ইসলাম শিক্ষা', '২য় পত্র', 249, 'Group_wise_Subject', 3),
(145, 117, 'সমাজবিজ্ঞান', '১ম পত্র', 117, 'Group_wise_Subject', 3),
(146, 118, 'সমাজবিজ্ঞান', '২য় পত্র', 117, 'Group_wise_Subject', 3),
(147, 304, 'ইতিহাস', '১ম পত্র', 304, 'Group_wise_Subject', 3),
(148, 305, 'ইতিহাস', '২য় পত্র', 304, 'Group_wise_Subject', 3),
(149, 286, 'উৎপাদন ব্যবস্থাপনা ও বিপণন', '১ম পত্র', 286, 'Group_wise_Subject', 2),
(150, 287, 'উৎপাদন ব্যবস্থাপনা ও বিপণন', '২য় পত্র', 286, 'Group_wise_Subject', 2),
(151, 277, 'ব্যবসায় সংগঠন ও ব্যবস্থাপনা', '১ম পত্র', 277, 'Group_wise_Subject', 2),
(152, 278, 'ব্যবসায় সংগঠন ও ব্যবস্থাপনা', '২য় পত্র', 277, 'Group_wise_Subject', 2),
(153, 253, 'হিসাববিজ্ঞান', '১ম পত্র', 253, 'Group_wise_Subject', 2),
(154, 254, 'হিসাববিজ্ঞান', '২য় পত্র', 253, 'Group_wise_Subject', 2),
(155, 109, 'অর্থনীতি', '১ম পত্র', 109, 'Group_wise_Subject', 2),
(156, 110, 'অর্থনীতি', '২য় পত্র', 109, 'Group_wise_Subject', 2),
(157, 174, 'পদার্থবিজ্ঞান', '১ম পত্র', 174, 'Group_wise_Subject', 1),
(158, 175, 'পদার্থবিজ্ঞান', '২য় পত্র', 174, 'Group_wise_Subject', 1),
(159, 176, 'রসায়ন', '১ম পত্র', 176, 'Group_wise_Subject', 1),
(160, 177, 'রসায়ন', '২য় পত্র', 176, 'Group_wise_Subject', 1),
(161, 178, 'জীববিজ্ঞান', '১ম পত্র', 178, 'Group_wise_Subject', 1),
(162, 179, 'জীববিজ্ঞান', '২য় পত্র', 178, 'Group_wise_Subject', 1),
(163, 265, 'উচ্চতর গণিত', '১ম পত্র', 265, 'Group_wise_Subject', 1),
(164, 266, 'উচ্চতর গণিত', '২য় পত্র', 265, 'Group_wise_Subject', 1);

-- --------------------------------------------------------

--
-- Table structure for table `thana_or_upzilla_list`
--

CREATE TABLE `thana_or_upzilla_list` (
  `id` int(11) NOT NULL,
  `thana_or_upzilla_name` varchar(255) NOT NULL,
  `zilla_list_id` int(11) NOT NULL
) ENGINE=InnoDB DEFAULT CHARSET=utf8mb4 COLLATE=utf8mb4_general_ci;

--
-- Dumping data for table `thana_or_upzilla_list`
--

INSERT INTO `thana_or_upzilla_list` (`id`, `thana_or_upzilla_name`, `zilla_list_id`) VALUES
(1, 'মহেশখালী', 1);

-- --------------------------------------------------------

--
-- Table structure for table `union_pouroshaba_city_corporation_list`
--

CREATE TABLE `union_pouroshaba_city_corporation_list` (
  `id` int(11) NOT NULL,
  `name` varchar(255) NOT NULL,
  `thana_or_upzilla_list_id` int(11) NOT NULL
) ENGINE=InnoDB DEFAULT CHARSET=utf8mb4 COLLATE=utf8mb4_general_ci;

--
-- Dumping data for table `union_pouroshaba_city_corporation_list`
--

INSERT INTO `union_pouroshaba_city_corporation_list` (`id`, `name`, `thana_or_upzilla_list_id`) VALUES
(1, 'পৌরসভা', 1),
(2, 'বড় মহেশখালী', 1),
(3, 'হোয়ানক', 1),
(4, 'কালামারছড়া', 1),
(5, 'মাতারবাড়ী', 1),
(6, 'ধলঘাটা', 1),
(7, 'শাপলাপুর', 1),
(8, 'ছোট মহেশখালী', 1),
(9, 'কুতুবজোম', 1);

-- --------------------------------------------------------

--
-- Table structure for table `users`
--

CREATE TABLE `users` (
  `id` int(11) NOT NULL,
  `full_name` varchar(255) NOT NULL,
  `username` varchar(100) NOT NULL,
  `password` varchar(255) NOT NULL,
  `role` varchar(50) NOT NULL
) ENGINE=InnoDB DEFAULT CHARSET=utf8mb4 COLLATE=utf8mb4_general_ci;

--
-- Dumping data for table `users`
--

INSERT INTO `users` (`id`, `full_name`, `username`, `password`, `role`) VALUES
(1, 'Admin', 'admin', 'admin', 'Admin');

-- --------------------------------------------------------

--
-- Table structure for table `zilla_list`
--

CREATE TABLE `zilla_list` (
  `id` int(11) NOT NULL,
  `zilla_name` varchar(255) NOT NULL
) ENGINE=InnoDB DEFAULT CHARSET=utf8mb4 COLLATE=utf8mb4_general_ci;

--
-- Dumping data for table `zilla_list`
--

INSERT INTO `zilla_list` (`id`, `zilla_name`) VALUES
(1, 'কক্সবাজার');

--
-- Indexes for dumped tables
--

--
-- Indexes for table `address_word_no`
--
ALTER TABLE `address_word_no`
  ADD PRIMARY KEY (`id`);

--
-- Indexes for table `class_list`
--
ALTER TABLE `class_list`
  ADD PRIMARY KEY (`id`),
  ADD UNIQUE KEY `Class_Name` (`Class_Name`);

--
-- Indexes for table `department_list`
--
ALTER TABLE `department_list`
  ADD PRIMARY KEY (`id`),
  ADD KEY `class_id` (`class_id`);

--
-- Indexes for table `session_list`
--
ALTER TABLE `session_list`
  ADD PRIMARY KEY (`id`),
  ADD UNIQUE KEY `Session_Name` (`Session_Name`);

--
-- Indexes for table `students_information_list`
--
ALTER TABLE `students_information_list`
  ADD PRIMARY KEY (`id`),
  ADD KEY `class_id` (`class_id`),
  ADD KEY `department_id` (`department_id`),
  ADD KEY `session_id` (`session_id`),
  ADD KEY `zilla_id` (`zilla_id`),
  ADD KEY `thana_id` (`thana_id`),
  ADD KEY `union_id` (`union_id`);

--
-- Indexes for table `subjects_list`
--
ALTER TABLE `subjects_list`
  ADD PRIMARY KEY (`id`),
  ADD KEY `department_id` (`department_id`);

--
-- Indexes for table `thana_or_upzilla_list`
--
ALTER TABLE `thana_or_upzilla_list`
  ADD PRIMARY KEY (`id`),
  ADD KEY `zilla_list_id` (`zilla_list_id`);

--
-- Indexes for table `union_pouroshaba_city_corporation_list`
--
ALTER TABLE `union_pouroshaba_city_corporation_list`
  ADD PRIMARY KEY (`id`),
  ADD KEY `thana_or_upzilla_list_id` (`thana_or_upzilla_list_id`);

--
-- Indexes for table `users`
--
ALTER TABLE `users`
  ADD PRIMARY KEY (`id`),
  ADD UNIQUE KEY `username` (`username`);

--
-- Indexes for table `zilla_list`
--
ALTER TABLE `zilla_list`
  ADD PRIMARY KEY (`id`),
  ADD UNIQUE KEY `zilla_name` (`zilla_name`);

--
-- AUTO_INCREMENT for dumped tables
--

--
-- AUTO_INCREMENT for table `address_word_no`
--
ALTER TABLE `address_word_no`
  MODIFY `id` int(11) NOT NULL AUTO_INCREMENT, AUTO_INCREMENT=11;

--
-- AUTO_INCREMENT for table `class_list`
--
ALTER TABLE `class_list`
  MODIFY `id` int(11) NOT NULL AUTO_INCREMENT, AUTO_INCREMENT=4;

--
-- AUTO_INCREMENT for table `department_list`
--
ALTER TABLE `department_list`
  MODIFY `id` int(11) NOT NULL AUTO_INCREMENT, AUTO_INCREMENT=12;

--
-- AUTO_INCREMENT for table `session_list`
--
ALTER TABLE `session_list`
  MODIFY `id` int(11) NOT NULL AUTO_INCREMENT, AUTO_INCREMENT=7;

--
-- AUTO_INCREMENT for table `students_information_list`
--
ALTER TABLE `students_information_list`
  MODIFY `id` int(11) NOT NULL AUTO_INCREMENT, AUTO_INCREMENT=635;

--
-- AUTO_INCREMENT for table `subjects_list`
--
ALTER TABLE `subjects_list`
  MODIFY `id` int(11) NOT NULL AUTO_INCREMENT, AUTO_INCREMENT=165;

--
-- AUTO_INCREMENT for table `thana_or_upzilla_list`
--
ALTER TABLE `thana_or_upzilla_list`
  MODIFY `id` int(11) NOT NULL AUTO_INCREMENT, AUTO_INCREMENT=2;

--
-- AUTO_INCREMENT for table `union_pouroshaba_city_corporation_list`
--
ALTER TABLE `union_pouroshaba_city_corporation_list`
  MODIFY `id` int(11) NOT NULL AUTO_INCREMENT, AUTO_INCREMENT=10;

--
-- AUTO_INCREMENT for table `users`
--
ALTER TABLE `users`
  MODIFY `id` int(11) NOT NULL AUTO_INCREMENT, AUTO_INCREMENT=2;

--
-- AUTO_INCREMENT for table `zilla_list`
--
ALTER TABLE `zilla_list`
  MODIFY `id` int(11) NOT NULL AUTO_INCREMENT, AUTO_INCREMENT=2;

--
-- Constraints for dumped tables
--

--
-- Constraints for table `department_list`
--
ALTER TABLE `department_list`
  ADD CONSTRAINT `department_list_ibfk_1` FOREIGN KEY (`class_id`) REFERENCES `class_list` (`id`);

--
-- Constraints for table `students_information_list`
--
ALTER TABLE `students_information_list`
  ADD CONSTRAINT `students_information_list_ibfk_1` FOREIGN KEY (`class_id`) REFERENCES `class_list` (`id`),
  ADD CONSTRAINT `students_information_list_ibfk_2` FOREIGN KEY (`department_id`) REFERENCES `department_list` (`id`),
  ADD CONSTRAINT `students_information_list_ibfk_3` FOREIGN KEY (`session_id`) REFERENCES `session_list` (`id`),
  ADD CONSTRAINT `students_information_list_ibfk_4` FOREIGN KEY (`optional_subject_code`) REFERENCES `subject_codes` (`subject_code`),
  ADD CONSTRAINT `students_information_list_ibfk_5` FOREIGN KEY (`zilla_id`) REFERENCES `zilla_list` (`id`),
  ADD CONSTRAINT `students_information_list_ibfk_6` FOREIGN KEY (`thana_id`) REFERENCES `thana_or_upzilla_list` (`id`),
  ADD CONSTRAINT `students_information_list_ibfk_7` FOREIGN KEY (`union_id`) REFERENCES `union_pouroshaba_city_corporation_list` (`id`);

--
-- Constraints for table `subjects_list`
--
ALTER TABLE `subjects_list`
  ADD CONSTRAINT `subjects_list_ibfk_1` FOREIGN KEY (`department_id`) REFERENCES `department_list` (`id`);

--
-- Constraints for table `thana_or_upzilla_list`
--
ALTER TABLE `thana_or_upzilla_list`
  ADD CONSTRAINT `thana_or_upzilla_list_ibfk_1` FOREIGN KEY (`zilla_list_id`) REFERENCES `zilla_list` (`id`);

--
-- Constraints for table `union_pouroshaba_city_corporation_list`
--
ALTER TABLE `union_pouroshaba_city_corporation_list`
  ADD CONSTRAINT `union_pouroshaba_city_corporation_list_ibfk_1` FOREIGN KEY (`thana_or_upzilla_list_id`) REFERENCES `thana_or_upzilla_list` (`id`);
COMMIT;

